{"id":845,"date":"2016-09-26T22:22:52","date_gmt":"2016-09-26T21:22:52","guid":{"rendered":"http:\/\/84310.fr\/jardin-morierois\/?page_id=845"},"modified":"2017-02-13T19:03:29","modified_gmt":"2017-02-13T18:03:29","slug":"permaprojet","status":"publish","type":"page","link":"https:\/\/84310.fr\/jardin-morierois\/permaprojet\/","title":{"rendered":"permaPROJET"},"content":{"rendered":"<p style=\"text-align: left;\"><strong><span style=\"color: #ff0000;\">Le 26 Septembre 2016<\/span><\/strong><\/p>\n<p style=\"text-align: center;\">un coin inutilis\u00e9 du jardin sera parfait pour tenter cette nouvelle exp\u00e9rience<\/p>\n<p><img loading=\"lazy\" decoding=\"async\" class=\"alignnone size-full wp-image-851\" src=\"https:\/\/84310.fr\/jardin-morierois\/wp-content\/uploads\/2016\/09\/DSCN2889.jpg\" alt=\"dscn2889\" width=\"600\" height=\"800\" srcset=\"https:\/\/84310.fr\/jardin-morierois\/wp-content\/uploads\/2016\/09\/DSCN2889.jpg 600w, https:\/\/84310.fr\/jardin-morierois\/wp-content\/uploads\/2016\/09\/DSCN2889-225x300.jpg 225w\" sizes=\"auto, (max-width: 600px) 100vw, 600px\" \/><\/p>\n<p>coinc\u00e9 entre un arbousier, l\u2019Hexagone \u00e0 tomates et le poulailler un des derniers espaces disponibles est r\u00e9quisitionn\u00e9.<img loading=\"lazy\" decoding=\"async\" class=\"alignnone size-full wp-image-852\" src=\"https:\/\/84310.fr\/jardin-morierois\/wp-content\/uploads\/2016\/09\/DSCN2890.jpg\" alt=\"dscn2890\" width=\"800\" height=\"600\" srcset=\"https:\/\/84310.fr\/jardin-morierois\/wp-content\/uploads\/2016\/09\/DSCN2890.jpg 800w, https:\/\/84310.fr\/jardin-morierois\/wp-content\/uploads\/2016\/09\/DSCN2890-300x225.jpg 300w, https:\/\/84310.fr\/jardin-morierois\/wp-content\/uploads\/2016\/09\/DSCN2890-768x576.jpg 768w\" sizes=\"auto, (max-width: 800px) 100vw, 800px\" \/><\/p>\n<p>Cout du projet : <span style=\"color: #ff0000;\"><strong>Z\u00e9ro Euro !!!<\/strong><\/span><br \/>\nde vielles planches qui attendaient sagement de servir de combustible pour la prochaine soupe des voisins ( c&rsquo;est pour bient\u00f4t !!! ) vont finalement servir de guide, de d\u00e9limitation.<\/p>\n<p><img loading=\"lazy\" decoding=\"async\" class=\"alignnone size-full wp-image-853\" src=\"https:\/\/84310.fr\/jardin-morierois\/wp-content\/uploads\/2016\/09\/DSCN2891.jpg\" alt=\"dscn2891\" width=\"800\" height=\"600\" srcset=\"https:\/\/84310.fr\/jardin-morierois\/wp-content\/uploads\/2016\/09\/DSCN2891.jpg 800w, https:\/\/84310.fr\/jardin-morierois\/wp-content\/uploads\/2016\/09\/DSCN2891-300x225.jpg 300w, https:\/\/84310.fr\/jardin-morierois\/wp-content\/uploads\/2016\/09\/DSCN2891-768x576.jpg 768w\" sizes=\"auto, (max-width: 800px) 100vw, 800px\" \/><\/p>\n<p>sous l\u2019\u0153il attentif des volailles curieuses ..<img loading=\"lazy\" decoding=\"async\" class=\"alignnone size-full wp-image-854\" src=\"https:\/\/84310.fr\/jardin-morierois\/wp-content\/uploads\/2016\/09\/DSCN2892.jpg\" alt=\"dscn2892\" width=\"800\" height=\"600\" srcset=\"https:\/\/84310.fr\/jardin-morierois\/wp-content\/uploads\/2016\/09\/DSCN2892.jpg 800w, https:\/\/84310.fr\/jardin-morierois\/wp-content\/uploads\/2016\/09\/DSCN2892-300x225.jpg 300w, https:\/\/84310.fr\/jardin-morierois\/wp-content\/uploads\/2016\/09\/DSCN2892-768x576.jpg 768w\" sizes=\"auto, (max-width: 800px) 100vw, 800px\" \/><\/p>\n<p>le montage est rapidement r\u00e9alis\u00e9<img loading=\"lazy\" decoding=\"async\" class=\"alignnone size-full wp-image-855\" src=\"https:\/\/84310.fr\/jardin-morierois\/wp-content\/uploads\/2016\/09\/DSCN2893.jpg\" alt=\"dscn2893\" width=\"800\" height=\"600\" srcset=\"https:\/\/84310.fr\/jardin-morierois\/wp-content\/uploads\/2016\/09\/DSCN2893.jpg 800w, https:\/\/84310.fr\/jardin-morierois\/wp-content\/uploads\/2016\/09\/DSCN2893-300x225.jpg 300w, https:\/\/84310.fr\/jardin-morierois\/wp-content\/uploads\/2016\/09\/DSCN2893-768x576.jpg 768w\" sizes=\"auto, (max-width: 800px) 100vw, 800px\" \/><\/p>\n<p>&nbsp;<\/p>\n<p><img loading=\"lazy\" decoding=\"async\" class=\"alignnone size-full wp-image-858\" src=\"https:\/\/84310.fr\/jardin-morierois\/wp-content\/uploads\/2016\/09\/DSCN2896.jpg\" alt=\"dscn2896\" width=\"800\" height=\"600\" srcset=\"https:\/\/84310.fr\/jardin-morierois\/wp-content\/uploads\/2016\/09\/DSCN2896.jpg 800w, https:\/\/84310.fr\/jardin-morierois\/wp-content\/uploads\/2016\/09\/DSCN2896-300x225.jpg 300w, https:\/\/84310.fr\/jardin-morierois\/wp-content\/uploads\/2016\/09\/DSCN2896-768x576.jpg 768w\" sizes=\"auto, (max-width: 800px) 100vw, 800px\" \/> le cadre termin\u00e9 &#8230; <img loading=\"lazy\" decoding=\"async\" class=\"alignnone size-full wp-image-860\" src=\"https:\/\/84310.fr\/jardin-morierois\/wp-content\/uploads\/2016\/09\/DSCN2898.jpg\" alt=\"dscn2898\" width=\"800\" height=\"600\" srcset=\"https:\/\/84310.fr\/jardin-morierois\/wp-content\/uploads\/2016\/09\/DSCN2898.jpg 800w, https:\/\/84310.fr\/jardin-morierois\/wp-content\/uploads\/2016\/09\/DSCN2898-300x225.jpg 300w, https:\/\/84310.fr\/jardin-morierois\/wp-content\/uploads\/2016\/09\/DSCN2898-768x576.jpg 768w\" sizes=\"auto, (max-width: 800px) 100vw, 800px\" \/>\u00a0 comme on peut le voir, le terrain est laiss\u00e9 tel quel &#8230;aucun travail de pr\u00e9paration.<\/p>\n<p>j&rsquo;ai m\u00eame laiss\u00e9 au fond des morceaux de madrier qui \u00e9taient pourris, \u00a0 <img loading=\"lazy\" decoding=\"async\" class=\"alignnone size-full wp-image-863\" src=\"https:\/\/84310.fr\/jardin-morierois\/wp-content\/uploads\/2016\/09\/DSCN2901.jpg\" alt=\"dscn2901\" width=\"800\" height=\"600\" srcset=\"https:\/\/84310.fr\/jardin-morierois\/wp-content\/uploads\/2016\/09\/DSCN2901.jpg 800w, https:\/\/84310.fr\/jardin-morierois\/wp-content\/uploads\/2016\/09\/DSCN2901-300x225.jpg 300w, https:\/\/84310.fr\/jardin-morierois\/wp-content\/uploads\/2016\/09\/DSCN2901-768x576.jpg 768w\" sizes=\"auto, (max-width: 800px) 100vw, 800px\" \/>\u00a0\u00a0 un bon arrosage ..<img loading=\"lazy\" decoding=\"async\" class=\"alignnone size-full wp-image-866\" src=\"https:\/\/84310.fr\/jardin-morierois\/wp-content\/uploads\/2016\/09\/DSCN2904.jpg\" alt=\"dscn2904\" width=\"800\" height=\"600\" srcset=\"https:\/\/84310.fr\/jardin-morierois\/wp-content\/uploads\/2016\/09\/DSCN2904.jpg 800w, https:\/\/84310.fr\/jardin-morierois\/wp-content\/uploads\/2016\/09\/DSCN2904-300x225.jpg 300w, https:\/\/84310.fr\/jardin-morierois\/wp-content\/uploads\/2016\/09\/DSCN2904-768x576.jpg 768w\" sizes=\"auto, (max-width: 800px) 100vw, 800px\" \/>\u00a0 il s&rsquo;en suit une couche de carton de r\u00e9cup ( dont le scotch a \u00e9t\u00e9 enlev\u00e9 )\u00a0 <img loading=\"lazy\" decoding=\"async\" class=\"alignnone size-full wp-image-869\" src=\"https:\/\/84310.fr\/jardin-morierois\/wp-content\/uploads\/2016\/09\/DSCN2907.jpg\" alt=\"dscn2907\" width=\"800\" height=\"600\" srcset=\"https:\/\/84310.fr\/jardin-morierois\/wp-content\/uploads\/2016\/09\/DSCN2907.jpg 800w, https:\/\/84310.fr\/jardin-morierois\/wp-content\/uploads\/2016\/09\/DSCN2907-300x225.jpg 300w, https:\/\/84310.fr\/jardin-morierois\/wp-content\/uploads\/2016\/09\/DSCN2907-768x576.jpg 768w\" sizes=\"auto, (max-width: 800px) 100vw, 800px\" \/> les cartons ont \u00e9t\u00e9 abondamment mouill\u00e9s,\u00a0 et une tonte fraiche est dispos\u00e9e dessus <img loading=\"lazy\" decoding=\"async\" class=\"alignnone size-full wp-image-871\" src=\"https:\/\/84310.fr\/jardin-morierois\/wp-content\/uploads\/2016\/09\/DSCN2909.jpg\" alt=\"dscn2909\" width=\"800\" height=\"600\" srcset=\"https:\/\/84310.fr\/jardin-morierois\/wp-content\/uploads\/2016\/09\/DSCN2909.jpg 800w, https:\/\/84310.fr\/jardin-morierois\/wp-content\/uploads\/2016\/09\/DSCN2909-300x225.jpg 300w, https:\/\/84310.fr\/jardin-morierois\/wp-content\/uploads\/2016\/09\/DSCN2909-768x576.jpg 768w\" sizes=\"auto, (max-width: 800px) 100vw, 800px\" \/><\/p>\n<p>une autre couche de carton, aussi bien imbib\u00e9e recouvre le tout &#8230;<img loading=\"lazy\" decoding=\"async\" class=\"alignnone size-full wp-image-876\" src=\"https:\/\/84310.fr\/jardin-morierois\/wp-content\/uploads\/2016\/09\/DSCN2912-1.jpg\" alt=\"dscn2912\" width=\"800\" height=\"600\" srcset=\"https:\/\/84310.fr\/jardin-morierois\/wp-content\/uploads\/2016\/09\/DSCN2912-1.jpg 800w, https:\/\/84310.fr\/jardin-morierois\/wp-content\/uploads\/2016\/09\/DSCN2912-1-300x225.jpg 300w, https:\/\/84310.fr\/jardin-morierois\/wp-content\/uploads\/2016\/09\/DSCN2912-1-768x576.jpg 768w\" sizes=\"auto, (max-width: 800px) 100vw, 800px\" \/><\/p>\n<p>d\u00e9j\u00e0 quelques d\u00e9chets verts recouvrent les cartons, ici, des plants de tomates qui ont s\u00e9ch\u00e9.<br \/>\nil ne me reste qu&rsquo;a faire le tour de mes voisins, pour r\u00e9cup\u00e9rer leur tontes et leurs broyats de v\u00e9g\u00e9taux, avec une couche de compost interm\u00e9diaire , histoire de faire une sorte de culture par lasagnes .<\/p>\n<p><span style=\"color: #ff0000;\"><strong>Le 23 Janvier 2017<br \/>\n<\/strong><span style=\"color: #000000;\">cela fait \u00e0 pr\u00e9sent 4 mois que cette zone est remplie par toute la r\u00e9cup\u00e9ration de v\u00e9g\u00e9taux qui allaient habituellement nourrir les poules, toutes les tontes de la pelouse, tous les plants de tomates de la saison derni\u00e8re, et lorsque le mois dernier le voisin a gentiment propos\u00e9 de tourner son broyeur vers le jardin alors qu&rsquo;il taillait ses haies et ses arbres , cela a fait une bonne couche de BRF qui est venue s&rsquo;accumuler sur le tas.<\/span><\/span><\/p>\n<p><img loading=\"lazy\" decoding=\"async\" class=\"alignnone size-full wp-image-1039\" src=\"https:\/\/84310.fr\/jardin-morierois\/wp-content\/uploads\/2016\/09\/DSCN3227.jpg\" alt=\"\" width=\"800\" height=\"600\" srcset=\"https:\/\/84310.fr\/jardin-morierois\/wp-content\/uploads\/2016\/09\/DSCN3227.jpg 800w, https:\/\/84310.fr\/jardin-morierois\/wp-content\/uploads\/2016\/09\/DSCN3227-300x225.jpg 300w, https:\/\/84310.fr\/jardin-morierois\/wp-content\/uploads\/2016\/09\/DSCN3227-768x576.jpg 768w\" sizes=\"auto, (max-width: 800px) 100vw, 800px\" \/><\/p>\n<p>Ce matin, j&rsquo;ai pu y d\u00e9verser une grosse poubelle de bonne terre r\u00e9cup\u00e9r\u00e9e dans les environs.<\/p>\n<p><img loading=\"lazy\" decoding=\"async\" class=\"alignnone size-full wp-image-1038\" src=\"https:\/\/84310.fr\/jardin-morierois\/wp-content\/uploads\/2016\/09\/DSCN3228.jpg\" alt=\"\" width=\"800\" height=\"600\" srcset=\"https:\/\/84310.fr\/jardin-morierois\/wp-content\/uploads\/2016\/09\/DSCN3228.jpg 800w, https:\/\/84310.fr\/jardin-morierois\/wp-content\/uploads\/2016\/09\/DSCN3228-300x225.jpg 300w, https:\/\/84310.fr\/jardin-morierois\/wp-content\/uploads\/2016\/09\/DSCN3228-768x576.jpg 768w\" sizes=\"auto, (max-width: 800px) 100vw, 800px\" \/><\/p>\n<p><span style=\"color: #ff0000;\"><span style=\"color: #000000;\"> Je compte bien y rajouter un peu de terre chaque fois que l&rsquo;occasion d&rsquo;en avoir se fera pour tasser un peu toute la v\u00e9g\u00e9tation en d\u00e9composition en dessous, histoire que les vents n&#8217;emportent pas tout et fournir un peu d&rsquo;isolation \u00e0 la vie qui grouille en dessous.<\/span><\/span><\/p>\n<p>Il\u00a0 est \u00e9galement pr\u00e9vu que je dispose une petite couche de \u00a0\u00bb paillage \u00a0\u00bb ou plut\u00f4t de \u00a0\u00bb foinage \u00a0\u00bb pour prot\u00e9ger du soleil \u00e0 venir et garder une bonne humidit\u00e9.<\/p>\n<p><strong><span style=\"color: #ff0000;\">A noter :<\/span><\/strong><br \/>\nj&rsquo;ai profit\u00e9 qu&rsquo;il me reste quelques graines de haricots grimpants, pour en mettre quelques clos sur le devant &#8230;. nous verrons bien si quelque chose sort &#8230;<\/p>\n<p>&nbsp;<\/p>\n<p>&nbsp;<\/p>\n<p><span style=\"color: #ff0000;\"><strong>29 Janvier 2017<\/strong><\/span><\/p>\n<p>Cette semaine, encore un peu de terre a \u00e9t\u00e9 rajout\u00e9e &#8230; il s&rsquo;agit d&rsquo;un ruisseau des Valayans qui a \u00e9t\u00e9 cur\u00e9 et dont la douce terre est venue se m\u00e9langer \u00e0 celle du jardin Mori\u00e8rois. cette terre, qui contient de riches limons fait un bon apport au Permaprojet.<\/p>\n<p><img loading=\"lazy\" decoding=\"async\" class=\"alignnone size-full wp-image-1062\" src=\"https:\/\/84310.fr\/jardin-morierois\/wp-content\/uploads\/2017\/01\/DSCN3252.jpg\" alt=\"\" width=\"800\" height=\"600\" srcset=\"https:\/\/84310.fr\/jardin-morierois\/wp-content\/uploads\/2017\/01\/DSCN3252.jpg 800w, https:\/\/84310.fr\/jardin-morierois\/wp-content\/uploads\/2017\/01\/DSCN3252-300x225.jpg 300w, https:\/\/84310.fr\/jardin-morierois\/wp-content\/uploads\/2017\/01\/DSCN3252-768x576.jpg 768w\" sizes=\"auto, (max-width: 800px) 100vw, 800px\" \/><\/p>\n<p>Nous en avons profit\u00e9 pour mettre une couche de Foin.<\/p>\n<p><img loading=\"lazy\" decoding=\"async\" class=\"alignnone size-full wp-image-1057\" src=\"https:\/\/84310.fr\/jardin-morierois\/wp-content\/uploads\/2017\/01\/DSCN3257.jpg\" alt=\"\" width=\"800\" height=\"600\" srcset=\"https:\/\/84310.fr\/jardin-morierois\/wp-content\/uploads\/2017\/01\/DSCN3257.jpg 800w, https:\/\/84310.fr\/jardin-morierois\/wp-content\/uploads\/2017\/01\/DSCN3257-300x225.jpg 300w, https:\/\/84310.fr\/jardin-morierois\/wp-content\/uploads\/2017\/01\/DSCN3257-768x576.jpg 768w\" sizes=\"auto, (max-width: 800px) 100vw, 800px\" \/><\/p>\n<p>D\u00e8s que l&rsquo;occasion de r\u00e9cup\u00e9rer encore un peu de terre limoneuse se fera, nous en rajouterons sur l&rsquo;\u00e9paisseur de foin.<\/p>\n<p><span style=\"color: #ff0000;\"><strong>2 F\u00e9vrier 2017<\/strong><\/span><\/p>\n<p>l&rsquo;occasion ne s&rsquo;est pas fait attendre longtemps.<br \/>\nCe matin, deux grosses poubelles pleines de la terre issue des ruisseaux des Valayans sont venues recouvrir le foin.<img loading=\"lazy\" decoding=\"async\" class=\"alignnone size-full wp-image-1081\" src=\"https:\/\/84310.fr\/jardin-morierois\/wp-content\/uploads\/2016\/09\/DSCN3259.jpg\" alt=\"\" width=\"800\" height=\"600\" srcset=\"https:\/\/84310.fr\/jardin-morierois\/wp-content\/uploads\/2016\/09\/DSCN3259.jpg 800w, https:\/\/84310.fr\/jardin-morierois\/wp-content\/uploads\/2016\/09\/DSCN3259-300x225.jpg 300w, https:\/\/84310.fr\/jardin-morierois\/wp-content\/uploads\/2016\/09\/DSCN3259-768x576.jpg 768w\" sizes=\"auto, (max-width: 800px) 100vw, 800px\" \/><\/p>\n<p>encore quelques remplissages de terre, et une couche de foin par dessus finira le gros du travail de pr\u00e9paration.<\/p>\n<p><span style=\"color: #ff0000;\"><strong>12 F\u00e9vrier 2017<\/strong><\/span><\/p>\n<p>apr\u00e8s 2 remplissages de terre suppl\u00e9mentaires cela commence a prendre forme.<\/p>\n<p><img loading=\"lazy\" decoding=\"async\" class=\"alignnone size-full wp-image-1087\" src=\"https:\/\/84310.fr\/jardin-morierois\/wp-content\/uploads\/2016\/09\/DSCN3478.jpg\" alt=\"\" width=\"800\" height=\"600\" srcset=\"https:\/\/84310.fr\/jardin-morierois\/wp-content\/uploads\/2016\/09\/DSCN3478.jpg 800w, https:\/\/84310.fr\/jardin-morierois\/wp-content\/uploads\/2016\/09\/DSCN3478-300x225.jpg 300w, https:\/\/84310.fr\/jardin-morierois\/wp-content\/uploads\/2016\/09\/DSCN3478-768x576.jpg 768w\" sizes=\"auto, (max-width: 800px) 100vw, 800px\" \/><\/p>\n<p>Encore un peu de bonne terre r\u00e9cup\u00e9r\u00e9e dans un ruisseau, et il ne restera plus qu&rsquo;a \u00a0\u00bb fouiner \u00a0\u00bb<\/p>\n<p><span style=\"color: #ff0000;\"><strong>13 F\u00e9vrier 2017<\/strong><\/span><\/p>\n<p>Ce matin, encore un apport suppl\u00e9mentaire de bonne terre des ruisseaux des Valayans.<\/p>\n<p><img loading=\"lazy\" decoding=\"async\" class=\"alignnone size-full wp-image-1089\" src=\"https:\/\/84310.fr\/jardin-morierois\/wp-content\/uploads\/2016\/09\/DSCN3510.jpg\" alt=\"\" width=\"800\" height=\"600\" srcset=\"https:\/\/84310.fr\/jardin-morierois\/wp-content\/uploads\/2016\/09\/DSCN3510.jpg 800w, https:\/\/84310.fr\/jardin-morierois\/wp-content\/uploads\/2016\/09\/DSCN3510-300x225.jpg 300w, https:\/\/84310.fr\/jardin-morierois\/wp-content\/uploads\/2016\/09\/DSCN3510-768x576.jpg 768w\" sizes=\"auto, (max-width: 800px) 100vw, 800px\" \/><\/p>\n<p>Toujours sous l\u2019\u0153il curieux des cocottes &#8230;<img loading=\"lazy\" decoding=\"async\" class=\"alignnone size-full wp-image-1090\" src=\"https:\/\/84310.fr\/jardin-morierois\/wp-content\/uploads\/2016\/09\/DSCN3512.jpg\" alt=\"\" width=\"800\" height=\"600\" srcset=\"https:\/\/84310.fr\/jardin-morierois\/wp-content\/uploads\/2016\/09\/DSCN3512.jpg 800w, https:\/\/84310.fr\/jardin-morierois\/wp-content\/uploads\/2016\/09\/DSCN3512-300x225.jpg 300w, https:\/\/84310.fr\/jardin-morierois\/wp-content\/uploads\/2016\/09\/DSCN3512-768x576.jpg 768w\" sizes=\"auto, (max-width: 800px) 100vw, 800px\" \/><\/p>\n<p>Le Permaprojet commence \u00e0 bien prendre forme. L&rsquo;apport de terre y est suffisant et sera augment\u00e9 selon les possibilit\u00e9s. Il ne me reste plus qu&rsquo;a \u00a0\u00bb Foiner \u00a0\u00bb<\/p>\n<p>&nbsp;<\/p>\n","protected":false},"excerpt":{"rendered":"<p>Le 26 Septembre 2016 un coin inutilis\u00e9 du jardin sera parfait pour tenter cette nouvelle exp\u00e9rience coinc\u00e9 entre un arbousier, l\u2019Hexagone \u00e0 tomates et le poulailler un des derniers espaces disponibles est r\u00e9quisitionn\u00e9. Cout du projet : Z\u00e9ro Euro !!!&hellip; <\/p>\n","protected":false},"author":1,"featured_media":0,"parent":0,"menu_order":0,"comment_status":"closed","ping_status":"closed","template":"","meta":{"_exactmetrics_skip_tracking":false,"_exactmetrics_sitenote_active":false,"_exactmetrics_sitenote_note":"","_exactmetrics_sitenote_category":0,"footnotes":""},"class_list":["post-845","page","type-page","status-publish","hentry"],"_links":{"self":[{"href":"https:\/\/84310.fr\/jardin-morierois\/wp-json\/wp\/v2\/pages\/845","targetHints":{"allow":["GET"]}}],"collection":[{"href":"https:\/\/84310.fr\/jardin-morierois\/wp-json\/wp\/v2\/pages"}],"about":[{"href":"https:\/\/84310.fr\/jardin-morierois\/wp-json\/wp\/v2\/types\/page"}],"author":[{"embeddable":true,"href":"https:\/\/84310.fr\/jardin-morierois\/wp-json\/wp\/v2\/users\/1"}],"replies":[{"embeddable":true,"href":"https:\/\/84310.fr\/jardin-morierois\/wp-json\/wp\/v2\/comments?post=845"}],"version-history":[{"count":7,"href":"https:\/\/84310.fr\/jardin-morierois\/wp-json\/wp\/v2\/pages\/845\/revisions"}],"predecessor-version":[{"id":1091,"href":"https:\/\/84310.fr\/jardin-morierois\/wp-json\/wp\/v2\/pages\/845\/revisions\/1091"}],"wp:attachment":[{"href":"https:\/\/84310.fr\/jardin-morierois\/wp-json\/wp\/v2\/media?parent=845"}],"curies":[{"name":"wp","href":"https:\/\/api.w.org\/{rel}","templated":true}]}}