{"id":76,"date":"2016-03-04T22:00:04","date_gmt":"2016-03-04T21:00:04","guid":{"rendered":"http:\/\/84310.fr\/jardin-morierois\/?page_id=76"},"modified":"2019-04-06T20:51:30","modified_gmt":"2019-04-06T19:51:30","slug":"projet-gouttiere-2","status":"publish","type":"page","link":"https:\/\/84310.fr\/jardin-morierois\/projet-gouttiere-2\/","title":{"rendered":"projet goutti\u00e8re #2"},"content":{"rendered":"<p style=\"text-align: center;\">un autre projet de remplacement pour r\u00e9cup\u00e9rer une Goutti\u00e8re d\u00e9j\u00e0 occup\u00e9e.<br \/>\ncette fois ci, avec une goutti\u00e8re \u00e0 font arrondi.<\/p>\n<p style=\"text-align: center;\"><img loading=\"lazy\" decoding=\"async\" class=\"alignnone size-full wp-image-2621\" src=\"https:\/\/84310.fr\/jardin-morierois\/wp-content\/uploads\/2019\/04\/DSCN1281.jpg\" alt=\"\" width=\"640\" height=\"480\" srcset=\"https:\/\/84310.fr\/jardin-morierois\/wp-content\/uploads\/2019\/04\/DSCN1281.jpg 640w, https:\/\/84310.fr\/jardin-morierois\/wp-content\/uploads\/2019\/04\/DSCN1281-300x225.jpg 300w\" sizes=\"auto, (max-width: 640px) 100vw, 640px\" \/>\u00a0\u00a0\u00a0 prise de gabarit avec un des \u00a0\u00bb bouts \u00a0\u00bb de goutti\u00e8re<\/p>\n<p style=\"text-align: center;\"><img loading=\"lazy\" decoding=\"async\" class=\"alignnone size-full wp-image-2622\" src=\"https:\/\/84310.fr\/jardin-morierois\/wp-content\/uploads\/2019\/04\/DSCN1282.jpg\" alt=\"\" width=\"640\" height=\"480\" srcset=\"https:\/\/84310.fr\/jardin-morierois\/wp-content\/uploads\/2019\/04\/DSCN1282.jpg 640w, https:\/\/84310.fr\/jardin-morierois\/wp-content\/uploads\/2019\/04\/DSCN1282-300x225.jpg 300w\" sizes=\"auto, (max-width: 640px) 100vw, 640px\" \/>\u00a0d\u00e9coupage des cales de maintient dans une planche et un chevron de r\u00e9cup\u00e9ration<\/p>\n<p>&nbsp;<\/p>\n<p style=\"text-align: center;\"><img loading=\"lazy\" decoding=\"async\" class=\"alignnone size-full wp-image-2623\" src=\"https:\/\/84310.fr\/jardin-morierois\/wp-content\/uploads\/2019\/04\/DSCN1284.jpg\" alt=\"\" width=\"640\" height=\"480\" srcset=\"https:\/\/84310.fr\/jardin-morierois\/wp-content\/uploads\/2019\/04\/DSCN1284.jpg 640w, https:\/\/84310.fr\/jardin-morierois\/wp-content\/uploads\/2019\/04\/DSCN1284-300x225.jpg 300w\" sizes=\"auto, (max-width: 640px) 100vw, 640px\" \/> il ne reste plus qu&rsquo;a fixer le tout avec quelques vis pour \u00e9viter la bascule de l&rsquo;ensemble avec le poids de la terre et des fleurs,<\/p>\n<p><img loading=\"lazy\" decoding=\"async\" class=\"alignnone size-full wp-image-2624\" src=\"https:\/\/84310.fr\/jardin-morierois\/wp-content\/uploads\/2019\/04\/DSCN1287.jpg\" alt=\"\" width=\"640\" height=\"480\" srcset=\"https:\/\/84310.fr\/jardin-morierois\/wp-content\/uploads\/2019\/04\/DSCN1287.jpg 640w, https:\/\/84310.fr\/jardin-morierois\/wp-content\/uploads\/2019\/04\/DSCN1287-300x225.jpg 300w\" sizes=\"auto, (max-width: 640px) 100vw, 640px\" \/><\/p>\n<p style=\"text-align: center;\">bien sur, on oublie pas de percer le fond de la goutti\u00e8re pour l&rsquo;\u00e9vacuation de l&rsquo;eau.<\/p>\n<p style=\"text-align: center;\"><img loading=\"lazy\" decoding=\"async\" class=\"alignnone size-full wp-image-2625\" src=\"https:\/\/84310.fr\/jardin-morierois\/wp-content\/uploads\/2019\/04\/DSCN1331.jpg\" alt=\"\" width=\"640\" height=\"480\" srcset=\"https:\/\/84310.fr\/jardin-morierois\/wp-content\/uploads\/2019\/04\/DSCN1331.jpg 640w, https:\/\/84310.fr\/jardin-morierois\/wp-content\/uploads\/2019\/04\/DSCN1331-300x225.jpg 300w\" sizes=\"auto, (max-width: 640px) 100vw, 640px\" \/>le projet abouti. et rempli<\/p>\n","protected":false},"excerpt":{"rendered":"<p>un autre projet de remplacement pour r\u00e9cup\u00e9rer une Goutti\u00e8re d\u00e9j\u00e0 occup\u00e9e. cette fois ci, avec une goutti\u00e8re \u00e0 font arrondi. \u00a0\u00a0\u00a0 prise de gabarit avec un des \u00a0\u00bb bouts \u00a0\u00bb de goutti\u00e8re \u00a0d\u00e9coupage des cales de maintient dans une planche&hellip; <\/p>\n","protected":false},"author":1,"featured_media":0,"parent":0,"menu_order":0,"comment_status":"closed","ping_status":"closed","template":"","meta":{"_exactmetrics_skip_tracking":false,"_exactmetrics_sitenote_active":false,"_exactmetrics_sitenote_note":"","_exactmetrics_sitenote_category":0,"footnotes":""},"class_list":["post-76","page","type-page","status-publish","hentry"],"_links":{"self":[{"href":"https:\/\/84310.fr\/jardin-morierois\/wp-json\/wp\/v2\/pages\/76","targetHints":{"allow":["GET"]}}],"collection":[{"href":"https:\/\/84310.fr\/jardin-morierois\/wp-json\/wp\/v2\/pages"}],"about":[{"href":"https:\/\/84310.fr\/jardin-morierois\/wp-json\/wp\/v2\/types\/page"}],"author":[{"embeddable":true,"href":"https:\/\/84310.fr\/jardin-morierois\/wp-json\/wp\/v2\/users\/1"}],"replies":[{"embeddable":true,"href":"https:\/\/84310.fr\/jardin-morierois\/wp-json\/wp\/v2\/comments?post=76"}],"version-history":[{"count":3,"href":"https:\/\/84310.fr\/jardin-morierois\/wp-json\/wp\/v2\/pages\/76\/revisions"}],"predecessor-version":[{"id":2627,"href":"https:\/\/84310.fr\/jardin-morierois\/wp-json\/wp\/v2\/pages\/76\/revisions\/2627"}],"wp:attachment":[{"href":"https:\/\/84310.fr\/jardin-morierois\/wp-json\/wp\/v2\/media?parent=76"}],"curies":[{"name":"wp","href":"https:\/\/api.w.org\/{rel}","templated":true}]}}