{"id":74,"date":"2016-03-04T21:59:26","date_gmt":"2016-03-04T20:59:26","guid":{"rendered":"http:\/\/84310.fr\/jardin-morierois\/?page_id=74"},"modified":"2018-04-15T21:54:10","modified_gmt":"2018-04-15T20:54:10","slug":"projet-gouttiere-1","status":"publish","type":"page","link":"https:\/\/84310.fr\/jardin-morierois\/projet-gouttiere-1\/","title":{"rendered":"Projet goutti\u00e8re #1"},"content":{"rendered":"<p>projet de Salades en goutti\u00e8re<\/p>\n<p>depuis fort longtemps j&rsquo;avais \u00e0 c\u0153ur de tenter l&rsquo;exp\u00e9rience, en cette ann\u00e9e 2016, apr\u00e8s avoir parcouru quelques sites web sur le sujet, il a fallu peu de mat\u00e9riel ainsi que peu de travail pour mener \u00e0 bien le d\u00e9part de cette exp\u00e9rience.\u00a0\u00a0 <img loading=\"lazy\" decoding=\"async\" class=\"alignnone size-full wp-image-1941\" src=\"https:\/\/84310.fr\/jardin-morierois\/wp-content\/uploads\/2018\/04\/DSCN1263.jpg\" alt=\"\" width=\"1000\" height=\"750\" srcset=\"https:\/\/84310.fr\/jardin-morierois\/wp-content\/uploads\/2018\/04\/DSCN1263.jpg 1000w, https:\/\/84310.fr\/jardin-morierois\/wp-content\/uploads\/2018\/04\/DSCN1263-300x225.jpg 300w, https:\/\/84310.fr\/jardin-morierois\/wp-content\/uploads\/2018\/04\/DSCN1263-768x576.jpg 768w\" sizes=\"auto, (max-width: 1000px) 100vw, 1000px\" \/><\/p>\n<p>une goutti\u00e8re en partie usag\u00e9e trainait dans les environs, deux bouts de bois d\u00e9coup\u00e9s dans une vieille planche qui attendait le prochain feu de bois pour dispara\u00eetre, quatre vis et quelques trous fait au fond de la goutti\u00e8re et voici le projet en partie pr\u00eat.<\/p>\n<p>un petit pr\u00e9-per\u00e7age a \u00e9t\u00e9 r\u00e9alis\u00e9 pour \u00e9viter l&rsquo;\u00e9clatement du plastique qui \u00e9tait livr\u00e9 aux intemp\u00e9ries depuis des ann\u00e9es.<\/p>\n<p><img loading=\"lazy\" decoding=\"async\" class=\"alignnone size-full wp-image-1943\" src=\"https:\/\/84310.fr\/jardin-morierois\/wp-content\/uploads\/2018\/04\/DSCN1266.jpg\" alt=\"\" width=\"800\" height=\"600\" srcset=\"https:\/\/84310.fr\/jardin-morierois\/wp-content\/uploads\/2018\/04\/DSCN1266.jpg 800w, https:\/\/84310.fr\/jardin-morierois\/wp-content\/uploads\/2018\/04\/DSCN1266-300x225.jpg 300w, https:\/\/84310.fr\/jardin-morierois\/wp-content\/uploads\/2018\/04\/DSCN1266-768x576.jpg 768w\" sizes=\"auto, (max-width: 800px) 100vw, 800px\" \/><br \/>\ndeux vis de chaque cot\u00e9s suffiront amplement \u00e0 maintenir la terre \u00e0 l&rsquo;int\u00e9rieur de la goutti\u00e8re.<\/p>\n<p><img loading=\"lazy\" decoding=\"async\" class=\"alignnone size-full wp-image-1944\" src=\"https:\/\/84310.fr\/jardin-morierois\/wp-content\/uploads\/2018\/04\/DSCN1267-1.jpg\" alt=\"\" width=\"800\" height=\"600\" srcset=\"https:\/\/84310.fr\/jardin-morierois\/wp-content\/uploads\/2018\/04\/DSCN1267-1.jpg 800w, https:\/\/84310.fr\/jardin-morierois\/wp-content\/uploads\/2018\/04\/DSCN1267-1-300x225.jpg 300w, https:\/\/84310.fr\/jardin-morierois\/wp-content\/uploads\/2018\/04\/DSCN1267-1-768x576.jpg 768w\" sizes=\"auto, (max-width: 800px) 100vw, 800px\" \/><br \/>\nVue de la goutti\u00e8re, pour une longueur d&rsquo;un peu plus de 3 m\u00e8tres.<\/p>\n<p>la couche du fond est compos\u00e9e de compost maison, agr\u00e9ment\u00e9 de fiente de poules, au dessus, un m\u00e9lange de compost et de terre, et il sera ajout\u00e9 un peu de terreau fin que je me sers pour faire les semis au moment du plantage des jeunes pouces de salades.<\/p>\n<p>Les Salades. la Reine de Mai<\/p>\n<p>j&rsquo;ai pris la vari\u00e9t\u00e9 Reine de Mai, pour changer un peu des graines que nous avions l&rsquo;habitude de semer. je les ai prises chez KOKOPELLI , sur le site le paquet est \u00e0 3.40 Euros, mais j&rsquo;ai vu qu&rsquo;a Sorgues il y a un revendeur. Il s&rsquo;agit du magasin EKOSHOP . un accueil sympa mais 4.00 le paquet, et h\u00e9las, peu de r\u00e9f\u00e9rences restantes sur le pr\u00e9sentoir.<\/p>\n<p>Le 29 Janvier 2016, les graines ont \u00e9t\u00e9 sem\u00e9es<br \/>\n<img loading=\"lazy\" decoding=\"async\" class=\"alignnone size-full wp-image-1942\" src=\"https:\/\/84310.fr\/jardin-morierois\/wp-content\/uploads\/2018\/04\/DSCN1264.jpg\" alt=\"\" width=\"800\" height=\"600\" srcset=\"https:\/\/84310.fr\/jardin-morierois\/wp-content\/uploads\/2018\/04\/DSCN1264.jpg 800w, https:\/\/84310.fr\/jardin-morierois\/wp-content\/uploads\/2018\/04\/DSCN1264-300x225.jpg 300w, https:\/\/84310.fr\/jardin-morierois\/wp-content\/uploads\/2018\/04\/DSCN1264-768x576.jpg 768w\" sizes=\"auto, (max-width: 800px) 100vw, 800px\" \/><\/p>\n<p>j&rsquo;utilise des plaques de godets, en pvc, avec du terreau tr\u00e8s fin, avec un petit bout de feuille de papier absorbant au fond, pour ne pas que le terreau sorte pour le trou d&rsquo;\u00e9vacuation d&rsquo;eau situ\u00e9 en dessous de chaque emplacement.<br \/>\nceci \u00e9tant plac\u00e9 au chaud dans une pi\u00e8ce qui baigne entre 20 et 22 degr\u00e9s, devant une v\u00e9randa plein sud, tr\u00e8s ensoleill\u00e9e d&rsquo;habitude mais pas en ce d\u00e9but de semis.<br \/>\nje compte semer tous les 15 jours, pour \u00e9taler la \u00ab\u00a0production\u00a0\u00bb.<\/p>\n<p>Le 3 F\u00e9vrier, au bout de 5 jours, il y a d\u00e9j\u00e0 18 pouces sur 26 de sem\u00e9es.<img loading=\"lazy\" decoding=\"async\" class=\"alignnone size-full wp-image-1945\" src=\"https:\/\/84310.fr\/jardin-morierois\/wp-content\/uploads\/2018\/04\/DSCN1273.jpg\" alt=\"\" width=\"800\" height=\"600\" srcset=\"https:\/\/84310.fr\/jardin-morierois\/wp-content\/uploads\/2018\/04\/DSCN1273.jpg 800w, https:\/\/84310.fr\/jardin-morierois\/wp-content\/uploads\/2018\/04\/DSCN1273-300x225.jpg 300w, https:\/\/84310.fr\/jardin-morierois\/wp-content\/uploads\/2018\/04\/DSCN1273-768x576.jpg 768w\" sizes=\"auto, (max-width: 800px) 100vw, 800px\" \/><\/p>\n<p>&nbsp;<\/p>\n<p>un d\u00e9but prometteur&#8230;<\/p>\n<p><span style=\"color: #00ff00;\"><span style=\"color: #cc99ff;\"><strong>11 Avril 2016 <\/strong><\/span><span style=\"color: #000000;\">les choses ont un peu \u00e9volu\u00e9 &#8230;<br \/>\nles salades commencent \u00e0 pousser,<br \/>\n<img loading=\"lazy\" decoding=\"async\" class=\"alignnone size-full wp-image-398\" src=\"https:\/\/84310.fr\/jardin-morierois\/wp-content\/uploads\/2016\/03\/DSCN1869.jpg\" alt=\"DSCN1869\" width=\"800\" height=\"600\" srcset=\"https:\/\/84310.fr\/jardin-morierois\/wp-content\/uploads\/2016\/03\/DSCN1869.jpg 800w, https:\/\/84310.fr\/jardin-morierois\/wp-content\/uploads\/2016\/03\/DSCN1869-300x225.jpg 300w, https:\/\/84310.fr\/jardin-morierois\/wp-content\/uploads\/2016\/03\/DSCN1869-768x576.jpg 768w\" sizes=\"auto, (max-width: 800px) 100vw, 800px\" \/><\/span><\/span><\/p>\n<p style=\"text-align: center;\"><span style=\"color: #00ff00;\"><span style=\"color: #000000;\"> les premi\u00e8res, plus grosses ont eu droit \u00e0 une mini serre ( bouteille plastique coup\u00e9e et retourn\u00e9e,) pendant quelques jours.<\/span><\/span><\/p>\n<p>&nbsp;<\/p>\n<p style=\"text-align: center;\"><span style=\"color: #00ff00;\"><span style=\"color: #000000;\"><img loading=\"lazy\" decoding=\"async\" class=\"alignnone size-full wp-image-399\" src=\"https:\/\/84310.fr\/jardin-morierois\/wp-content\/uploads\/2016\/03\/DSCN1875.jpg\" alt=\"DSCN1875\" width=\"600\" height=\"800\" srcset=\"https:\/\/84310.fr\/jardin-morierois\/wp-content\/uploads\/2016\/03\/DSCN1875.jpg 600w, https:\/\/84310.fr\/jardin-morierois\/wp-content\/uploads\/2016\/03\/DSCN1875-225x300.jpg 225w\" sizes=\"auto, (max-width: 600px) 100vw, 600px\" \/><br \/>\n<\/span> <\/span>Maintenant qu&rsquo;il fait plus doux, les autres salades sont transplant\u00e9es directement \u00e0 l&rsquo;air libre.<\/p>\n<p><img loading=\"lazy\" decoding=\"async\" class=\"alignnone size-full wp-image-397\" src=\"https:\/\/84310.fr\/jardin-morierois\/wp-content\/uploads\/2016\/03\/DSCN1867.jpg\" alt=\"DSCN1867\" width=\"600\" height=\"800\" srcset=\"https:\/\/84310.fr\/jardin-morierois\/wp-content\/uploads\/2016\/03\/DSCN1867.jpg 600w, https:\/\/84310.fr\/jardin-morierois\/wp-content\/uploads\/2016\/03\/DSCN1867-225x300.jpg 225w\" sizes=\"auto, (max-width: 600px) 100vw, 600px\" \/><\/p>\n<p>Certaines salades commencent \u00e0 \u00eatre belles, il va falloir se m\u00e9fier des escargots !!!<\/p>\n<p>plus d&rsquo;une 50 aine de salades de diverses sortes ont \u00e9t\u00e9 transplant\u00e9es dans les goutti\u00e8res.<\/p>\n","protected":false},"excerpt":{"rendered":"<p>projet de Salades en goutti\u00e8re depuis fort longtemps j&rsquo;avais \u00e0 c\u0153ur de tenter l&rsquo;exp\u00e9rience, en cette ann\u00e9e 2016, apr\u00e8s avoir parcouru quelques sites web sur le sujet, il a fallu peu de mat\u00e9riel ainsi que peu de travail pour mener&hellip; <\/p>\n","protected":false},"author":1,"featured_media":0,"parent":0,"menu_order":0,"comment_status":"closed","ping_status":"closed","template":"","meta":{"_exactmetrics_skip_tracking":false,"_exactmetrics_sitenote_active":false,"_exactmetrics_sitenote_note":"","_exactmetrics_sitenote_category":0,"footnotes":""},"class_list":["post-74","page","type-page","status-publish","hentry"],"_links":{"self":[{"href":"https:\/\/84310.fr\/jardin-morierois\/wp-json\/wp\/v2\/pages\/74","targetHints":{"allow":["GET"]}}],"collection":[{"href":"https:\/\/84310.fr\/jardin-morierois\/wp-json\/wp\/v2\/pages"}],"about":[{"href":"https:\/\/84310.fr\/jardin-morierois\/wp-json\/wp\/v2\/types\/page"}],"author":[{"embeddable":true,"href":"https:\/\/84310.fr\/jardin-morierois\/wp-json\/wp\/v2\/users\/1"}],"replies":[{"embeddable":true,"href":"https:\/\/84310.fr\/jardin-morierois\/wp-json\/wp\/v2\/comments?post=74"}],"version-history":[{"count":5,"href":"https:\/\/84310.fr\/jardin-morierois\/wp-json\/wp\/v2\/pages\/74\/revisions"}],"predecessor-version":[{"id":1946,"href":"https:\/\/84310.fr\/jardin-morierois\/wp-json\/wp\/v2\/pages\/74\/revisions\/1946"}],"wp:attachment":[{"href":"https:\/\/84310.fr\/jardin-morierois\/wp-json\/wp\/v2\/media?parent=74"}],"curies":[{"name":"wp","href":"https:\/\/api.w.org\/{rel}","templated":true}]}}