{"id":649,"date":"2016-06-01T22:39:39","date_gmt":"2016-06-01T21:39:39","guid":{"rendered":"http:\/\/84310.fr\/jardin-morierois\/?page_id=649"},"modified":"2016-06-02T07:13:12","modified_gmt":"2016-06-02T06:13:12","slug":"hexagone-a-tomates","status":"publish","type":"page","link":"https:\/\/84310.fr\/jardin-morierois\/hexagone-a-tomates\/","title":{"rendered":"Hexagone \u00e0 Tomates"},"content":{"rendered":"<p>Pour cl\u00f4turer cette saison de plantation de tomates 2016, il nous restait un peu plus d&rsquo;une vingtaine de plants de tomates, mais ou les mettre ?<br \/>\n<span style=\"color: #3366ff;\"><strong>Le 31 Mai 2016<\/strong><\/span><\/p>\n<p><img loading=\"lazy\" decoding=\"async\" class=\"alignnone size-full wp-image-650\" src=\"https:\/\/84310.fr\/jardin-morierois\/wp-content\/uploads\/2016\/06\/DSCN2380.jpg\" alt=\"DSCN2380\" width=\"800\" height=\"600\" srcset=\"https:\/\/84310.fr\/jardin-morierois\/wp-content\/uploads\/2016\/06\/DSCN2380.jpg 800w, https:\/\/84310.fr\/jardin-morierois\/wp-content\/uploads\/2016\/06\/DSCN2380-300x225.jpg 300w, https:\/\/84310.fr\/jardin-morierois\/wp-content\/uploads\/2016\/06\/DSCN2380-768x576.jpg 768w\" sizes=\"auto, (max-width: 800px) 100vw, 800px\" \/><\/p>\n<p>Un Hexagone est doucement assembl\u00e9 dans un coin de jardin encore disponible<\/p>\n<p><img loading=\"lazy\" decoding=\"async\" class=\"alignnone size-full wp-image-651\" src=\"https:\/\/84310.fr\/jardin-morierois\/wp-content\/uploads\/2016\/06\/DSCN2382.jpg\" alt=\"DSCN2382\" width=\"800\" height=\"600\" srcset=\"https:\/\/84310.fr\/jardin-morierois\/wp-content\/uploads\/2016\/06\/DSCN2382.jpg 800w, https:\/\/84310.fr\/jardin-morierois\/wp-content\/uploads\/2016\/06\/DSCN2382-300x225.jpg 300w, https:\/\/84310.fr\/jardin-morierois\/wp-content\/uploads\/2016\/06\/DSCN2382-768x576.jpg 768w\" sizes=\"auto, (max-width: 800px) 100vw, 800px\" \/><\/p>\n<p>C&rsquo;est un assemblage de formes circulaires et carr\u00e9es dans lesquelles seront plant\u00e9es les tomates, en plus de \u00e7a, cela fera une bonne limite pour une petite butte en lasagne.<br \/>\nTout au fond, un parterre de paillis ou d&rsquo;herbe s\u00e9ch\u00e9e.( mati\u00e8re Carbon\u00e9e )<\/p>\n<p><img loading=\"lazy\" decoding=\"async\" class=\"alignnone size-full wp-image-652\" src=\"https:\/\/84310.fr\/jardin-morierois\/wp-content\/uploads\/2016\/06\/DSCN2386.jpg\" alt=\"DSCN2386\" width=\"800\" height=\"600\" srcset=\"https:\/\/84310.fr\/jardin-morierois\/wp-content\/uploads\/2016\/06\/DSCN2386.jpg 800w, https:\/\/84310.fr\/jardin-morierois\/wp-content\/uploads\/2016\/06\/DSCN2386-300x225.jpg 300w, https:\/\/84310.fr\/jardin-morierois\/wp-content\/uploads\/2016\/06\/DSCN2386-768x576.jpg 768w\" sizes=\"auto, (max-width: 800px) 100vw, 800px\" \/><\/p>\n<p>une couche de carton recouvre la surface.<\/p>\n<p><img loading=\"lazy\" decoding=\"async\" class=\"alignnone size-full wp-image-653\" src=\"https:\/\/84310.fr\/jardin-morierois\/wp-content\/uploads\/2016\/06\/DSCN2387.jpg\" alt=\"DSCN2387\" width=\"800\" height=\"600\" srcset=\"https:\/\/84310.fr\/jardin-morierois\/wp-content\/uploads\/2016\/06\/DSCN2387.jpg 800w, https:\/\/84310.fr\/jardin-morierois\/wp-content\/uploads\/2016\/06\/DSCN2387-300x225.jpg 300w, https:\/\/84310.fr\/jardin-morierois\/wp-content\/uploads\/2016\/06\/DSCN2387-768x576.jpg 768w\" sizes=\"auto, (max-width: 800px) 100vw, 800px\" \/><\/p>\n<p>On arrose bien dessous et dessus les cartons pour bien humidifier l&rsquo;ensemble.<\/p>\n<p><img loading=\"lazy\" decoding=\"async\" class=\"alignnone size-full wp-image-654\" src=\"https:\/\/84310.fr\/jardin-morierois\/wp-content\/uploads\/2016\/06\/DSCN2401.jpg\" alt=\"DSCN2401\" width=\"800\" height=\"600\" srcset=\"https:\/\/84310.fr\/jardin-morierois\/wp-content\/uploads\/2016\/06\/DSCN2401.jpg 800w, https:\/\/84310.fr\/jardin-morierois\/wp-content\/uploads\/2016\/06\/DSCN2401-300x225.jpg 300w, https:\/\/84310.fr\/jardin-morierois\/wp-content\/uploads\/2016\/06\/DSCN2401-768x576.jpg 768w\" sizes=\"auto, (max-width: 800px) 100vw, 800px\" \/><\/p>\n<p>L&rsquo;ensemble est recouvert d&rsquo;une couche de fumier de cheval m\u00e9lang\u00e9 \u00e0 du paillis, et bien sur arros\u00e9.<\/p>\n<p><img loading=\"lazy\" decoding=\"async\" class=\"alignnone size-full wp-image-656\" src=\"https:\/\/84310.fr\/jardin-morierois\/wp-content\/uploads\/2016\/06\/DSCN2403.jpg\" alt=\"DSCN2403\" width=\"800\" height=\"600\" srcset=\"https:\/\/84310.fr\/jardin-morierois\/wp-content\/uploads\/2016\/06\/DSCN2403.jpg 800w, https:\/\/84310.fr\/jardin-morierois\/wp-content\/uploads\/2016\/06\/DSCN2403-300x225.jpg 300w, https:\/\/84310.fr\/jardin-morierois\/wp-content\/uploads\/2016\/06\/DSCN2403-768x576.jpg 768w\" sizes=\"auto, (max-width: 800px) 100vw, 800px\" \/><\/p>\n<p>On y rajoute une bonne couche de compost fabrication maison.<\/p>\n<p><img loading=\"lazy\" decoding=\"async\" class=\"alignnone size-full wp-image-657\" src=\"https:\/\/84310.fr\/jardin-morierois\/wp-content\/uploads\/2016\/06\/DSCN2423.jpg\" alt=\"DSCN2423\" width=\"800\" height=\"600\" srcset=\"https:\/\/84310.fr\/jardin-morierois\/wp-content\/uploads\/2016\/06\/DSCN2423.jpg 800w, https:\/\/84310.fr\/jardin-morierois\/wp-content\/uploads\/2016\/06\/DSCN2423-300x225.jpg 300w, https:\/\/84310.fr\/jardin-morierois\/wp-content\/uploads\/2016\/06\/DSCN2423-768x576.jpg 768w\" sizes=\"auto, (max-width: 800px) 100vw, 800px\" \/><\/p>\n<p>Pour finir, la tonte du jour ( mati\u00e8re Azot\u00e9e )<\/p>\n<p>&nbsp;<\/p>\n<p><img loading=\"lazy\" decoding=\"async\" class=\"alignnone size-full wp-image-659\" src=\"https:\/\/84310.fr\/jardin-morierois\/wp-content\/uploads\/2016\/06\/DSCN2427.jpg\" alt=\"DSCN2427\" width=\"800\" height=\"600\" srcset=\"https:\/\/84310.fr\/jardin-morierois\/wp-content\/uploads\/2016\/06\/DSCN2427.jpg 800w, https:\/\/84310.fr\/jardin-morierois\/wp-content\/uploads\/2016\/06\/DSCN2427-300x225.jpg 300w, https:\/\/84310.fr\/jardin-morierois\/wp-content\/uploads\/2016\/06\/DSCN2427-768x576.jpg 768w\" sizes=\"auto, (max-width: 800px) 100vw, 800px\" \/><\/p>\n<p>La aussi, une bonne couche fera l&rsquo;affaire.<\/p>\n<p><img loading=\"lazy\" decoding=\"async\" class=\"alignnone size-full wp-image-660\" src=\"https:\/\/84310.fr\/jardin-morierois\/wp-content\/uploads\/2016\/06\/DSCN2429.jpg\" alt=\"DSCN2429\" width=\"800\" height=\"600\" srcset=\"https:\/\/84310.fr\/jardin-morierois\/wp-content\/uploads\/2016\/06\/DSCN2429.jpg 800w, https:\/\/84310.fr\/jardin-morierois\/wp-content\/uploads\/2016\/06\/DSCN2429-300x225.jpg 300w, https:\/\/84310.fr\/jardin-morierois\/wp-content\/uploads\/2016\/06\/DSCN2429-768x576.jpg 768w\" sizes=\"auto, (max-width: 800px) 100vw, 800px\" \/><\/p>\n<p>La plantation peut alors commencer.<\/p>\n<p><img loading=\"lazy\" decoding=\"async\" class=\"alignnone size-full wp-image-661\" src=\"https:\/\/84310.fr\/jardin-morierois\/wp-content\/uploads\/2016\/06\/DSCN2446.jpg\" alt=\"DSCN2446\" width=\"800\" height=\"600\" srcset=\"https:\/\/84310.fr\/jardin-morierois\/wp-content\/uploads\/2016\/06\/DSCN2446.jpg 800w, https:\/\/84310.fr\/jardin-morierois\/wp-content\/uploads\/2016\/06\/DSCN2446-300x225.jpg 300w, https:\/\/84310.fr\/jardin-morierois\/wp-content\/uploads\/2016\/06\/DSCN2446-768x576.jpg 768w\" sizes=\"auto, (max-width: 800px) 100vw, 800px\" \/><\/p>\n<p>et voil\u00e0 les 24 derni\u00e8res tomates Mori\u00e8roises plant\u00e9es dans l&rsquo;Hexagone<\/p>\n<p>&nbsp;<\/p>\n","protected":false},"excerpt":{"rendered":"<p>Pour cl\u00f4turer cette saison de plantation de tomates 2016, il nous restait un peu plus d&rsquo;une vingtaine de plants de tomates, mais ou les mettre ? Le 31 Mai 2016 Un Hexagone est doucement assembl\u00e9 dans un coin de jardin&hellip; <\/p>\n","protected":false},"author":1,"featured_media":0,"parent":0,"menu_order":0,"comment_status":"closed","ping_status":"closed","template":"","meta":{"_exactmetrics_skip_tracking":false,"_exactmetrics_sitenote_active":false,"_exactmetrics_sitenote_note":"","_exactmetrics_sitenote_category":0,"footnotes":""},"class_list":["post-649","page","type-page","status-publish","hentry"],"_links":{"self":[{"href":"https:\/\/84310.fr\/jardin-morierois\/wp-json\/wp\/v2\/pages\/649","targetHints":{"allow":["GET"]}}],"collection":[{"href":"https:\/\/84310.fr\/jardin-morierois\/wp-json\/wp\/v2\/pages"}],"about":[{"href":"https:\/\/84310.fr\/jardin-morierois\/wp-json\/wp\/v2\/types\/page"}],"author":[{"embeddable":true,"href":"https:\/\/84310.fr\/jardin-morierois\/wp-json\/wp\/v2\/users\/1"}],"replies":[{"embeddable":true,"href":"https:\/\/84310.fr\/jardin-morierois\/wp-json\/wp\/v2\/comments?post=649"}],"version-history":[{"count":2,"href":"https:\/\/84310.fr\/jardin-morierois\/wp-json\/wp\/v2\/pages\/649\/revisions"}],"predecessor-version":[{"id":664,"href":"https:\/\/84310.fr\/jardin-morierois\/wp-json\/wp\/v2\/pages\/649\/revisions\/664"}],"wp:attachment":[{"href":"https:\/\/84310.fr\/jardin-morierois\/wp-json\/wp\/v2\/media?parent=649"}],"curies":[{"name":"wp","href":"https:\/\/api.w.org\/{rel}","templated":true}]}}