{"id":609,"date":"2016-05-26T20:47:34","date_gmt":"2016-05-26T19:47:34","guid":{"rendered":"http:\/\/84310.fr\/jardin-morierois\/?page_id=609"},"modified":"2016-05-26T20:47:34","modified_gmt":"2016-05-26T19:47:34","slug":"projet-mais","status":"publish","type":"page","link":"https:\/\/84310.fr\/jardin-morierois\/projet-mais\/","title":{"rendered":"Projet MA\u00cfS"},"content":{"rendered":"<p>j&rsquo;ai retrouv\u00e9 la semaine derni\u00e8re, au fond de mon cabanon en bois, un vieil \u00e9pis de ma\u00efs de ma r\u00e9colte de l&rsquo;ann\u00e9e derni\u00e8re. R\u00e9colte est un bien grand mot, si j&rsquo;ai eu une vingtaine d&rsquo;\u00e9pis c&rsquo;est bien l\u00e0 tout le score.<br \/>\nil me restait un peu de terreau pour semis, une plaque de godets, et hop, l&rsquo;affaire est dans le sac.<img loading=\"lazy\" decoding=\"async\" class=\"alignnone size-full wp-image-610\" src=\"https:\/\/84310.fr\/jardin-morierois\/wp-content\/uploads\/2016\/05\/DSCN2343.jpg\" alt=\"DSCN2343\" width=\"800\" height=\"600\" srcset=\"https:\/\/84310.fr\/jardin-morierois\/wp-content\/uploads\/2016\/05\/DSCN2343.jpg 800w, https:\/\/84310.fr\/jardin-morierois\/wp-content\/uploads\/2016\/05\/DSCN2343-300x225.jpg 300w, https:\/\/84310.fr\/jardin-morierois\/wp-content\/uploads\/2016\/05\/DSCN2343-768x576.jpg 768w\" sizes=\"auto, (max-width: 800px) 100vw, 800px\" \/><br \/>\nau bout d&rsquo;une semaine, la majorit\u00e9 des graines sont sorties .<\/p>\n<p><img loading=\"lazy\" decoding=\"async\" class=\"alignnone size-full wp-image-611\" src=\"https:\/\/84310.fr\/jardin-morierois\/wp-content\/uploads\/2016\/05\/DSCN2347.jpg\" alt=\"DSCN2347\" width=\"800\" height=\"600\" srcset=\"https:\/\/84310.fr\/jardin-morierois\/wp-content\/uploads\/2016\/05\/DSCN2347.jpg 800w, https:\/\/84310.fr\/jardin-morierois\/wp-content\/uploads\/2016\/05\/DSCN2347-300x225.jpg 300w, https:\/\/84310.fr\/jardin-morierois\/wp-content\/uploads\/2016\/05\/DSCN2347-768x576.jpg 768w\" sizes=\"auto, (max-width: 800px) 100vw, 800px\" \/><\/p>\n<p>Encore un peu de temps pour grandir et ils finiront leur pouss\u00e9e sur le fond de la butte.<\/p>\n","protected":false},"excerpt":{"rendered":"<p>j&rsquo;ai retrouv\u00e9 la semaine derni\u00e8re, au fond de mon cabanon en bois, un vieil \u00e9pis de ma\u00efs de ma r\u00e9colte de l&rsquo;ann\u00e9e derni\u00e8re. R\u00e9colte est un bien grand mot, si j&rsquo;ai eu une vingtaine d&rsquo;\u00e9pis c&rsquo;est bien l\u00e0 tout le&hellip; <\/p>\n","protected":false},"author":1,"featured_media":0,"parent":0,"menu_order":0,"comment_status":"closed","ping_status":"closed","template":"","meta":{"_exactmetrics_skip_tracking":false,"_exactmetrics_sitenote_active":false,"_exactmetrics_sitenote_note":"","_exactmetrics_sitenote_category":0,"footnotes":""},"class_list":["post-609","page","type-page","status-publish","hentry"],"_links":{"self":[{"href":"https:\/\/84310.fr\/jardin-morierois\/wp-json\/wp\/v2\/pages\/609","targetHints":{"allow":["GET"]}}],"collection":[{"href":"https:\/\/84310.fr\/jardin-morierois\/wp-json\/wp\/v2\/pages"}],"about":[{"href":"https:\/\/84310.fr\/jardin-morierois\/wp-json\/wp\/v2\/types\/page"}],"author":[{"embeddable":true,"href":"https:\/\/84310.fr\/jardin-morierois\/wp-json\/wp\/v2\/users\/1"}],"replies":[{"embeddable":true,"href":"https:\/\/84310.fr\/jardin-morierois\/wp-json\/wp\/v2\/comments?post=609"}],"version-history":[{"count":1,"href":"https:\/\/84310.fr\/jardin-morierois\/wp-json\/wp\/v2\/pages\/609\/revisions"}],"predecessor-version":[{"id":612,"href":"https:\/\/84310.fr\/jardin-morierois\/wp-json\/wp\/v2\/pages\/609\/revisions\/612"}],"wp:attachment":[{"href":"https:\/\/84310.fr\/jardin-morierois\/wp-json\/wp\/v2\/media?parent=609"}],"curies":[{"name":"wp","href":"https:\/\/api.w.org\/{rel}","templated":true}]}}