{"id":576,"date":"2016-05-24T20:13:34","date_gmt":"2016-05-24T19:13:34","guid":{"rendered":"http:\/\/84310.fr\/jardin-morierois\/?page_id=576"},"modified":"2016-11-09T19:11:43","modified_gmt":"2016-11-09T18:11:43","slug":"beefsteack","status":"publish","type":"page","link":"https:\/\/84310.fr\/jardin-morierois\/beefsteack\/","title":{"rendered":"BEEFSTEACK"},"content":{"rendered":"<p>Tomate BEEFSTEACK<\/p>\n<p>ces plants de tomates m&rsquo;ont \u00e9t\u00e9 \u00e9chang\u00e9s par un passionn\u00e9 en d\u00e9but de saison.<br \/>\nJe n&rsquo;ai pas eu le temps de les greffer.<\/p>\n<h2 style=\"text-align: center;\"><span style=\"color: #ff0000;\"><strong>STATISTIQUES de la saison 2016<\/strong><\/span><\/h2>\n<p><img loading=\"lazy\" decoding=\"async\" class=\"alignnone size-full wp-image-926\" src=\"https:\/\/84310.fr\/jardin-morierois\/wp-content\/uploads\/2016\/03\/beff.jpg\" alt=\"beff\" width=\"711\" height=\"121\" srcset=\"https:\/\/84310.fr\/jardin-morierois\/wp-content\/uploads\/2016\/03\/beff.jpg 711w, https:\/\/84310.fr\/jardin-morierois\/wp-content\/uploads\/2016\/03\/beff-300x51.jpg 300w\" sizes=\"auto, (max-width: 711px) 100vw, 711px\" \/><\/p>\n<p>les plants ont bien donn\u00e9, except\u00e9 le dernier, surement plus faiblard que les autres, sinon les conditions \u00e9taient identiques pour tous<\/p>\n<p><span style=\"color: #339966;\"><strong>je referai avec plaisir cette vari\u00e9t\u00e9 en 2017<\/strong><\/span><\/p>\n","protected":false},"excerpt":{"rendered":"<p>Tomate BEEFSTEACK ces plants de tomates m&rsquo;ont \u00e9t\u00e9 \u00e9chang\u00e9s par un passionn\u00e9 en d\u00e9but de saison. Je n&rsquo;ai pas eu le temps de les greffer. STATISTIQUES de la saison 2016 les plants ont bien donn\u00e9, except\u00e9 le dernier, surement plus&hellip; <\/p>\n","protected":false},"author":1,"featured_media":0,"parent":0,"menu_order":0,"comment_status":"closed","ping_status":"closed","template":"","meta":{"_exactmetrics_skip_tracking":false,"_exactmetrics_sitenote_active":false,"_exactmetrics_sitenote_note":"","_exactmetrics_sitenote_category":0,"footnotes":""},"class_list":["post-576","page","type-page","status-publish","hentry"],"_links":{"self":[{"href":"https:\/\/84310.fr\/jardin-morierois\/wp-json\/wp\/v2\/pages\/576","targetHints":{"allow":["GET"]}}],"collection":[{"href":"https:\/\/84310.fr\/jardin-morierois\/wp-json\/wp\/v2\/pages"}],"about":[{"href":"https:\/\/84310.fr\/jardin-morierois\/wp-json\/wp\/v2\/types\/page"}],"author":[{"embeddable":true,"href":"https:\/\/84310.fr\/jardin-morierois\/wp-json\/wp\/v2\/users\/1"}],"replies":[{"embeddable":true,"href":"https:\/\/84310.fr\/jardin-morierois\/wp-json\/wp\/v2\/comments?post=576"}],"version-history":[{"count":3,"href":"https:\/\/84310.fr\/jardin-morierois\/wp-json\/wp\/v2\/pages\/576\/revisions"}],"predecessor-version":[{"id":965,"href":"https:\/\/84310.fr\/jardin-morierois\/wp-json\/wp\/v2\/pages\/576\/revisions\/965"}],"wp:attachment":[{"href":"https:\/\/84310.fr\/jardin-morierois\/wp-json\/wp\/v2\/media?parent=576"}],"curies":[{"name":"wp","href":"https:\/\/api.w.org\/{rel}","templated":true}]}}