{"id":567,"date":"2016-05-24T20:10:34","date_gmt":"2016-05-24T19:10:34","guid":{"rendered":"http:\/\/84310.fr\/jardin-morierois\/?page_id=567"},"modified":"2016-11-11T08:34:38","modified_gmt":"2016-11-11T07:34:38","slug":"cobra","status":"publish","type":"page","link":"https:\/\/84310.fr\/jardin-morierois\/cobra\/","title":{"rendered":"COBRA"},"content":{"rendered":"<p>Tomate COBRA<\/p>\n<p>c&rsquo;est une tomate que j&rsquo;ai \u00e9chang\u00e9 en d\u00e9but de saison avec un passionn\u00e9 de Gadagne.<\/p>\n<p>La saison \u00e9tait d\u00e9j\u00e0 trop avanc\u00e9e pour pratiquer la greffe , et n&rsquo;ayant quelques plants, j&rsquo;ai du cr\u00e9er un emplacement suppl\u00e9mentaire non pr\u00e9vu dans le jardin, c&rsquo;est devenu l&rsquo;hexagone a tomates.<\/p>\n<h2 style=\"text-align: center;\"><span style=\"color: #ff0000;\"><strong>STATISTIQUES de la saison 2016<\/strong><\/span><\/h2>\n<p><img loading=\"lazy\" decoding=\"async\" class=\"alignnone size-full wp-image-930\" src=\"https:\/\/84310.fr\/jardin-morierois\/wp-content\/uploads\/2016\/03\/cobra.jpg\" alt=\"cobra\" width=\"711\" height=\"101\" srcset=\"https:\/\/84310.fr\/jardin-morierois\/wp-content\/uploads\/2016\/03\/cobra.jpg 711w, https:\/\/84310.fr\/jardin-morierois\/wp-content\/uploads\/2016\/03\/cobra-300x43.jpg 300w\" sizes=\"auto, (max-width: 711px) 100vw, 711px\" \/><\/p>\n<p>les fruits sont gros, bons, le rendement a \u00e9t\u00e9 tr\u00e8s bon 2 plants sur trois<\/p>\n<p><span style=\"color: #ff0000;\"><strong>c&rsquo;est une vari\u00e9t\u00e9 que je referai en 2017 &#8230;<\/strong><\/span><\/p>\n","protected":false},"excerpt":{"rendered":"<p>Tomate COBRA c&rsquo;est une tomate que j&rsquo;ai \u00e9chang\u00e9 en d\u00e9but de saison avec un passionn\u00e9 de Gadagne. La saison \u00e9tait d\u00e9j\u00e0 trop avanc\u00e9e pour pratiquer la greffe , et n&rsquo;ayant quelques plants, j&rsquo;ai du cr\u00e9er un emplacement suppl\u00e9mentaire non pr\u00e9vu&hellip; <\/p>\n","protected":false},"author":1,"featured_media":0,"parent":0,"menu_order":0,"comment_status":"closed","ping_status":"closed","template":"","meta":{"_exactmetrics_skip_tracking":false,"_exactmetrics_sitenote_active":false,"_exactmetrics_sitenote_note":"","_exactmetrics_sitenote_category":0,"footnotes":""},"class_list":["post-567","page","type-page","status-publish","hentry"],"_links":{"self":[{"href":"https:\/\/84310.fr\/jardin-morierois\/wp-json\/wp\/v2\/pages\/567","targetHints":{"allow":["GET"]}}],"collection":[{"href":"https:\/\/84310.fr\/jardin-morierois\/wp-json\/wp\/v2\/pages"}],"about":[{"href":"https:\/\/84310.fr\/jardin-morierois\/wp-json\/wp\/v2\/types\/page"}],"author":[{"embeddable":true,"href":"https:\/\/84310.fr\/jardin-morierois\/wp-json\/wp\/v2\/users\/1"}],"replies":[{"embeddable":true,"href":"https:\/\/84310.fr\/jardin-morierois\/wp-json\/wp\/v2\/comments?post=567"}],"version-history":[{"count":4,"href":"https:\/\/84310.fr\/jardin-morierois\/wp-json\/wp\/v2\/pages\/567\/revisions"}],"predecessor-version":[{"id":977,"href":"https:\/\/84310.fr\/jardin-morierois\/wp-json\/wp\/v2\/pages\/567\/revisions\/977"}],"wp:attachment":[{"href":"https:\/\/84310.fr\/jardin-morierois\/wp-json\/wp\/v2\/media?parent=567"}],"curies":[{"name":"wp","href":"https:\/\/api.w.org\/{rel}","templated":true}]}}