{"id":534,"date":"2016-05-20T22:17:24","date_gmt":"2016-05-20T21:17:24","guid":{"rendered":"http:\/\/84310.fr\/jardin-morierois\/?page_id=534"},"modified":"2016-05-30T14:28:54","modified_gmt":"2016-05-30T13:28:54","slug":"purin-dortie","status":"publish","type":"page","link":"https:\/\/84310.fr\/jardin-morierois\/purin-dortie\/","title":{"rendered":"purin d&rsquo;ortie"},"content":{"rendered":"<p><span style=\"color: #339966;\"><strong>Le 20 Mai 2016<\/strong> <\/span><br \/>\napr\u00e8s avoir lu sur le web tous les bienfaits du fameux purin d&rsquo;ortie, j&rsquo;ai voulu essayer de faire par moi m\u00eame l&rsquo;essai.<\/p>\n<p>du cot\u00e9 des Valayans, sur un bord de petite route pas du tout fr\u00e9quent\u00e9e &#8230; dans le ruisseau, se trouvaient quelques beaux sp\u00e9cimens de la plante recherch\u00e9e.<\/p>\n<p>\u00c9quip\u00e9 de gants mappa et d&rsquo;un s\u00e9cateur, l&rsquo;affaire vu vite dans le sac.. si je puis dire.<\/p>\n<p>Arriv\u00e9 au jardin, la r\u00e9colte s&rsquo;av\u00e8re \u00eatre d&rsquo;un bon kilo 800 grammes ( 1.8 Kg ).<br \/>\n<img loading=\"lazy\" decoding=\"async\" class=\"alignnone size-full wp-image-540\" src=\"https:\/\/84310.fr\/jardin-morierois\/wp-content\/uploads\/2016\/05\/DSCN2292.jpg\" alt=\"DSCN2292\" width=\"800\" height=\"600\" srcset=\"https:\/\/84310.fr\/jardin-morierois\/wp-content\/uploads\/2016\/05\/DSCN2292.jpg 800w, https:\/\/84310.fr\/jardin-morierois\/wp-content\/uploads\/2016\/05\/DSCN2292-300x225.jpg 300w, https:\/\/84310.fr\/jardin-morierois\/wp-content\/uploads\/2016\/05\/DSCN2292-768x576.jpg 768w\" sizes=\"auto, (max-width: 800px) 100vw, 800px\" \/><br \/>\nUn vieux seau, 18 litres d&rsquo;eau du puits ( 10 litres pour 1 kilo d&rsquo;ortie ) un s\u00e9cateur pour hacher un peu les plants d&rsquo;Ortie, et un couvercle pour couvrir le r\u00e9cipient.<br \/>\n\u00e0 noter, le r\u00e9cipient a \u00e9t\u00e9 mis \u00e0 l&rsquo;ombre, pour \u00e9viter une trop rapide d\u00e9composition.<br \/>\nil ne reste qu&rsquo;a remuer tous les jours, voir tous les deux jours, .<\/p>\n<p><span style=\"color: #339966;\"><strong>Le 21 Mai 2016<\/strong><span style=\"color: #000000;\"> ( J + 1 )<\/span><\/span><\/p>\n<p><img loading=\"lazy\" decoding=\"async\" class=\"alignnone size-full wp-image-542\" src=\"https:\/\/84310.fr\/jardin-morierois\/wp-content\/uploads\/2016\/05\/DSCN2294.jpg\" alt=\"DSCN2294\" width=\"800\" height=\"600\" srcset=\"https:\/\/84310.fr\/jardin-morierois\/wp-content\/uploads\/2016\/05\/DSCN2294.jpg 800w, https:\/\/84310.fr\/jardin-morierois\/wp-content\/uploads\/2016\/05\/DSCN2294-300x225.jpg 300w, https:\/\/84310.fr\/jardin-morierois\/wp-content\/uploads\/2016\/05\/DSCN2294-768x576.jpg 768w\" sizes=\"auto, (max-width: 800px) 100vw, 800px\" \/><br \/>\nune l\u00e9g\u00e8re odeur s&rsquo;\u00e9chappe, c&rsquo;est tenable<br \/>\n<img loading=\"lazy\" decoding=\"async\" class=\"alignnone size-full wp-image-544\" src=\"https:\/\/84310.fr\/jardin-morierois\/wp-content\/uploads\/2016\/05\/DSCN2296.jpg\" alt=\"DSCN2296\" width=\"800\" height=\"600\" srcset=\"https:\/\/84310.fr\/jardin-morierois\/wp-content\/uploads\/2016\/05\/DSCN2296.jpg 800w, https:\/\/84310.fr\/jardin-morierois\/wp-content\/uploads\/2016\/05\/DSCN2296-300x225.jpg 300w, https:\/\/84310.fr\/jardin-morierois\/wp-content\/uploads\/2016\/05\/DSCN2296-768x576.jpg 768w\" sizes=\"auto, (max-width: 800px) 100vw, 800px\" \/><br \/>\nd\u00e9j\u00e0 quelques bulles apparaissent. la d\u00e9composition est en cours.<\/p>\n<p><span style=\"color: #339966;\"><strong>Le 23 Mai 2016 <\/strong><span style=\"color: #000000;\">( J + 3 )<\/span><\/span><br \/>\nl<img loading=\"lazy\" decoding=\"async\" class=\"alignnone size-full wp-image-554\" src=\"https:\/\/84310.fr\/jardin-morierois\/wp-content\/uploads\/2016\/05\/DSCN2308.jpg\" alt=\"DSCN2308\" width=\"800\" height=\"600\" srcset=\"https:\/\/84310.fr\/jardin-morierois\/wp-content\/uploads\/2016\/05\/DSCN2308.jpg 800w, https:\/\/84310.fr\/jardin-morierois\/wp-content\/uploads\/2016\/05\/DSCN2308-300x225.jpg 300w, https:\/\/84310.fr\/jardin-morierois\/wp-content\/uploads\/2016\/05\/DSCN2308-768x576.jpg 768w\" sizes=\"auto, (max-width: 800px) 100vw, 800px\" \/><\/p>\n<p>le m\u00e9lange au bout de trois jours commence a perdre de sa verdeur en surface &#8230;<\/p>\n<p><img loading=\"lazy\" decoding=\"async\" class=\"alignnone size-full wp-image-555\" src=\"https:\/\/84310.fr\/jardin-morierois\/wp-content\/uploads\/2016\/05\/DSCN2309.jpg\" alt=\"DSCN2309\" width=\"800\" height=\"600\" srcset=\"https:\/\/84310.fr\/jardin-morierois\/wp-content\/uploads\/2016\/05\/DSCN2309.jpg 800w, https:\/\/84310.fr\/jardin-morierois\/wp-content\/uploads\/2016\/05\/DSCN2309-300x225.jpg 300w, https:\/\/84310.fr\/jardin-morierois\/wp-content\/uploads\/2016\/05\/DSCN2309-768x576.jpg 768w\" sizes=\"auto, (max-width: 800px) 100vw, 800px\" \/><\/p>\n<p>une fois la mixture remu\u00e9e, on voit nettement plus de bulles &#8230;<\/p>\n<p><img loading=\"lazy\" decoding=\"async\" class=\"alignnone size-full wp-image-556\" src=\"https:\/\/84310.fr\/jardin-morierois\/wp-content\/uploads\/2016\/05\/DSCN2310.jpg\" alt=\"DSCN2310\" width=\"800\" height=\"600\" srcset=\"https:\/\/84310.fr\/jardin-morierois\/wp-content\/uploads\/2016\/05\/DSCN2310.jpg 800w, https:\/\/84310.fr\/jardin-morierois\/wp-content\/uploads\/2016\/05\/DSCN2310-300x225.jpg 300w, https:\/\/84310.fr\/jardin-morierois\/wp-content\/uploads\/2016\/05\/DSCN2310-768x576.jpg 768w\" sizes=\"auto, (max-width: 800px) 100vw, 800px\" \/><\/p>\n<p>une odeur plus forte se d\u00e9gage maintenant au dessus du r\u00e9cipient, c&rsquo;est encore tenable.<br \/>\n<span style=\"color: #339966;\"><strong>Le 25 Mai 2016 <\/strong><span style=\"color: #000000;\">( J + 5 )<br \/>\n\u00e0 l&rsquo;ouverture du couvercle &#8230; ce n&rsquo;est gu\u00e8re app\u00e9tissant&#8230;<br \/>\n<img loading=\"lazy\" decoding=\"async\" class=\"alignnone size-full wp-image-592\" src=\"https:\/\/84310.fr\/jardin-morierois\/wp-content\/uploads\/2016\/05\/DSCN2328.jpg\" alt=\"DSCN2328\" width=\"800\" height=\"600\" srcset=\"https:\/\/84310.fr\/jardin-morierois\/wp-content\/uploads\/2016\/05\/DSCN2328.jpg 800w, https:\/\/84310.fr\/jardin-morierois\/wp-content\/uploads\/2016\/05\/DSCN2328-300x225.jpg 300w, https:\/\/84310.fr\/jardin-morierois\/wp-content\/uploads\/2016\/05\/DSCN2328-768x576.jpg 768w\" sizes=\"auto, (max-width: 800px) 100vw, 800px\" \/><\/span><\/span><\/p>\n<p>une fois qu&rsquo;on m\u00e9lange un peu &#8230; cela mousse fortement et rapidement.<\/p>\n<p><span style=\"color: #339966;\"><span style=\"color: #000000;\"> <img loading=\"lazy\" decoding=\"async\" class=\"alignnone size-full wp-image-593\" src=\"https:\/\/84310.fr\/jardin-morierois\/wp-content\/uploads\/2016\/05\/DSCN2329.jpg\" alt=\"DSCN2329\" width=\"800\" height=\"600\" srcset=\"https:\/\/84310.fr\/jardin-morierois\/wp-content\/uploads\/2016\/05\/DSCN2329.jpg 800w, https:\/\/84310.fr\/jardin-morierois\/wp-content\/uploads\/2016\/05\/DSCN2329-300x225.jpg 300w, https:\/\/84310.fr\/jardin-morierois\/wp-content\/uploads\/2016\/05\/DSCN2329-768x576.jpg 768w\" sizes=\"auto, (max-width: 800px) 100vw, 800px\" \/><\/span><\/span><\/p>\n<p>l&rsquo;eau est maintenant toute marron, et assez opaque.<\/p>\n<p><span style=\"color: #339966;\"><span style=\"color: #000000;\"> <img loading=\"lazy\" decoding=\"async\" class=\"alignnone size-full wp-image-594\" src=\"https:\/\/84310.fr\/jardin-morierois\/wp-content\/uploads\/2016\/05\/DSCN2330.jpg\" alt=\"DSCN2330\" width=\"800\" height=\"600\" srcset=\"https:\/\/84310.fr\/jardin-morierois\/wp-content\/uploads\/2016\/05\/DSCN2330.jpg 800w, https:\/\/84310.fr\/jardin-morierois\/wp-content\/uploads\/2016\/05\/DSCN2330-300x225.jpg 300w, https:\/\/84310.fr\/jardin-morierois\/wp-content\/uploads\/2016\/05\/DSCN2330-768x576.jpg 768w\" sizes=\"auto, (max-width: 800px) 100vw, 800px\" \/><br \/>\n<\/span><\/span>Une odeur assez forte sort \u00e0 pr\u00e9sent du r\u00e9cipient . A noter, il y a de moins en moins de substances solides, le feuillage est de moins en moins visible .. On voit beaucoup de tiges .<\/p>\n<p>&nbsp;<\/p>\n<p><span style=\"color: #339966;\"><strong>Le 27 Mai 2016 <\/strong><span style=\"color: #000000;\">( J +<\/span><\/span> 7 )<br \/>\napr\u00e8s une forte journ\u00e9e de chaleur, ( 30\u00b0 ) la mixture d\u00e9gage maintenant une forte odeur de &#8230; putr\u00e9faction. il y a beaucoup moins de bulles, et c&rsquo;est de plus en plus liquide, moi qui avais des difficult\u00e9s a remuer tous les v\u00e9g\u00e9taux au d\u00e9but, maintenant c&rsquo;est tr\u00e8s ais\u00e9.<br \/>\nD&rsquo;ici trois jours, je pense qu&rsquo;une s\u00e9ance de filtrage sera n\u00e9cessaire.<\/p>\n<p>&nbsp;<\/p>\n<p><span style=\"color: #339966;\"><strong>Le 28 Mai 2016 <\/strong><span style=\"color: #000000;\">( J +<\/span><\/span> 8 )<br \/>\nje suis all\u00e9 remuer le purin ce soir &#8230; presque plus de bulles, et une odeur qui est dure \u00e0 assumer, une fois qu&rsquo;on l&rsquo;a dans le nez, elle persiste.<br \/>\nLe liquide est marron fonc\u00e9, il ne reste pratiquement plus que les tiges et les nervures des feuilles.<\/p>\n<p>&nbsp;<\/p>\n<p><span style=\"color: #339966;\"><strong>Le 30 Mai 2016 <\/strong><span style=\"color: #000000;\">( J +<\/span><\/span> 10 ) C&rsquo;est le grand jour !!!<br \/>\n<img loading=\"lazy\" decoding=\"async\" class=\"alignnone size-full wp-image-626\" src=\"https:\/\/84310.fr\/jardin-morierois\/wp-content\/uploads\/2016\/05\/DSCN2349.jpg\" alt=\"DSCN2349\" width=\"800\" height=\"600\" srcset=\"https:\/\/84310.fr\/jardin-morierois\/wp-content\/uploads\/2016\/05\/DSCN2349.jpg 800w, https:\/\/84310.fr\/jardin-morierois\/wp-content\/uploads\/2016\/05\/DSCN2349-300x225.jpg 300w, https:\/\/84310.fr\/jardin-morierois\/wp-content\/uploads\/2016\/05\/DSCN2349-768x576.jpg 768w\" sizes=\"auto, (max-width: 800px) 100vw, 800px\" \/><\/p>\n<p>A l&rsquo;ouverture, une bouillie noir\u00e2tre en ressort, l&rsquo;odeur est tr\u00e8s forte.<\/p>\n<p><img loading=\"lazy\" decoding=\"async\" class=\"alignnone size-full wp-image-627\" src=\"https:\/\/84310.fr\/jardin-morierois\/wp-content\/uploads\/2016\/05\/DSCN2350.jpg\" alt=\"DSCN2350\" width=\"800\" height=\"600\" srcset=\"https:\/\/84310.fr\/jardin-morierois\/wp-content\/uploads\/2016\/05\/DSCN2350.jpg 800w, https:\/\/84310.fr\/jardin-morierois\/wp-content\/uploads\/2016\/05\/DSCN2350-300x225.jpg 300w, https:\/\/84310.fr\/jardin-morierois\/wp-content\/uploads\/2016\/05\/DSCN2350-768x576.jpg 768w\" sizes=\"auto, (max-width: 800px) 100vw, 800px\" \/><\/p>\n<p>Une fois la mixture remu\u00e9e, le liquide devient moins fonc\u00e9 mais plus opaque. On voit appara\u00eetre quelques fibres et quelques tiges qui \u00e9taient coinc\u00e9es au fond.<\/p>\n<p><img loading=\"lazy\" decoding=\"async\" class=\"alignnone size-full wp-image-628\" src=\"https:\/\/84310.fr\/jardin-morierois\/wp-content\/uploads\/2016\/05\/DSCN2355.jpg\" alt=\"DSCN2355\" width=\"800\" height=\"600\" srcset=\"https:\/\/84310.fr\/jardin-morierois\/wp-content\/uploads\/2016\/05\/DSCN2355.jpg 800w, https:\/\/84310.fr\/jardin-morierois\/wp-content\/uploads\/2016\/05\/DSCN2355-300x225.jpg 300w, https:\/\/84310.fr\/jardin-morierois\/wp-content\/uploads\/2016\/05\/DSCN2355-768x576.jpg 768w\" sizes=\"auto, (max-width: 800px) 100vw, 800px\" \/><\/p>\n<p>pour une facilit\u00e9 de travail, le seau contenant le m\u00e9lange du purin est sur\u00e9lev\u00e9. un gu\u00e9ridon fera office de plan de travail. Autant travailler dans de bonnes conditions.<\/p>\n<p><img loading=\"lazy\" decoding=\"async\" class=\"alignnone size-full wp-image-629\" src=\"https:\/\/84310.fr\/jardin-morierois\/wp-content\/uploads\/2016\/05\/DSCN2357.jpg\" alt=\"DSCN2357\" width=\"800\" height=\"600\" srcset=\"https:\/\/84310.fr\/jardin-morierois\/wp-content\/uploads\/2016\/05\/DSCN2357.jpg 800w, https:\/\/84310.fr\/jardin-morierois\/wp-content\/uploads\/2016\/05\/DSCN2357-300x225.jpg 300w, https:\/\/84310.fr\/jardin-morierois\/wp-content\/uploads\/2016\/05\/DSCN2357-768x576.jpg 768w\" sizes=\"auto, (max-width: 800px) 100vw, 800px\" \/><br \/>\nLe m\u00e9lange est puis\u00e9 au fond du seau avec une vielle casserole ( recyclage !!! ) un vieil entonnoir et une compresse de gaze vont permettre de filtrer le gros de la mixture.<\/p>\n<p>&nbsp;<\/p>\n<p><img loading=\"lazy\" decoding=\"async\" class=\"alignnone size-full wp-image-630\" src=\"https:\/\/84310.fr\/jardin-morierois\/wp-content\/uploads\/2016\/05\/DSCN2360.jpg\" alt=\"DSCN2360\" width=\"600\" height=\"800\" srcset=\"https:\/\/84310.fr\/jardin-morierois\/wp-content\/uploads\/2016\/05\/DSCN2360.jpg 600w, https:\/\/84310.fr\/jardin-morierois\/wp-content\/uploads\/2016\/05\/DSCN2360-225x300.jpg 225w\" sizes=\"auto, (max-width: 600px) 100vw, 600px\" \/><\/p>\n<p>la filtration n&rsquo;est pas aussi \u00e9vidente que cela peut en avoir l&rsquo;air, en effet, une esp\u00e8ce de vase glaireuse bouche tr\u00e8s rapidement la gaze. il faut la changer \u00e0 chaque bouteille et sans compter le remuage avec un petit b\u00e2ton ou directement au doigt pour avoir un \u00e9coulement qui ne soit pas un filet d&rsquo;eau.<\/p>\n<p><img loading=\"lazy\" decoding=\"async\" class=\"alignnone size-full wp-image-631\" src=\"https:\/\/84310.fr\/jardin-morierois\/wp-content\/uploads\/2016\/05\/DSCN2363.jpg\" alt=\"DSCN2363\" width=\"600\" height=\"800\" srcset=\"https:\/\/84310.fr\/jardin-morierois\/wp-content\/uploads\/2016\/05\/DSCN2363.jpg 600w, https:\/\/84310.fr\/jardin-morierois\/wp-content\/uploads\/2016\/05\/DSCN2363-225x300.jpg 225w\" sizes=\"auto, (max-width: 600px) 100vw, 600px\" \/><\/p>\n<p>les deux derni\u00e8res bouteilles sont remplies sans l&rsquo;aide de la gaze. la mixture du fond du seau est bien trop \u00e9paisse et concentr\u00e9e pour pouvoir \u00eatre filtr\u00e9e.<\/p>\n<p>&nbsp;<\/p>\n<p><img loading=\"lazy\" decoding=\"async\" class=\"alignnone size-full wp-image-632\" src=\"https:\/\/84310.fr\/jardin-morierois\/wp-content\/uploads\/2016\/05\/DSCN2365.jpg\" alt=\"DSCN2365\" width=\"800\" height=\"600\" srcset=\"https:\/\/84310.fr\/jardin-morierois\/wp-content\/uploads\/2016\/05\/DSCN2365.jpg 800w, https:\/\/84310.fr\/jardin-morierois\/wp-content\/uploads\/2016\/05\/DSCN2365-300x225.jpg 300w, https:\/\/84310.fr\/jardin-morierois\/wp-content\/uploads\/2016\/05\/DSCN2365-768x576.jpg 768w\" sizes=\"auto, (max-width: 800px) 100vw, 800px\" \/><\/p>\n<p>le fond du seau, contenant les fibres et tiges non putr\u00e9fi\u00e9es ainsi que la vase glaireuse est vid\u00e9 directement dans les composteurs dans le poulailler.<\/p>\n<p>&nbsp;<\/p>\n<p><img loading=\"lazy\" decoding=\"async\" class=\"alignnone size-full wp-image-633\" src=\"https:\/\/84310.fr\/jardin-morierois\/wp-content\/uploads\/2016\/05\/DSCN2368.jpg\" alt=\"DSCN2368\" width=\"800\" height=\"600\" srcset=\"https:\/\/84310.fr\/jardin-morierois\/wp-content\/uploads\/2016\/05\/DSCN2368.jpg 800w, https:\/\/84310.fr\/jardin-morierois\/wp-content\/uploads\/2016\/05\/DSCN2368-300x225.jpg 300w, https:\/\/84310.fr\/jardin-morierois\/wp-content\/uploads\/2016\/05\/DSCN2368-768x576.jpg 768w\" sizes=\"auto, (max-width: 800px) 100vw, 800px\" \/><\/p>\n<p>pas de jaloux !!! chacun re\u00e7oit sa dose.<\/p>\n<p><img loading=\"lazy\" decoding=\"async\" class=\"alignnone size-full wp-image-634\" src=\"https:\/\/84310.fr\/jardin-morierois\/wp-content\/uploads\/2016\/05\/DSCN2370.jpg\" alt=\"DSCN2370\" width=\"800\" height=\"600\" srcset=\"https:\/\/84310.fr\/jardin-morierois\/wp-content\/uploads\/2016\/05\/DSCN2370.jpg 800w, https:\/\/84310.fr\/jardin-morierois\/wp-content\/uploads\/2016\/05\/DSCN2370-300x225.jpg 300w, https:\/\/84310.fr\/jardin-morierois\/wp-content\/uploads\/2016\/05\/DSCN2370-768x576.jpg 768w\" sizes=\"auto, (max-width: 800px) 100vw, 800px\" \/><\/p>\n<p>les \u00a0\u00bb raclures \u00a0\u00bb et fond de purin d&rsquo;ortie sont connus pour \u00eatre de bons activateurs de compostage<\/p>\n<p><img loading=\"lazy\" decoding=\"async\" class=\"alignnone size-full wp-image-635\" src=\"https:\/\/84310.fr\/jardin-morierois\/wp-content\/uploads\/2016\/05\/DSCN2371.jpg\" alt=\"DSCN2371\" width=\"800\" height=\"600\" srcset=\"https:\/\/84310.fr\/jardin-morierois\/wp-content\/uploads\/2016\/05\/DSCN2371.jpg 800w, https:\/\/84310.fr\/jardin-morierois\/wp-content\/uploads\/2016\/05\/DSCN2371-300x225.jpg 300w, https:\/\/84310.fr\/jardin-morierois\/wp-content\/uploads\/2016\/05\/DSCN2371-768x576.jpg 768w\" sizes=\"auto, (max-width: 800px) 100vw, 800px\" \/><\/p>\n<p>pas de jaloux !!! chacun re\u00e7oit sa dose.<\/p>\n<p><img loading=\"lazy\" decoding=\"async\" class=\"alignnone size-full wp-image-636\" src=\"https:\/\/84310.fr\/jardin-morierois\/wp-content\/uploads\/2016\/05\/DSCN2372.jpg\" alt=\"DSCN2372\" width=\"800\" height=\"600\" srcset=\"https:\/\/84310.fr\/jardin-morierois\/wp-content\/uploads\/2016\/05\/DSCN2372.jpg 800w, https:\/\/84310.fr\/jardin-morierois\/wp-content\/uploads\/2016\/05\/DSCN2372-300x225.jpg 300w, https:\/\/84310.fr\/jardin-morierois\/wp-content\/uploads\/2016\/05\/DSCN2372-768x576.jpg 768w\" sizes=\"auto, (max-width: 800px) 100vw, 800px\" \/><\/p>\n<p>au total, avec 1.8 Kilo d&rsquo;Ortie, et 18 Litres d&rsquo;eau, nous avons obtenu 16 Litres de purin d&rsquo;ortie, dont 4 Litres de \u00a0\u00bb concentr\u00e9 \u00a0\u00bb =&gt; ( fond du seau non filtr\u00e9 ) nous aurions pu tirer un litre, voir peut \u00eatre deux .. grand maximum de plus .. mais pour un premier essai, il ne faut pas trop chipoter &#8230;<\/p>\n<p>&nbsp;<\/p>\n<p><img loading=\"lazy\" decoding=\"async\" class=\"alignnone size-full wp-image-637\" src=\"https:\/\/84310.fr\/jardin-morierois\/wp-content\/uploads\/2016\/05\/DSCN2375.jpg\" alt=\"DSCN2375\" width=\"800\" height=\"600\" srcset=\"https:\/\/84310.fr\/jardin-morierois\/wp-content\/uploads\/2016\/05\/DSCN2375.jpg 800w, https:\/\/84310.fr\/jardin-morierois\/wp-content\/uploads\/2016\/05\/DSCN2375-300x225.jpg 300w, https:\/\/84310.fr\/jardin-morierois\/wp-content\/uploads\/2016\/05\/DSCN2375-768x576.jpg 768w\" sizes=\"auto, (max-width: 800px) 100vw, 800px\" \/><\/p>\n<p>avec les \u00e9tiquettes, c&rsquo;est beaucoup mieux !!!<\/p>\n<p><span style=\"text-decoration: underline;\"><span style=\"color: #008000;\"><strong>POUR CONCLURE<\/strong><\/span><\/span><\/p>\n<p>Le purin d&rsquo;Ortie est tr\u00e8s facile \u00e0 r\u00e9aliser, hormis la cueillette et de le retourner tous les un ou deux jours &#8230; et la mise en bouteille &#8230;.. la nature travaille pour nous.<br \/>\n10 jours ( au lieu de 14 ) auront suffit pour mener \u00e0 bien cette exp\u00e9rience, la douceur de la temp\u00e9rature activant fortement l&rsquo;action de d\u00e9composition des v\u00e9g\u00e9taux.<br \/>\n<span style=\"color: #ff0000;\"><strong>A NOTER :<\/strong><\/span> <span style=\"text-decoration: underline;\"><strong>pensez \u00e0 prendre des gants style Mappa<\/strong> <\/span>car l&rsquo;odeur qu&rsquo;il r\u00e8gne aux alentours n&rsquo;est rien compar\u00e9 \u00e0 l&rsquo;odeur qu&rsquo;on garde sur soi apr\u00e8s avoir \u00e9t\u00e9 en contact direct avec le purin d&rsquo;Ortie. une odeur de pourri que m\u00eame une dizaine de lavages des mains avec divers produits, et lingettes odorantes n&rsquo;a pu enlever. J&rsquo;ai m\u00eame mis du parfum directement sur les doigts &#8230; rien \u00e0 faire !!!<br \/>\n<strong><span style=\"color: #ff0000;\">pour info :<\/span><\/strong><br \/>\n1 Litre de purin d&rsquo;Ortie dans 10 Litres d&rsquo;eau =&gt; un tr\u00e8s bon engrais BIO.<br \/>\n1 Litre de purin d&rsquo;Ortie dans 20 Litres d&rsquo;eau =&gt; un tr\u00e8s bon r\u00e9pulsif \u00e0 insectes parait il.<br \/>\n1 Litre de purin d&rsquo;Ortie PUR dans le composteur =&gt; un tr\u00e8s bon activateur de compostage.<\/p>\n<p><span style=\"color: #ff00ff;\"><strong>Si j&rsquo;y arrive, vous pouvez aussi !!!<\/strong><\/span><\/p>\n","protected":false},"excerpt":{"rendered":"<p>Le 20 Mai 2016 apr\u00e8s avoir lu sur le web tous les bienfaits du fameux purin d&rsquo;ortie, j&rsquo;ai voulu essayer de faire par moi m\u00eame l&rsquo;essai. du cot\u00e9 des Valayans, sur un bord de petite route pas du tout fr\u00e9quent\u00e9e&hellip; <\/p>\n","protected":false},"author":1,"featured_media":0,"parent":0,"menu_order":0,"comment_status":"closed","ping_status":"closed","template":"","meta":{"_exactmetrics_skip_tracking":false,"_exactmetrics_sitenote_active":false,"_exactmetrics_sitenote_note":"","_exactmetrics_sitenote_category":0,"footnotes":""},"class_list":["post-534","page","type-page","status-publish","hentry"],"_links":{"self":[{"href":"https:\/\/84310.fr\/jardin-morierois\/wp-json\/wp\/v2\/pages\/534","targetHints":{"allow":["GET"]}}],"collection":[{"href":"https:\/\/84310.fr\/jardin-morierois\/wp-json\/wp\/v2\/pages"}],"about":[{"href":"https:\/\/84310.fr\/jardin-morierois\/wp-json\/wp\/v2\/types\/page"}],"author":[{"embeddable":true,"href":"https:\/\/84310.fr\/jardin-morierois\/wp-json\/wp\/v2\/users\/1"}],"replies":[{"embeddable":true,"href":"https:\/\/84310.fr\/jardin-morierois\/wp-json\/wp\/v2\/comments?post=534"}],"version-history":[{"count":14,"href":"https:\/\/84310.fr\/jardin-morierois\/wp-json\/wp\/v2\/pages\/534\/revisions"}],"predecessor-version":[{"id":641,"href":"https:\/\/84310.fr\/jardin-morierois\/wp-json\/wp\/v2\/pages\/534\/revisions\/641"}],"wp:attachment":[{"href":"https:\/\/84310.fr\/jardin-morierois\/wp-json\/wp\/v2\/media?parent=534"}],"curies":[{"name":"wp","href":"https:\/\/api.w.org\/{rel}","templated":true}]}}