{"id":502,"date":"2016-05-09T19:44:21","date_gmt":"2016-05-09T18:44:21","guid":{"rendered":"http:\/\/84310.fr\/jardin-morierois\/?page_id=502"},"modified":"2016-05-09T20:00:00","modified_gmt":"2016-05-09T19:00:00","slug":"sac-a-patates-2","status":"publish","type":"page","link":"https:\/\/84310.fr\/jardin-morierois\/sac-a-patates-2\/","title":{"rendered":"sac \u00e0 patates # 2"},"content":{"rendered":"<p><span style=\"color: #ff0000;\"><strong>le 24 Avril<\/strong><span style=\"color: #000000;\"> , nouvelle exp\u00e9rience du sac \u00e0 patates.<\/span><\/span><\/p>\n<p>il me restait une quinzaine de patates, pourquoi ne pas \u00e9tendre l&rsquo;exp\u00e9rience du sac \u00e0 patates en plus important ?<\/p>\n<p><img loading=\"lazy\" decoding=\"async\" class=\"alignnone size-full wp-image-490\" src=\"https:\/\/84310.fr\/jardin-morierois\/wp-content\/uploads\/2016\/04\/DSCN2150.jpg\" alt=\"DSCN2150\" width=\"800\" height=\"600\" srcset=\"https:\/\/84310.fr\/jardin-morierois\/wp-content\/uploads\/2016\/04\/DSCN2150.jpg 800w, https:\/\/84310.fr\/jardin-morierois\/wp-content\/uploads\/2016\/04\/DSCN2150-300x225.jpg 300w, https:\/\/84310.fr\/jardin-morierois\/wp-content\/uploads\/2016\/04\/DSCN2150-768x576.jpg 768w\" sizes=\"auto, (max-width: 800px) 100vw, 800px\" \/><br \/>\n3 vieux sacs de terreau roul\u00e9s avec au fond, un m\u00e9lange de terreau, de compost maison, terre du jardin, et un peu de fumier de cheval &#8230;. (sans oublier de percer les sacs pour l&rsquo;\u00e9vacuation de l&rsquo;eau )<\/p>\n<p><span style=\"color: #ff0000;\"><strong>le 9 mai<\/strong> <\/span>, on aper\u00e7oit quelques petites feuilles vertes qui percent la croute de terre ..<\/p>\n<p>c&rsquo;est bien parti !!!\u00a0\u00a0 rendez vous dans quelques semaines !!!!<\/p>\n","protected":false},"excerpt":{"rendered":"<p>le 24 Avril , nouvelle exp\u00e9rience du sac \u00e0 patates. il me restait une quinzaine de patates, pourquoi ne pas \u00e9tendre l&rsquo;exp\u00e9rience du sac \u00e0 patates en plus important ? 3 vieux sacs de terreau roul\u00e9s avec au fond, un&hellip; <\/p>\n","protected":false},"author":1,"featured_media":0,"parent":0,"menu_order":0,"comment_status":"closed","ping_status":"closed","template":"","meta":{"_exactmetrics_skip_tracking":false,"_exactmetrics_sitenote_active":false,"_exactmetrics_sitenote_note":"","_exactmetrics_sitenote_category":0,"footnotes":""},"class_list":["post-502","page","type-page","status-publish","hentry"],"_links":{"self":[{"href":"https:\/\/84310.fr\/jardin-morierois\/wp-json\/wp\/v2\/pages\/502","targetHints":{"allow":["GET"]}}],"collection":[{"href":"https:\/\/84310.fr\/jardin-morierois\/wp-json\/wp\/v2\/pages"}],"about":[{"href":"https:\/\/84310.fr\/jardin-morierois\/wp-json\/wp\/v2\/types\/page"}],"author":[{"embeddable":true,"href":"https:\/\/84310.fr\/jardin-morierois\/wp-json\/wp\/v2\/users\/1"}],"replies":[{"embeddable":true,"href":"https:\/\/84310.fr\/jardin-morierois\/wp-json\/wp\/v2\/comments?post=502"}],"version-history":[{"count":4,"href":"https:\/\/84310.fr\/jardin-morierois\/wp-json\/wp\/v2\/pages\/502\/revisions"}],"predecessor-version":[{"id":507,"href":"https:\/\/84310.fr\/jardin-morierois\/wp-json\/wp\/v2\/pages\/502\/revisions\/507"}],"wp:attachment":[{"href":"https:\/\/84310.fr\/jardin-morierois\/wp-json\/wp\/v2\/media?parent=502"}],"curies":[{"name":"wp","href":"https:\/\/api.w.org\/{rel}","templated":true}]}}