{"id":446,"date":"2016-04-18T16:24:53","date_gmt":"2016-04-18T15:24:53","guid":{"rendered":"http:\/\/84310.fr\/jardin-morierois\/?page_id=446"},"modified":"2016-04-25T20:43:21","modified_gmt":"2016-04-25T19:43:21","slug":"tomates-perdues","status":"publish","type":"page","link":"https:\/\/84310.fr\/jardin-morierois\/tomates-perdues\/","title":{"rendered":"Tomates perdues"},"content":{"rendered":"<p style=\"text-align: center;\">vous vous souvenez des plants de tomates qui ont servi pour la greffe ?<\/p>\n<p><img loading=\"lazy\" decoding=\"async\" class=\"alignnone wp-image-380\" src=\"https:\/\/84310.fr\/jardin-morierois\/wp-content\/uploads\/2016\/03\/DSCN1814-300x260.jpg\" alt=\"DSCN1814\" width=\"273\" height=\"242\" \/>\u00a0 <img loading=\"lazy\" decoding=\"async\" class=\"alignnone wp-image-381\" src=\"https:\/\/84310.fr\/jardin-morierois\/wp-content\/uploads\/2016\/03\/DSCN1818-300x256.jpg\" alt=\"DSCN1818\" width=\"277\" height=\"237\" srcset=\"https:\/\/84310.fr\/jardin-morierois\/wp-content\/uploads\/2016\/03\/DSCN1818-300x256.jpg 300w, https:\/\/84310.fr\/jardin-morierois\/wp-content\/uploads\/2016\/03\/DSCN1818-768x655.jpg 768w, https:\/\/84310.fr\/jardin-morierois\/wp-content\/uploads\/2016\/03\/DSCN1818.jpg 800w\" sizes=\"auto, (max-width: 277px) 100vw, 277px\" \/><br \/>\ncertains de ces plants ont repris de la vigueur, se sont mis \u00e0 pousser , et comme on ne jette rien, pourquoi ne pas les planter ?<\/p>\n<p>perdu pour perdu ? que risque t on ? mis \u00e0 par la perte de l&rsquo;espace qu&rsquo;ils vont occuper.<\/p>\n<p style=\"text-align: center;\"><strong>Le 18 Avril,<\/strong> il a \u00e9t\u00e9 plant\u00e9 44 plants de tomates perdues,\n<\/p>\n<p><img loading=\"lazy\" decoding=\"async\" class=\"alignnone size-full wp-image-448\" src=\"https:\/\/84310.fr\/jardin-morierois\/wp-content\/uploads\/2016\/04\/DSCN1950.jpg\" alt=\"DSCN1950\" width=\"600\" height=\"800\" srcset=\"https:\/\/84310.fr\/jardin-morierois\/wp-content\/uploads\/2016\/04\/DSCN1950.jpg 600w, https:\/\/84310.fr\/jardin-morierois\/wp-content\/uploads\/2016\/04\/DSCN1950-225x300.jpg 225w\" sizes=\"auto, (max-width: 600px) 100vw, 600px\" \/><\/p>\n<p><img loading=\"lazy\" decoding=\"async\" class=\"alignnone size-full wp-image-449\" src=\"https:\/\/84310.fr\/jardin-morierois\/wp-content\/uploads\/2016\/04\/DSCN1951.jpg\" alt=\"DSCN1951\" width=\"600\" height=\"800\" srcset=\"https:\/\/84310.fr\/jardin-morierois\/wp-content\/uploads\/2016\/04\/DSCN1951.jpg 600w, https:\/\/84310.fr\/jardin-morierois\/wp-content\/uploads\/2016\/04\/DSCN1951-225x300.jpg 225w\" sizes=\"auto, (max-width: 600px) 100vw, 600px\" \/>\u00a044 plants pour aujourd&rsquo;hui, en attendant que les autres plants perdus se d\u00e9veloppent plus pour accepter la mise en terre, sans compter les greffes futures<\/p>\n<p style=\"text-align: center;\"><strong>Le 24 Avril<\/strong>, 29 autres plants mis en terre, ce qui porte le total \u00e0 73.<br \/>\n<a href=\"https:\/\/84310.fr\/jardin-morierois\/noires\/\" target=\"_blank\"><br \/>\n<\/a><img loading=\"lazy\" decoding=\"async\" class=\"alignnone size-full wp-image-468\" src=\"https:\/\/84310.fr\/jardin-morierois\/wp-content\/uploads\/2016\/04\/DSCN2088.jpg\" alt=\"DSCN2088\" width=\"800\" height=\"600\" srcset=\"https:\/\/84310.fr\/jardin-morierois\/wp-content\/uploads\/2016\/04\/DSCN2088.jpg 800w, https:\/\/84310.fr\/jardin-morierois\/wp-content\/uploads\/2016\/04\/DSCN2088-300x225.jpg 300w, https:\/\/84310.fr\/jardin-morierois\/wp-content\/uploads\/2016\/04\/DSCN2088-768x576.jpg 768w\" sizes=\"auto, (max-width: 800px) 100vw, 800px\" \/><\/p>\n<p>&nbsp;<\/p>\n<p><img loading=\"lazy\" decoding=\"async\" class=\"alignnone size-full wp-image-469\" src=\"https:\/\/84310.fr\/jardin-morierois\/wp-content\/uploads\/2016\/04\/DSCN2089.jpg\" alt=\"DSCN2089\" width=\"800\" height=\"600\" srcset=\"https:\/\/84310.fr\/jardin-morierois\/wp-content\/uploads\/2016\/04\/DSCN2089.jpg 800w, https:\/\/84310.fr\/jardin-morierois\/wp-content\/uploads\/2016\/04\/DSCN2089-300x225.jpg 300w, https:\/\/84310.fr\/jardin-morierois\/wp-content\/uploads\/2016\/04\/DSCN2089-768x576.jpg 768w\" sizes=\"auto, (max-width: 800px) 100vw, 800px\" \/><\/p>\n<p>&nbsp;<\/p>\n<p>&nbsp;<\/p>\n","protected":false},"excerpt":{"rendered":"<p>vous vous souvenez des plants de tomates qui ont servi pour la greffe ? \u00a0 certains de ces plants ont repris de la vigueur, se sont mis \u00e0 pousser , et comme on ne jette rien, pourquoi ne pas les&hellip; <\/p>\n","protected":false},"author":1,"featured_media":0,"parent":0,"menu_order":0,"comment_status":"closed","ping_status":"closed","template":"","meta":{"_exactmetrics_skip_tracking":false,"_exactmetrics_sitenote_active":false,"_exactmetrics_sitenote_note":"","_exactmetrics_sitenote_category":0,"footnotes":""},"class_list":["post-446","page","type-page","status-publish","hentry"],"_links":{"self":[{"href":"https:\/\/84310.fr\/jardin-morierois\/wp-json\/wp\/v2\/pages\/446","targetHints":{"allow":["GET"]}}],"collection":[{"href":"https:\/\/84310.fr\/jardin-morierois\/wp-json\/wp\/v2\/pages"}],"about":[{"href":"https:\/\/84310.fr\/jardin-morierois\/wp-json\/wp\/v2\/types\/page"}],"author":[{"embeddable":true,"href":"https:\/\/84310.fr\/jardin-morierois\/wp-json\/wp\/v2\/users\/1"}],"replies":[{"embeddable":true,"href":"https:\/\/84310.fr\/jardin-morierois\/wp-json\/wp\/v2\/comments?post=446"}],"version-history":[{"count":6,"href":"https:\/\/84310.fr\/jardin-morierois\/wp-json\/wp\/v2\/pages\/446\/revisions"}],"predecessor-version":[{"id":471,"href":"https:\/\/84310.fr\/jardin-morierois\/wp-json\/wp\/v2\/pages\/446\/revisions\/471"}],"wp:attachment":[{"href":"https:\/\/84310.fr\/jardin-morierois\/wp-json\/wp\/v2\/media?parent=446"}],"curies":[{"name":"wp","href":"https:\/\/api.w.org\/{rel}","templated":true}]}}