{"id":3275,"date":"2021-03-09T21:46:38","date_gmt":"2021-03-09T20:46:38","guid":{"rendered":"http:\/\/84310.fr\/jardin-morierois\/?page_id=3275"},"modified":"2021-05-21T20:53:02","modified_gmt":"2021-05-21T19:53:02","slug":"tomates-2021","status":"publish","type":"page","link":"https:\/\/84310.fr\/jardin-morierois\/tomates-2021\/","title":{"rendered":"Tomates 2021"},"content":{"rendered":"<p>Cette ann\u00e9e, comme les ann\u00e9es pr\u00e9c\u00e9dentes, j&rsquo;avais promis de faire moins &#8230;<\/p>\n<p>moins de vari\u00e9t\u00e9s, et surtout moins en nombre &#8230;.<\/p>\n<p>j&rsquo;ai presque r\u00e9ussi, j&rsquo;en suis pour le moment \u00e0 ce jour \u00e0 319 officielles, et \u00e0 presque une centaine de \u00a0\u00bb non officielles \u00ab\u00a0, c&rsquo;est \u00e0 dire, que j&rsquo;ai sem\u00e9 en vrac, toutes une cat\u00e9gorie de vieilles graines, pour voir si elles \u00e9taient encore valables, histoire de r\u00e9cup\u00e9rer un plan ou deux pour avoir de la continuit\u00e9 de graines &#8230;<\/p>\n<p>donc tout n&rsquo;est pas encore sorti, mais je dirai &#8230; au moins plus de 400 plants pour le moment..<br \/>\nLes Vari\u00e9t\u00e9s sont les suivantes :<\/p>\n<p>1884<br \/>\nAncienne<br \/>\nAunt Ruby\u2019s German Green<br \/>\nBeaut\u00e9 Blanche du Canada<br \/>\nBeef<br \/>\nBlack Aisberg<br \/>\nBlack From TULA<br \/>\nCasaque Rouge (feuille patate)<br \/>\nCoeur de Boeuf<br \/>\nCoppia Orange strill\u00e9e<br \/>\nDinner Plate<br \/>\nGreat White<br \/>\nGreen COPIA<br \/>\nGreen Zebra<br \/>\nGregori Alta\u00ef<br \/>\nLongue ray\u00e9e Christine<br \/>\nNoire Charbonneuse<br \/>\nPersimmon<br \/>\nPotiron \u00c9carlate<br \/>\nRoyale des Guineaux<br \/>\nSainte Lucie<br \/>\nStripped German<br \/>\nStripped German Bicolore<br \/>\nT\u00e9ton de V\u00e9nus Rose<br \/>\nT\u00e9ton de V\u00e9nus BLANCHE<\/p>\n<p>et pour les tomates cerise &#8230;<\/p>\n<p>Cerise NOIRE<br \/>\nCocktail<br \/>\nGold Nugget<br \/>\nGouttes JAUNES<br \/>\nGouttes ROUGES<br \/>\nMiel du Mexique<br \/>\nP20 Bleue<br \/>\nPetit Moineaux<br \/>\nPetites Grappes<br \/>\nPrune NOIRE<br \/>\nRaisin VERT<br \/>\nVigoureuse Christine<br \/>\nWhite Snow<\/p>\n<p>et mes graines perdues,<\/p>\n<p>Balck Trif\u00e8le<br \/>\nCornue des andes<br \/>\nGreen Zebra<br \/>\nMatina<br \/>\nMerveille des march\u00e9s<br \/>\nMini Roma<br \/>\nPyros<br \/>\nSaint Pierre<\/p>\n<p>Finalement, beaucoup de graines sont sorties , et encore d&rsquo;autres sont en train de sortie<\/p>\n<p><img loading=\"lazy\" decoding=\"async\" class=\"alignnone size-full wp-image-3329\" src=\"https:\/\/84310.fr\/jardin-morierois\/wp-content\/uploads\/2021\/04\/DSCN3223.jpg\" alt=\"\" width=\"800\" height=\"600\" srcset=\"https:\/\/84310.fr\/jardin-morierois\/wp-content\/uploads\/2021\/04\/DSCN3223.jpg 800w, https:\/\/84310.fr\/jardin-morierois\/wp-content\/uploads\/2021\/04\/DSCN3223-300x225.jpg 300w, https:\/\/84310.fr\/jardin-morierois\/wp-content\/uploads\/2021\/04\/DSCN3223-768x576.jpg 768w\" sizes=\"auto, (max-width: 800px) 100vw, 800px\" \/>C <img loading=\"lazy\" decoding=\"async\" class=\"alignnone size-full wp-image-3328\" src=\"https:\/\/84310.fr\/jardin-morierois\/wp-content\/uploads\/2021\/04\/DSCN3222.jpg\" alt=\"\" width=\"800\" height=\"600\" srcset=\"https:\/\/84310.fr\/jardin-morierois\/wp-content\/uploads\/2021\/04\/DSCN3222.jpg 800w, https:\/\/84310.fr\/jardin-morierois\/wp-content\/uploads\/2021\/04\/DSCN3222-300x225.jpg 300w, https:\/\/84310.fr\/jardin-morierois\/wp-content\/uploads\/2021\/04\/DSCN3222-768x576.jpg 768w\" sizes=\"auto, (max-width: 800px) 100vw, 800px\" \/><img loading=\"lazy\" decoding=\"async\" class=\"alignnone size-full wp-image-3330\" src=\"https:\/\/84310.fr\/jardin-morierois\/wp-content\/uploads\/2021\/04\/DSCN3224.jpg\" alt=\"\" width=\"800\" height=\"600\" srcset=\"https:\/\/84310.fr\/jardin-morierois\/wp-content\/uploads\/2021\/04\/DSCN3224.jpg 800w, https:\/\/84310.fr\/jardin-morierois\/wp-content\/uploads\/2021\/04\/DSCN3224-300x225.jpg 300w, https:\/\/84310.fr\/jardin-morierois\/wp-content\/uploads\/2021\/04\/DSCN3224-768x576.jpg 768w\" sizes=\"auto, (max-width: 800px) 100vw, 800px\" \/> <img loading=\"lazy\" decoding=\"async\" class=\"alignnone size-full wp-image-3331\" src=\"https:\/\/84310.fr\/jardin-morierois\/wp-content\/uploads\/2021\/04\/DSCN3225.jpg\" alt=\"\" width=\"800\" height=\"600\" srcset=\"https:\/\/84310.fr\/jardin-morierois\/wp-content\/uploads\/2021\/04\/DSCN3225.jpg 800w, https:\/\/84310.fr\/jardin-morierois\/wp-content\/uploads\/2021\/04\/DSCN3225-300x225.jpg 300w, https:\/\/84310.fr\/jardin-morierois\/wp-content\/uploads\/2021\/04\/DSCN3225-768x576.jpg 768w\" sizes=\"auto, (max-width: 800px) 100vw, 800px\" \/> <img loading=\"lazy\" decoding=\"async\" class=\"alignnone size-full wp-image-3332\" src=\"https:\/\/84310.fr\/jardin-morierois\/wp-content\/uploads\/2021\/04\/DSCN3226.jpg\" alt=\"\" width=\"800\" height=\"600\" srcset=\"https:\/\/84310.fr\/jardin-morierois\/wp-content\/uploads\/2021\/04\/DSCN3226.jpg 800w, https:\/\/84310.fr\/jardin-morierois\/wp-content\/uploads\/2021\/04\/DSCN3226-300x225.jpg 300w, https:\/\/84310.fr\/jardin-morierois\/wp-content\/uploads\/2021\/04\/DSCN3226-768x576.jpg 768w\" sizes=\"auto, (max-width: 800px) 100vw, 800px\" \/><\/p>\n<p>Le total de plants pour cette saison 2021 est entre 750 et 800 &#8230;.<\/p>\n<h5><span style=\"color: #800080;\"><strong>30 AVRIL 2021<\/strong><\/span><\/h5>\n<p><strong>14 premi\u00e8res tomates mises en\u00a0 terre.<\/strong><\/p>\n<p>Cela me d\u00e9mangeait fortement, mais \u00e7a y est !!<br \/>\nmes premi\u00e8res tomates sont en terre \u202614 donc 2 fois 7 sortes diff\u00e9rentes !!!<br \/>\nElles ont \u00e9t\u00e9 mises par paires dans deux des trois nouveaux rectangles potagers.<\/p>\n<p>ceci dit, c\u2019est symbolique et cela ne repr\u00e9sente que <strong>10% des tomates qui seront plant\u00e9es.<\/strong><\/p>\n<p><img loading=\"lazy\" decoding=\"async\" class=\"alignnone size-full wp-image-3422\" src=\"https:\/\/84310.fr\/jardin-morierois\/wp-content\/uploads\/2021\/04\/DSCN3298.jpg\" alt=\"\" width=\"800\" height=\"600\" srcset=\"https:\/\/84310.fr\/jardin-morierois\/wp-content\/uploads\/2021\/04\/DSCN3298.jpg 800w, https:\/\/84310.fr\/jardin-morierois\/wp-content\/uploads\/2021\/04\/DSCN3298-300x225.jpg 300w, https:\/\/84310.fr\/jardin-morierois\/wp-content\/uploads\/2021\/04\/DSCN3298-768x576.jpg 768w\" sizes=\"auto, (max-width: 800px) 100vw, 800px\" \/><br \/>\nElles ont \u00e9t\u00e9 plant\u00e9es dans les deux premiers rectangles potagers.<br \/>\n<img loading=\"lazy\" decoding=\"async\" class=\"alignnone size-full wp-image-3420\" src=\"https:\/\/84310.fr\/jardin-morierois\/wp-content\/uploads\/2021\/04\/DSCN3296.jpg\" alt=\"\" width=\"800\" height=\"600\" srcset=\"https:\/\/84310.fr\/jardin-morierois\/wp-content\/uploads\/2021\/04\/DSCN3296.jpg 800w, https:\/\/84310.fr\/jardin-morierois\/wp-content\/uploads\/2021\/04\/DSCN3296-300x225.jpg 300w, https:\/\/84310.fr\/jardin-morierois\/wp-content\/uploads\/2021\/04\/DSCN3296-768x576.jpg 768w\" sizes=\"auto, (max-width: 800px) 100vw, 800px\" \/><\/p>\n<p>Le reste suivra dans les jours qui viennent, suivant la m\u00e9t\u00e9o ( cela fait quelques jours qu&rsquo;il pleut ) et le temps que j&rsquo;aurai \u00e0 ma disposition pour retourner le terrain ou les plantations sortantes ( salades, m\u00e2che, cotes de blettes etc.. ) sont toujours en place et doivent laisser la place aux 134 autres plants de tomates qu&rsquo;il me reste \u00e0 planter.<\/p>\n<p>&nbsp;<\/p>\n<h5>6 MAI 2021<\/h5>\n<p>apr\u00e8s avoir enlev\u00e9 tous les choux, qui n&rsquo;ont finalement pas donn\u00e9 grand chose ( je ne pense pas en faire d&rsquo;autres de ce type l\u00e0 les ann\u00e9es \u00e0 venir ) et les quelques m\u00e2ches qui ont commenc\u00e9 \u00e0 monter en graine, j&rsquo;ai ai profit\u00e9 pour passer un coup rapide de motoculteur ( bouhhh , je sais c&rsquo;est pas bien ) mais je n&rsquo;ai ni le temps, ni le dos n\u00e9cessaire pour pouvoir le faire \u00e0 l&rsquo;ancienne, ou la la grelinette.<\/p>\n<p><img loading=\"lazy\" decoding=\"async\" class=\"alignnone size-full wp-image-3459\" src=\"https:\/\/84310.fr\/jardin-morierois\/wp-content\/uploads\/2021\/05\/DSCN3315.jpg\" alt=\"\" width=\"800\" height=\"600\" srcset=\"https:\/\/84310.fr\/jardin-morierois\/wp-content\/uploads\/2021\/05\/DSCN3315.jpg 800w, https:\/\/84310.fr\/jardin-morierois\/wp-content\/uploads\/2021\/05\/DSCN3315-300x225.jpg 300w, https:\/\/84310.fr\/jardin-morierois\/wp-content\/uploads\/2021\/05\/DSCN3315-768x576.jpg 768w\" sizes=\"auto, (max-width: 800px) 100vw, 800px\" \/><br \/>\nVoici la premi\u00e8re double rang\u00e9e de tomates. encadr\u00e9e de chaque cot\u00e9 d&rsquo;une double rang\u00e9e de haricots \/ petits pois.<br \/>\nCette Ann\u00e9e j&rsquo;ai une organisation bien particuli\u00e8re pour les vari\u00e9t\u00e9s de tomates que j&rsquo;ai choisi de faire. J&rsquo;ai pris les vari\u00e9t\u00e9s de l&rsquo;ann\u00e9e derni\u00e8re qui ont un le plus grand rendement, les 6 plus fortes productions, et j&rsquo;ai mis 9 plants de chaque. les autres vari\u00e9t\u00e9s, ( 42 ) ne sont plant\u00e9es qu&rsquo;en deux exemplaires, ( histoire d&rsquo;avoir des graines r\u00e9centes pour les ann\u00e9es \u00e0 venir )<br \/>\n<img loading=\"lazy\" decoding=\"async\" class=\"alignnone size-full wp-image-3460\" src=\"https:\/\/84310.fr\/jardin-morierois\/wp-content\/uploads\/2021\/05\/DSCN3332.jpg\" alt=\"\" width=\"800\" height=\"600\" srcset=\"https:\/\/84310.fr\/jardin-morierois\/wp-content\/uploads\/2021\/05\/DSCN3332.jpg 800w, https:\/\/84310.fr\/jardin-morierois\/wp-content\/uploads\/2021\/05\/DSCN3332-300x225.jpg 300w, https:\/\/84310.fr\/jardin-morierois\/wp-content\/uploads\/2021\/05\/DSCN3332-768x576.jpg 768w\" sizes=\"auto, (max-width: 800px) 100vw, 800px\" \/><br \/>\nPar la suite, une l\u00e9g\u00e8re couche de tonte fra\u00eeche a \u00e9t\u00e9 dispos\u00e9e entre les deux rang\u00e9es et aux pieds des tomates. elle sera agr\u00e9ment\u00e9e d&rsquo;ici peu d&rsquo;une bonne couche de foin ( pour faire un paillage, ou plut\u00f4t un fouinage )<\/p>\n<h5><strong><span style=\"color: #993366;\">7 MAI 2021<\/span><\/strong><\/h5>\n<p><img loading=\"lazy\" decoding=\"async\" class=\"alignnone size-full wp-image-3462\" src=\"https:\/\/84310.fr\/jardin-morierois\/wp-content\/uploads\/2021\/05\/DSCN3321.jpg\" alt=\"\" width=\"800\" height=\"600\" srcset=\"https:\/\/84310.fr\/jardin-morierois\/wp-content\/uploads\/2021\/05\/DSCN3321.jpg 800w, https:\/\/84310.fr\/jardin-morierois\/wp-content\/uploads\/2021\/05\/DSCN3321-300x225.jpg 300w, https:\/\/84310.fr\/jardin-morierois\/wp-content\/uploads\/2021\/05\/DSCN3321-768x576.jpg 768w\" sizes=\"auto, (max-width: 800px) 100vw, 800px\" \/><br \/>\nApr\u00e8s avoir enlev\u00e9 les derni\u00e8res m\u00e2ches mont\u00e9es en graine de ce cot\u00e9 l\u00e0 aussi, cueilli les derni\u00e8res petites pousses et rejetons de salades, et donn\u00e9 les salades mont\u00e9es au tortues des voisins et amis ( l\u00e0 aussi, un rapide coup de motoculteur pour casser la duret\u00e9 du sol )<br \/>\n<img loading=\"lazy\" decoding=\"async\" class=\"alignnone size-full wp-image-3463\" src=\"https:\/\/84310.fr\/jardin-morierois\/wp-content\/uploads\/2021\/05\/DSCN3331-scaled.jpg\" alt=\"\" width=\"2560\" height=\"1920\" srcset=\"https:\/\/84310.fr\/jardin-morierois\/wp-content\/uploads\/2021\/05\/DSCN3331-scaled.jpg 2560w, https:\/\/84310.fr\/jardin-morierois\/wp-content\/uploads\/2021\/05\/DSCN3331-300x225.jpg 300w, https:\/\/84310.fr\/jardin-morierois\/wp-content\/uploads\/2021\/05\/DSCN3331-1024x768.jpg 1024w, https:\/\/84310.fr\/jardin-morierois\/wp-content\/uploads\/2021\/05\/DSCN3331-768x576.jpg 768w, https:\/\/84310.fr\/jardin-morierois\/wp-content\/uploads\/2021\/05\/DSCN3331-1536x1152.jpg 1536w, https:\/\/84310.fr\/jardin-morierois\/wp-content\/uploads\/2021\/05\/DSCN3331-2048x1536.jpg 2048w\" sizes=\"auto, (max-width: 2560px) 100vw, 2560px\" \/><\/p>\n<p>Voici encore 22 tomates de plus en terre.2 x 9 + 2 x 2 , et \u00e0 droite on voit une double rang\u00e9e de haricots verts pour s\u00e9parer la future double rang\u00e9e de tomates qui va venir \u00e0 droite une fois que les petits pois auront \u00e9t\u00e9 ramass\u00e9s.<\/p>\n<h5><span style=\"color: #993366;\"><strong>9 MAI 2021<\/strong><\/span><\/h5>\n<p>un petit investissement pour les tomates, une fois n&rsquo;est pas coutume, il fallait bien.<br \/>\nj&rsquo;ai d\u00e9j\u00e0 en utilisation depuis de longues ann\u00e9es pour les tomates, des tiges en fer galvanis\u00e9,<br \/>\nce matin dans une grande surface sp\u00e9cialis\u00e9e, j&rsquo;ai fait une bonne affaire, une tr\u00e8s tr\u00e8s\u00a0 bonne affaire&#8230;<br \/>\n<img loading=\"lazy\" decoding=\"async\" class=\"alignnone size-full wp-image-3487\" src=\"https:\/\/84310.fr\/jardin-morierois\/wp-content\/uploads\/2021\/05\/DSCN3352.jpg\" alt=\"\" width=\"800\" height=\"600\" srcset=\"https:\/\/84310.fr\/jardin-morierois\/wp-content\/uploads\/2021\/05\/DSCN3352.jpg 800w, https:\/\/84310.fr\/jardin-morierois\/wp-content\/uploads\/2021\/05\/DSCN3352-300x225.jpg 300w, https:\/\/84310.fr\/jardin-morierois\/wp-content\/uploads\/2021\/05\/DSCN3352-768x576.jpg 768w\" sizes=\"auto, (max-width: 800px) 100vw, 800px\" \/><\/p>\n<p>2.50 Euros la tige ( un peu plus cher que le prix habituel qui est de 1.50 mais plus robustes) mais 5 achet\u00e9s + 5 offerts ce qui tombe le prix \u00e0 1.25 pi\u00e8ce, donc moins cher que d&rsquo;habitude.<br \/>\nmais je ne sais pas ce qu&rsquo;a fait l\u2019h\u00f4tesse, ( qui ne savait pas compter, elle s&rsquo;y est reprise \u00e0 plusieurs fois, m\u00eame aid\u00e9e de l\u2019h\u00f4tesse d&rsquo;\u00e0 cot\u00e9, \u00e0 deux, elle n&rsquo;y sont pas arriv\u00e9es, et il a fallu que je compte moi m\u00eame les 40 tiges ) elle a fait des r\u00e9ducs \u00e0 sa fa\u00e7on, et pour finir, les tiges me sont revenues \u00e0 62.5 centimes pi\u00e8ce &#8230; et moins que 60 centimes si on compte que j&rsquo;ai eu 5% de remise suppl\u00e9mentaire suite \u00e0 l&rsquo;ouverture de la carte magasin &#8230;.<\/p>\n<h5><\/h5>\n<h5><span style=\"color: #993366;\"><strong>18 MAI 2021<\/strong><\/span><\/h5>\n<p>c&rsquo;est vrai, j&rsquo;aurai pas d\u00fb acheter des tomates que je n&rsquo;avais pas &#8230;<\/p>\n<p>j&rsquo;ai trouv\u00e9 6 vari\u00e9t\u00e9s curieuses que je n&rsquo;avais pas.\u00a0 ( il y en avait plus mais&#8230; je me suis maitris\u00e9 )<br \/>\nmais comme je prends toujours deux plants de chaque ( au cas ou un n&rsquo;irait pas jusqu&rsquo;au bout &#8230; )<\/p>\n<p>donc \u00e7a fait 12 plants en plus &#8230;..<br \/>\n&#8211; Ananas X 2<br \/>\n&#8211; Golden Jubil\u00e9e<br \/>\n&#8211; Poivron Vincent<br \/>\n&#8211; Black Zebra<br \/>\n&#8211; Bosque Blue<br \/>\n&#8211; Beaut\u00e9 Bleue<\/p>\n<h5><span style=\"color: #800080;\"><strong>19 MAI 2021<\/strong><\/span><\/h5>\n<h5><strong>\u00a0<\/strong><\/h5>\n<p>\u00e7a y est !!! j\u2019ai fini de planter mes 154 tomates \u2026 officielles<\/p>\n<p>c\u2019est celles que j\u2019avais pr\u00e9vu de planter, je ne compte pas celles de ma maman, qui doit en avoir entre 30 et 40 \u2026. dans ses pots de fleurs sur la terrasse\u2026<\/p>\n<p>il va sans dire que je ne vais pas jeter toutes celles qui me restent \u2026 en godet ou en groupe,<\/p>\n<p>je trouverai bien un peu de place pour leur laisser une chance<\/p>\n<p>&nbsp;<\/p>\n<h5><strong>20 MAI 2021<\/strong><\/h5>\n<p>Installation presque finie&#8230;<\/p>\n<p>Si toutes mes tomates officielles sont en terre, il restait \u00e0 r\u00e9aliser les structures qui doivent les supporter.<br \/>\nc&rsquo;est \u00e0 pr\u00e9sent chose faite sur les 4\/5eme des plants officiels.<br \/>\nIl me reste qu&rsquo;a planter quelques tuteurs aux tomates qui sont dans les anciens carr\u00e9s potagers. ( qui ne sont pas carr\u00e9s d&rsquo;ailleurs &#8230; )<\/p>\n<p><img loading=\"lazy\" decoding=\"async\" class=\"alignnone size-full wp-image-3497\" src=\"https:\/\/84310.fr\/jardin-morierois\/wp-content\/uploads\/2021\/05\/DSCN3465.jpg\" alt=\"\" width=\"800\" height=\"1067\" srcset=\"https:\/\/84310.fr\/jardin-morierois\/wp-content\/uploads\/2021\/05\/DSCN3465.jpg 800w, https:\/\/84310.fr\/jardin-morierois\/wp-content\/uploads\/2021\/05\/DSCN3465-225x300.jpg 225w, https:\/\/84310.fr\/jardin-morierois\/wp-content\/uploads\/2021\/05\/DSCN3465-768x1024.jpg 768w\" sizes=\"auto, (max-width: 800px) 100vw, 800px\" \/><br \/>\npremi\u00e8re rang\u00e9e de 2 x 11 tomates<br \/>\n<img loading=\"lazy\" decoding=\"async\" class=\"alignnone size-full wp-image-3498\" src=\"https:\/\/84310.fr\/jardin-morierois\/wp-content\/uploads\/2021\/05\/DSCN3466.jpg\" alt=\"\" width=\"800\" height=\"1067\" srcset=\"https:\/\/84310.fr\/jardin-morierois\/wp-content\/uploads\/2021\/05\/DSCN3466.jpg 800w, https:\/\/84310.fr\/jardin-morierois\/wp-content\/uploads\/2021\/05\/DSCN3466-225x300.jpg 225w, https:\/\/84310.fr\/jardin-morierois\/wp-content\/uploads\/2021\/05\/DSCN3466-768x1024.jpg 768w\" sizes=\"auto, (max-width: 800px) 100vw, 800px\" \/><br \/>\nDeuxi\u00e8me rang\u00e9e de 2 x 11 tomates<br \/>\n<img loading=\"lazy\" decoding=\"async\" class=\"alignnone size-full wp-image-3499\" src=\"https:\/\/84310.fr\/jardin-morierois\/wp-content\/uploads\/2021\/05\/DSCN3467.jpg\" alt=\"\" width=\"800\" height=\"1067\" srcset=\"https:\/\/84310.fr\/jardin-morierois\/wp-content\/uploads\/2021\/05\/DSCN3467.jpg 800w, https:\/\/84310.fr\/jardin-morierois\/wp-content\/uploads\/2021\/05\/DSCN3467-225x300.jpg 225w, https:\/\/84310.fr\/jardin-morierois\/wp-content\/uploads\/2021\/05\/DSCN3467-768x1024.jpg 768w\" sizes=\"auto, (max-width: 800px) 100vw, 800px\" \/><br \/>\nTroisi\u00e8me rang\u00e9e de 2 x 11 tomates &#8230; d&rsquo;un cot\u00e9&#8230;<img loading=\"lazy\" decoding=\"async\" class=\"alignnone size-full wp-image-3502\" src=\"https:\/\/84310.fr\/jardin-morierois\/wp-content\/uploads\/2021\/05\/DSCN3471.jpg\" alt=\"\" width=\"800\" height=\"600\" srcset=\"https:\/\/84310.fr\/jardin-morierois\/wp-content\/uploads\/2021\/05\/DSCN3471.jpg 800w, https:\/\/84310.fr\/jardin-morierois\/wp-content\/uploads\/2021\/05\/DSCN3471-300x225.jpg 300w, https:\/\/84310.fr\/jardin-morierois\/wp-content\/uploads\/2021\/05\/DSCN3471-768x576.jpg 768w\" sizes=\"auto, (max-width: 800px) 100vw, 800px\" \/><br \/>\nEt de l&rsquo;autre &#8230;<br \/>\n<img loading=\"lazy\" decoding=\"async\" class=\"alignnone size-full wp-image-3500\" src=\"https:\/\/84310.fr\/jardin-morierois\/wp-content\/uploads\/2021\/05\/DSCN3469.jpg\" alt=\"\" width=\"800\" height=\"600\" srcset=\"https:\/\/84310.fr\/jardin-morierois\/wp-content\/uploads\/2021\/05\/DSCN3469.jpg 800w, https:\/\/84310.fr\/jardin-morierois\/wp-content\/uploads\/2021\/05\/DSCN3469-300x225.jpg 300w, https:\/\/84310.fr\/jardin-morierois\/wp-content\/uploads\/2021\/05\/DSCN3469-768x576.jpg 768w\" sizes=\"auto, (max-width: 800px) 100vw, 800px\" \/><br \/>\nEt pour finir, la double rang\u00e9e de 24 tomates ( soit 48 )<br \/>\n<img loading=\"lazy\" decoding=\"async\" class=\"alignnone size-full wp-image-3501\" src=\"https:\/\/84310.fr\/jardin-morierois\/wp-content\/uploads\/2021\/05\/DSCN3470.jpg\" alt=\"\" width=\"800\" height=\"600\" srcset=\"https:\/\/84310.fr\/jardin-morierois\/wp-content\/uploads\/2021\/05\/DSCN3470.jpg 800w, https:\/\/84310.fr\/jardin-morierois\/wp-content\/uploads\/2021\/05\/DSCN3470-300x225.jpg 300w, https:\/\/84310.fr\/jardin-morierois\/wp-content\/uploads\/2021\/05\/DSCN3470-768x576.jpg 768w\" sizes=\"auto, (max-width: 800px) 100vw, 800px\" \/> la m\u00eame vue d&rsquo;un autre cot\u00e9<img loading=\"lazy\" decoding=\"async\" class=\"alignnone size-full wp-image-3503\" src=\"https:\/\/84310.fr\/jardin-morierois\/wp-content\/uploads\/2021\/05\/DSCN3472.jpg\" alt=\"\" width=\"800\" height=\"600\" srcset=\"https:\/\/84310.fr\/jardin-morierois\/wp-content\/uploads\/2021\/05\/DSCN3472.jpg 800w, https:\/\/84310.fr\/jardin-morierois\/wp-content\/uploads\/2021\/05\/DSCN3472-300x225.jpg 300w, https:\/\/84310.fr\/jardin-morierois\/wp-content\/uploads\/2021\/05\/DSCN3472-768x576.jpg 768w\" sizes=\"auto, (max-width: 800px) 100vw, 800px\" \/><br \/>\nEt vu d&rsquo;un autre angle &#8230;<br \/>\ndonc, 3 x 2 x 11 + 2 x 24 \u00e7a fait 114 &#8230; plus 26 dans les nouveaux rectangles potagers \u00e7a fait 140 et si on rajoute les 14 ( 8 + 6 ) des anciens carr\u00e9s potagers, \u00e7a fait bien 154.<\/p>\n<p>\u00e0 noter que dans l&rsquo;annexe, j&rsquo;ai plus d&rsquo;une vingtaine de plants qui sont d\u00e9j\u00e0 en terre, ils \u00e9taient esquich\u00e9s dans deux godets, j&rsquo;ai pr\u00e9f\u00e9r\u00e9 les mettre l\u00e0 plut\u00f4t qu&rsquo;ils \u00ab\u00a0meurent\u00a0\u00bb tous .<\/p>\n<p>&nbsp;<\/p>\n<p>&nbsp;<\/p>\n<p>&nbsp;<\/p>\n<p>&nbsp;<\/p>\n<p>&nbsp;<\/p>\n<p>&nbsp;<\/p>\n<p>&nbsp;<\/p>\n<p>&nbsp;<\/p>\n<p>&nbsp;<\/p>\n<p>&nbsp;<\/p>\n<p>&nbsp;<\/p>\n<p>&nbsp;<\/p>\n<p>&nbsp;<\/p>\n<p>&nbsp;<\/p>\n<p>&nbsp;<\/p>\n<p>&nbsp;<\/p>\n<p>&nbsp;<\/p>\n<table style=\"height: 276px;\" border=\"0\" width=\"602\" cellspacing=\"0\">\n<tbody>\n<tr>\n<td align=\"left\" valign=\"bottom\" height=\"17\"><\/td>\n<\/tr>\n<tr>\n<td align=\"left\" valign=\"bottom\" height=\"17\"><\/td>\n<\/tr>\n<tr>\n<td align=\"left\" valign=\"bottom\" height=\"17\"><\/td>\n<\/tr>\n<tr>\n<td align=\"left\" valign=\"bottom\" height=\"17\"><\/td>\n<\/tr>\n<tr>\n<td align=\"left\" valign=\"bottom\" height=\"17\"><\/td>\n<\/tr>\n<tr>\n<td align=\"left\" valign=\"bottom\" height=\"17\"><\/td>\n<\/tr>\n<tr>\n<td align=\"left\" valign=\"bottom\" height=\"17\"><\/td>\n<\/tr>\n<tr>\n<td align=\"left\" valign=\"bottom\" height=\"17\"><\/td>\n<\/tr>\n<\/tbody>\n<\/table>\n","protected":false},"excerpt":{"rendered":"<p>Cette ann\u00e9e, comme les ann\u00e9es pr\u00e9c\u00e9dentes, j&rsquo;avais promis de faire moins &#8230; moins de vari\u00e9t\u00e9s, et surtout moins en nombre &#8230;. j&rsquo;ai presque r\u00e9ussi, j&rsquo;en suis pour le moment \u00e0 ce jour \u00e0 319 officielles, et \u00e0 presque une centaine&hellip; <\/p>\n","protected":false},"author":1,"featured_media":0,"parent":0,"menu_order":0,"comment_status":"closed","ping_status":"closed","template":"","meta":{"_exactmetrics_skip_tracking":false,"_exactmetrics_sitenote_active":false,"_exactmetrics_sitenote_note":"","_exactmetrics_sitenote_category":0,"footnotes":""},"class_list":["post-3275","page","type-page","status-publish","hentry"],"_links":{"self":[{"href":"https:\/\/84310.fr\/jardin-morierois\/wp-json\/wp\/v2\/pages\/3275","targetHints":{"allow":["GET"]}}],"collection":[{"href":"https:\/\/84310.fr\/jardin-morierois\/wp-json\/wp\/v2\/pages"}],"about":[{"href":"https:\/\/84310.fr\/jardin-morierois\/wp-json\/wp\/v2\/types\/page"}],"author":[{"embeddable":true,"href":"https:\/\/84310.fr\/jardin-morierois\/wp-json\/wp\/v2\/users\/1"}],"replies":[{"embeddable":true,"href":"https:\/\/84310.fr\/jardin-morierois\/wp-json\/wp\/v2\/comments?post=3275"}],"version-history":[{"count":10,"href":"https:\/\/84310.fr\/jardin-morierois\/wp-json\/wp\/v2\/pages\/3275\/revisions"}],"predecessor-version":[{"id":3504,"href":"https:\/\/84310.fr\/jardin-morierois\/wp-json\/wp\/v2\/pages\/3275\/revisions\/3504"}],"wp:attachment":[{"href":"https:\/\/84310.fr\/jardin-morierois\/wp-json\/wp\/v2\/media?parent=3275"}],"curies":[{"name":"wp","href":"https:\/\/api.w.org\/{rel}","templated":true}]}}