{"id":3199,"date":"2020-12-17T20:06:56","date_gmt":"2020-12-17T19:06:56","guid":{"rendered":"http:\/\/84310.fr\/jardin-morierois\/?page_id=3199"},"modified":"2020-12-17T20:06:56","modified_gmt":"2020-12-17T19:06:56","slug":"tri-salade-a-cocottes","status":"publish","type":"page","link":"https:\/\/84310.fr\/jardin-morierois\/tri-salade-a-cocottes\/","title":{"rendered":"Tri salade \u00e0 cocottes"},"content":{"rendered":"<p>Un besoin, une n\u00e9cessit\u00e9, il manquait quelque chose pour notre quotidien.<br \/>\nlorsque nous ramassons les salades, nous recyclons les feuilles ind\u00e9sirables, trop grosses, trop dures, sales, ou en partie d\u00e9gust\u00e9es par les limaces, de l&rsquo;autre cot\u00e9 de la barri\u00e8re, du cot\u00e9 des cocottes, qui se r\u00e9galent de nos salades bio.<\/p>\n<p><img loading=\"lazy\" decoding=\"async\" class=\"alignnone size-full wp-image-3200\" src=\"https:\/\/84310.fr\/jardin-morierois\/wp-content\/uploads\/2020\/12\/DSCN2495.jpg\" alt=\"\" width=\"800\" height=\"600\" srcset=\"https:\/\/84310.fr\/jardin-morierois\/wp-content\/uploads\/2020\/12\/DSCN2495.jpg 800w, https:\/\/84310.fr\/jardin-morierois\/wp-content\/uploads\/2020\/12\/DSCN2495-300x225.jpg 300w, https:\/\/84310.fr\/jardin-morierois\/wp-content\/uploads\/2020\/12\/DSCN2495-768x576.jpg 768w\" sizes=\"auto, (max-width: 800px) 100vw, 800px\" \/><\/p>\n<p>Il a fallu replanter des piquets de cl\u00f4ture car les pr\u00e9c\u00e9dents sont cass\u00e9s au niveau du sol. Ils ne tiennent que par le grillage. J&rsquo;ai rajout\u00e9 une planche qui est maintenue sur trois piquets, pour rigidifier l&rsquo;ensemble.<\/p>\n<p><img loading=\"lazy\" decoding=\"async\" class=\"alignnone size-full wp-image-3201\" src=\"https:\/\/84310.fr\/jardin-morierois\/wp-content\/uploads\/2020\/12\/DSCN2496.jpg\" alt=\"\" width=\"800\" height=\"600\" srcset=\"https:\/\/84310.fr\/jardin-morierois\/wp-content\/uploads\/2020\/12\/DSCN2496.jpg 800w, https:\/\/84310.fr\/jardin-morierois\/wp-content\/uploads\/2020\/12\/DSCN2496-300x225.jpg 300w, https:\/\/84310.fr\/jardin-morierois\/wp-content\/uploads\/2020\/12\/DSCN2496-768x576.jpg 768w\" sizes=\"auto, (max-width: 800px) 100vw, 800px\" \/><\/p>\n<p>Une fois pli\u00e9, l&rsquo;ensemble ne tient presque pas de place, et ne g\u00eane pas le passage.<\/p>\n<p><img loading=\"lazy\" decoding=\"async\" class=\"alignnone size-full wp-image-3202\" src=\"https:\/\/84310.fr\/jardin-morierois\/wp-content\/uploads\/2020\/12\/DSCN2497.jpg\" alt=\"\" width=\"800\" height=\"600\" srcset=\"https:\/\/84310.fr\/jardin-morierois\/wp-content\/uploads\/2020\/12\/DSCN2497.jpg 800w, https:\/\/84310.fr\/jardin-morierois\/wp-content\/uploads\/2020\/12\/DSCN2497-300x225.jpg 300w, https:\/\/84310.fr\/jardin-morierois\/wp-content\/uploads\/2020\/12\/DSCN2497-768x576.jpg 768w\" sizes=\"auto, (max-width: 800px) 100vw, 800px\" \/><br \/>\nde vieilles charni\u00e8res retrouv\u00e9es dans le cabanon paternel serviront parfaitement au petit montage.<\/p>\n<p><img loading=\"lazy\" decoding=\"async\" class=\"alignnone size-full wp-image-3203\" src=\"https:\/\/84310.fr\/jardin-morierois\/wp-content\/uploads\/2020\/12\/DSCN2498.jpg\" alt=\"\" width=\"800\" height=\"600\" srcset=\"https:\/\/84310.fr\/jardin-morierois\/wp-content\/uploads\/2020\/12\/DSCN2498.jpg 800w, https:\/\/84310.fr\/jardin-morierois\/wp-content\/uploads\/2020\/12\/DSCN2498-300x225.jpg 300w, https:\/\/84310.fr\/jardin-morierois\/wp-content\/uploads\/2020\/12\/DSCN2498-768x576.jpg 768w\" sizes=\"auto, (max-width: 800px) 100vw, 800px\" \/><br \/>\nUne fois ouvert le plan de travail ( le tri salade \u00e0 cocottes ) offre une surface d&rsquo;environ 53 cm sur 80.<br \/>\n<img loading=\"lazy\" decoding=\"async\" class=\"alignnone size-full wp-image-3204\" src=\"https:\/\/84310.fr\/jardin-morierois\/wp-content\/uploads\/2020\/12\/DSCN2499.jpg\" alt=\"\" width=\"800\" height=\"600\" srcset=\"https:\/\/84310.fr\/jardin-morierois\/wp-content\/uploads\/2020\/12\/DSCN2499.jpg 800w, https:\/\/84310.fr\/jardin-morierois\/wp-content\/uploads\/2020\/12\/DSCN2499-300x225.jpg 300w, https:\/\/84310.fr\/jardin-morierois\/wp-content\/uploads\/2020\/12\/DSCN2499-768x576.jpg 768w\" sizes=\"auto, (max-width: 800px) 100vw, 800px\" \/><br \/>\nle tri salade \u00e0 cocotte est simplement maintenu ouvert par une cale,<\/p>\n<p><img loading=\"lazy\" decoding=\"async\" class=\"alignnone size-full wp-image-3205\" src=\"https:\/\/84310.fr\/jardin-morierois\/wp-content\/uploads\/2020\/12\/DSCN2500-scaled.jpg\" alt=\"\" width=\"2560\" height=\"1920\" srcset=\"https:\/\/84310.fr\/jardin-morierois\/wp-content\/uploads\/2020\/12\/DSCN2500-scaled.jpg 2560w, https:\/\/84310.fr\/jardin-morierois\/wp-content\/uploads\/2020\/12\/DSCN2500-300x225.jpg 300w, https:\/\/84310.fr\/jardin-morierois\/wp-content\/uploads\/2020\/12\/DSCN2500-1024x768.jpg 1024w, https:\/\/84310.fr\/jardin-morierois\/wp-content\/uploads\/2020\/12\/DSCN2500-768x576.jpg 768w, https:\/\/84310.fr\/jardin-morierois\/wp-content\/uploads\/2020\/12\/DSCN2500-1536x1152.jpg 1536w, https:\/\/84310.fr\/jardin-morierois\/wp-content\/uploads\/2020\/12\/DSCN2500-2048x1536.jpg 2048w\" sizes=\"auto, (max-width: 2560px) 100vw, 2560px\" \/><br \/>\nLa cale, un simple bout de bambou, est fix\u00e9 avec un morceau de c\u00e2ble \u00e9lectrique de r\u00e9cup\u00e9ration, pour avoir une mobilit\u00e9 suffisante qui permette de l&rsquo;incliner ou pas suivant l&rsquo;ouverture ou la fermeture.<\/p>\n<p><img loading=\"lazy\" decoding=\"async\" class=\"alignnone size-full wp-image-3206\" src=\"https:\/\/84310.fr\/jardin-morierois\/wp-content\/uploads\/2020\/12\/DSCN2503.jpg\" alt=\"\" width=\"800\" height=\"600\" srcset=\"https:\/\/84310.fr\/jardin-morierois\/wp-content\/uploads\/2020\/12\/DSCN2503.jpg 800w, https:\/\/84310.fr\/jardin-morierois\/wp-content\/uploads\/2020\/12\/DSCN2503-300x225.jpg 300w, https:\/\/84310.fr\/jardin-morierois\/wp-content\/uploads\/2020\/12\/DSCN2503-768x576.jpg 768w\" sizes=\"auto, (max-width: 800px) 100vw, 800px\" \/><br \/>\nLe haut de la cale est simplement maintenu par un rebord fix\u00e9 sous le plan de travail. On aper\u00e7oit un morceau de bolduc, qui sert uniquement \u00e0 ce que la cale ne tombe pas par terre et ne provoque un accident.<br \/>\n<img loading=\"lazy\" decoding=\"async\" class=\"alignnone size-full wp-image-3210\" src=\"https:\/\/84310.fr\/jardin-morierois\/wp-content\/uploads\/2020\/12\/DSCN2507-scaled.jpg\" alt=\"\" width=\"2560\" height=\"1920\" srcset=\"https:\/\/84310.fr\/jardin-morierois\/wp-content\/uploads\/2020\/12\/DSCN2507-scaled.jpg 2560w, https:\/\/84310.fr\/jardin-morierois\/wp-content\/uploads\/2020\/12\/DSCN2507-300x225.jpg 300w, https:\/\/84310.fr\/jardin-morierois\/wp-content\/uploads\/2020\/12\/DSCN2507-1024x768.jpg 1024w, https:\/\/84310.fr\/jardin-morierois\/wp-content\/uploads\/2020\/12\/DSCN2507-768x576.jpg 768w, https:\/\/84310.fr\/jardin-morierois\/wp-content\/uploads\/2020\/12\/DSCN2507-1536x1152.jpg 1536w, https:\/\/84310.fr\/jardin-morierois\/wp-content\/uploads\/2020\/12\/DSCN2507-2048x1536.jpg 2048w\" sizes=\"auto, (max-width: 2560px) 100vw, 2560px\" \/><br \/>\nsur le haut, un autre morceau de c\u00e2ble \u00e9lectrique de r\u00e9cup\u00e9ration permet de maintenir la cale dans une position facile non dangereuse quand elle n&rsquo;est pas utilis\u00e9e.<img loading=\"lazy\" decoding=\"async\" class=\"alignnone size-full wp-image-3207\" src=\"https:\/\/84310.fr\/jardin-morierois\/wp-content\/uploads\/2020\/12\/DSCN2504.jpg\" alt=\"\" width=\"800\" height=\"600\" srcset=\"https:\/\/84310.fr\/jardin-morierois\/wp-content\/uploads\/2020\/12\/DSCN2504.jpg 800w, https:\/\/84310.fr\/jardin-morierois\/wp-content\/uploads\/2020\/12\/DSCN2504-300x225.jpg 300w, https:\/\/84310.fr\/jardin-morierois\/wp-content\/uploads\/2020\/12\/DSCN2504-768x576.jpg 768w\" sizes=\"auto, (max-width: 800px) 100vw, 800px\" \/><br \/>\nLe tout est correctement install\u00e9.<br \/>\n<img loading=\"lazy\" decoding=\"async\" class=\"alignnone size-full wp-image-3208\" src=\"https:\/\/84310.fr\/jardin-morierois\/wp-content\/uploads\/2020\/12\/DSCN2505.jpg\" alt=\"\" width=\"800\" height=\"600\" srcset=\"https:\/\/84310.fr\/jardin-morierois\/wp-content\/uploads\/2020\/12\/DSCN2505.jpg 800w, https:\/\/84310.fr\/jardin-morierois\/wp-content\/uploads\/2020\/12\/DSCN2505-300x225.jpg 300w, https:\/\/84310.fr\/jardin-morierois\/wp-content\/uploads\/2020\/12\/DSCN2505-768x576.jpg 768w\" sizes=\"auto, (max-width: 800px) 100vw, 800px\" \/><br \/>\nInauguration du tri salade \u00e0 cocottes, avec premi\u00e8re utilisation.<\/p>\n<p><img loading=\"lazy\" decoding=\"async\" class=\"alignnone size-full wp-image-3209\" src=\"https:\/\/84310.fr\/jardin-morierois\/wp-content\/uploads\/2020\/12\/DSCN2506.jpg\" alt=\"\" width=\"800\" height=\"600\" srcset=\"https:\/\/84310.fr\/jardin-morierois\/wp-content\/uploads\/2020\/12\/DSCN2506.jpg 800w, https:\/\/84310.fr\/jardin-morierois\/wp-content\/uploads\/2020\/12\/DSCN2506-300x225.jpg 300w, https:\/\/84310.fr\/jardin-morierois\/wp-content\/uploads\/2020\/12\/DSCN2506-768x576.jpg 768w\" sizes=\"auto, (max-width: 800px) 100vw, 800px\" \/><\/p>\n<p>Et voil\u00e0 &#8230; c&rsquo;est fait en un peu plus d&rsquo;une heure, sans plan, sans anticipation, sur le moment avec les moyens du bord, pour un co\u00fbt de ZERO Euro.<br \/>\nPiquets de r\u00e9cup\u00e9ration.<br \/>\nPlanche d\u00e9j\u00e0 en stock.<br \/>\nPaumelles de r\u00e9cup\u00e9rations.<br \/>\nVis et clous d\u00e9j\u00e0 en stock.<br \/>\nBambou d\u00e9j\u00e0 au jardin.<br \/>\nplanchettes et petits bouts de bois pour le plan, r\u00e9cup\u00e9ration au travail.<br \/>\nbouts de c\u00e2bles \u00e9lectriques, r\u00e9cup\u00e9ration en stock.<\/p>\n","protected":false},"excerpt":{"rendered":"<p>Un besoin, une n\u00e9cessit\u00e9, il manquait quelque chose pour notre quotidien. lorsque nous ramassons les salades, nous recyclons les feuilles ind\u00e9sirables, trop grosses, trop dures, sales, ou en partie d\u00e9gust\u00e9es par les limaces, de l&rsquo;autre cot\u00e9 de la barri\u00e8re, du&hellip; <\/p>\n","protected":false},"author":1,"featured_media":0,"parent":0,"menu_order":0,"comment_status":"closed","ping_status":"closed","template":"","meta":{"_exactmetrics_skip_tracking":false,"_exactmetrics_sitenote_active":false,"_exactmetrics_sitenote_note":"","_exactmetrics_sitenote_category":0,"footnotes":""},"class_list":["post-3199","page","type-page","status-publish","hentry"],"_links":{"self":[{"href":"https:\/\/84310.fr\/jardin-morierois\/wp-json\/wp\/v2\/pages\/3199","targetHints":{"allow":["GET"]}}],"collection":[{"href":"https:\/\/84310.fr\/jardin-morierois\/wp-json\/wp\/v2\/pages"}],"about":[{"href":"https:\/\/84310.fr\/jardin-morierois\/wp-json\/wp\/v2\/types\/page"}],"author":[{"embeddable":true,"href":"https:\/\/84310.fr\/jardin-morierois\/wp-json\/wp\/v2\/users\/1"}],"replies":[{"embeddable":true,"href":"https:\/\/84310.fr\/jardin-morierois\/wp-json\/wp\/v2\/comments?post=3199"}],"version-history":[{"count":3,"href":"https:\/\/84310.fr\/jardin-morierois\/wp-json\/wp\/v2\/pages\/3199\/revisions"}],"predecessor-version":[{"id":3213,"href":"https:\/\/84310.fr\/jardin-morierois\/wp-json\/wp\/v2\/pages\/3199\/revisions\/3213"}],"wp:attachment":[{"href":"https:\/\/84310.fr\/jardin-morierois\/wp-json\/wp\/v2\/media?parent=3199"}],"curies":[{"name":"wp","href":"https:\/\/api.w.org\/{rel}","templated":true}]}}