{"id":2964,"date":"2020-03-22T12:39:01","date_gmt":"2020-03-22T11:39:01","guid":{"rendered":"http:\/\/84310.fr\/jardin-morierois\/?page_id=2964"},"modified":"2020-05-19T08:04:47","modified_gmt":"2020-05-19T07:04:47","slug":"2020-concombres","status":"publish","type":"page","link":"https:\/\/84310.fr\/jardin-morierois\/2020-concombres\/","title":{"rendered":"2020 Concombres"},"content":{"rendered":"<h6><span style=\"color: #00ff00;\"><strong>22 MARS 2020<\/strong><\/span><\/h6>\n<p>toujours des \u00e9changes, ce matin on m&rsquo;a apport\u00e9 4 vari\u00e9t\u00e9s de concombres differents :<\/p>\n<ul>\n<li>Concombre d&rsquo;Arm\u00e9nie<\/li>\n<li>Concombre Marketmore<\/li>\n<li>Concombre Long Anglais<\/li>\n<li>Concombre Rollison&rsquo;s T\u00e9l\u00e9graph<\/li>\n<\/ul>\n<p>les graines ont \u00e9t\u00e9 mises \u00e0 tremper le temps de les semer.<br \/>\nj&rsquo;ai deux graines de chaque ( grand merci \u00e0 Christine )<\/p>\n<h6><strong>20 AVRIL 2020<\/strong><\/h6>\n<p>sur les 8 graines donn\u00e9es, 6 sont sorties, ce n&rsquo;est pas grave car j&rsquo;ai au moins un plant de chaque vari\u00e9t\u00e9.<br \/>\nLes plants vont \u00eatre mis en godet individuel, pour une meilleure pousse en attendant la mise en terre.<\/p>\n<h6><strong>19 MAI 2020<\/strong><\/h6>\n<p>&nbsp;<\/p>\n","protected":false},"excerpt":{"rendered":"<p>22 MARS 2020 toujours des \u00e9changes, ce matin on m&rsquo;a apport\u00e9 4 vari\u00e9t\u00e9s de concombres differents : Concombre d&rsquo;Arm\u00e9nie Concombre Marketmore Concombre Long Anglais Concombre Rollison&rsquo;s T\u00e9l\u00e9graph les graines ont \u00e9t\u00e9 mises \u00e0 tremper le temps de les semer. j&rsquo;ai&hellip; <\/p>\n","protected":false},"author":1,"featured_media":0,"parent":0,"menu_order":0,"comment_status":"closed","ping_status":"closed","template":"","meta":{"_exactmetrics_skip_tracking":false,"_exactmetrics_sitenote_active":false,"_exactmetrics_sitenote_note":"","_exactmetrics_sitenote_category":0,"footnotes":""},"class_list":["post-2964","page","type-page","status-publish","hentry"],"_links":{"self":[{"href":"https:\/\/84310.fr\/jardin-morierois\/wp-json\/wp\/v2\/pages\/2964","targetHints":{"allow":["GET"]}}],"collection":[{"href":"https:\/\/84310.fr\/jardin-morierois\/wp-json\/wp\/v2\/pages"}],"about":[{"href":"https:\/\/84310.fr\/jardin-morierois\/wp-json\/wp\/v2\/types\/page"}],"author":[{"embeddable":true,"href":"https:\/\/84310.fr\/jardin-morierois\/wp-json\/wp\/v2\/users\/1"}],"replies":[{"embeddable":true,"href":"https:\/\/84310.fr\/jardin-morierois\/wp-json\/wp\/v2\/comments?post=2964"}],"version-history":[{"count":3,"href":"https:\/\/84310.fr\/jardin-morierois\/wp-json\/wp\/v2\/pages\/2964\/revisions"}],"predecessor-version":[{"id":3195,"href":"https:\/\/84310.fr\/jardin-morierois\/wp-json\/wp\/v2\/pages\/2964\/revisions\/3195"}],"wp:attachment":[{"href":"https:\/\/84310.fr\/jardin-morierois\/wp-json\/wp\/v2\/media?parent=2964"}],"curies":[{"name":"wp","href":"https:\/\/api.w.org\/{rel}","templated":true}]}}