{"id":2924,"date":"2020-01-27T18:56:47","date_gmt":"2020-01-27T17:56:47","guid":{"rendered":"http:\/\/84310.fr\/jardin-morierois\/?page_id=2924"},"modified":"2020-01-27T18:56:47","modified_gmt":"2020-01-27T17:56:47","slug":"pleine-lune-ou-pas","status":"publish","type":"page","link":"https:\/\/84310.fr\/jardin-morierois\/pleine-lune-ou-pas\/","title":{"rendered":"pleine Lune ou pas ?"},"content":{"rendered":"<p>cela fait longtemps&#8230; tr\u00e8s longtemps&#8230; que j&rsquo;entends dire, faut planter, pas planter &#8230; avant, pendant, apr\u00e8s la pleine lune<\/p>\n<p>les anciens suivent, et certains jardinier que je suis dans leur chaine youtube pr\u00e9tendent ne pas avoir vu de diff\u00e9rence notable dans le fait de suivre ou pas le calendrier lunaire &#8230;<\/p>\n<p>ne sachant pas qui \u00e9couter, je me d\u00e9cide de tenter l&rsquo;exp\u00e9rience, je s\u00e8me quand il ne faut pas, et je s\u00e8merai aussi quand il faudra.. et nous verrons bien bien le r\u00e9sultat<\/p>\n<h5><span style=\"color: #ff00ff;\"><strong>le 26 Janvier<\/strong><\/span><\/h5>\n<p>j&rsquo;ai sem\u00e9 une centaine de graine de salades ( 6 vari\u00e9t\u00e9s diff\u00e9rentes, une graine par godet ( plaque )) ainsi que 12 coriandres et 12 ciboulettes<\/p>\n<p>je compte faire la m\u00eame chose d&rsquo;ici une semaine ou dix jours, une fois que la lune aura tourn\u00e9<\/p>\n<p>&nbsp;<\/p>\n","protected":false},"excerpt":{"rendered":"<p>cela fait longtemps&#8230; tr\u00e8s longtemps&#8230; que j&rsquo;entends dire, faut planter, pas planter &#8230; avant, pendant, apr\u00e8s la pleine lune les anciens suivent, et certains jardinier que je suis dans leur chaine youtube pr\u00e9tendent ne pas avoir vu de diff\u00e9rence notable&hellip; <\/p>\n","protected":false},"author":1,"featured_media":0,"parent":0,"menu_order":0,"comment_status":"closed","ping_status":"closed","template":"","meta":{"_exactmetrics_skip_tracking":false,"_exactmetrics_sitenote_active":false,"_exactmetrics_sitenote_note":"","_exactmetrics_sitenote_category":0,"footnotes":""},"class_list":["post-2924","page","type-page","status-publish","hentry"],"_links":{"self":[{"href":"https:\/\/84310.fr\/jardin-morierois\/wp-json\/wp\/v2\/pages\/2924","targetHints":{"allow":["GET"]}}],"collection":[{"href":"https:\/\/84310.fr\/jardin-morierois\/wp-json\/wp\/v2\/pages"}],"about":[{"href":"https:\/\/84310.fr\/jardin-morierois\/wp-json\/wp\/v2\/types\/page"}],"author":[{"embeddable":true,"href":"https:\/\/84310.fr\/jardin-morierois\/wp-json\/wp\/v2\/users\/1"}],"replies":[{"embeddable":true,"href":"https:\/\/84310.fr\/jardin-morierois\/wp-json\/wp\/v2\/comments?post=2924"}],"version-history":[{"count":1,"href":"https:\/\/84310.fr\/jardin-morierois\/wp-json\/wp\/v2\/pages\/2924\/revisions"}],"predecessor-version":[{"id":2925,"href":"https:\/\/84310.fr\/jardin-morierois\/wp-json\/wp\/v2\/pages\/2924\/revisions\/2925"}],"wp:attachment":[{"href":"https:\/\/84310.fr\/jardin-morierois\/wp-json\/wp\/v2\/media?parent=2924"}],"curies":[{"name":"wp","href":"https:\/\/api.w.org\/{rel}","templated":true}]}}