{"id":2573,"date":"2019-03-06T22:09:32","date_gmt":"2019-03-06T21:09:32","guid":{"rendered":"http:\/\/84310.fr\/jardin-morierois\/?page_id=2573"},"modified":"2019-06-02T10:22:57","modified_gmt":"2019-06-02T09:22:57","slug":"2019-choux","status":"publish","type":"page","link":"https:\/\/84310.fr\/jardin-morierois\/2019-choux\/","title":{"rendered":"2019 Choux"},"content":{"rendered":"<h4><span style=\"color: #008080;\"><strong>Mercredi\u00a0 6 Mars 2019<\/strong><\/span><\/h4>\n<p>nous avons sem\u00e9 deux barquettes de chou soit 4 vari\u00e9t\u00e9s<br \/>\n12 graines de chaque :<\/p>\n<p>Chou Cabu<br \/>\nChou Romanesco<br \/>\nChou de Bruxelles Sanda<br \/>\nChou de Bruxelles Long Island<\/p>\n<h4><span style=\"color: #008080;\"><strong>Samedi\u00a0 6 AVRIL 2019<\/strong><\/span><\/h4>\n<p>La grande majorit\u00e9 des plants sont sortis, ils grandissent dans les mini serres<\/p>\n<p><img loading=\"lazy\" decoding=\"async\" class=\"alignnone size-full wp-image-2714\" src=\"https:\/\/84310.fr\/jardin-morierois\/wp-content\/uploads\/2019\/04\/DSCN8115.jpg\" alt=\"\" width=\"736\" height=\"720\" srcset=\"https:\/\/84310.fr\/jardin-morierois\/wp-content\/uploads\/2019\/04\/DSCN8115.jpg 736w, https:\/\/84310.fr\/jardin-morierois\/wp-content\/uploads\/2019\/04\/DSCN8115-300x293.jpg 300w\" sizes=\"auto, (max-width: 736px) 100vw, 736px\" \/><\/p>\n<h4><span style=\"color: #008080;\"><strong>Lundi 22 AVRIL 2019<\/strong><\/span><\/h4>\n<p>la totalit\u00e9 des plants de choux sont d\u00e9sormais en godets<br \/>\nIls poussent doucement, je reste vigilant sur l&rsquo;apparition des chenilles vertes qui adorent les jeunes plants de choux, et qui sont tr\u00e8s difficiles \u00e0 d\u00e9tecter car elles ont la m\u00eame couleur que les feuilles et se fondent dans le d\u00e9cor.<\/p>\n<p><img loading=\"lazy\" decoding=\"async\" class=\"size-full wp-image-2715 aligncenter\" src=\"https:\/\/84310.fr\/jardin-morierois\/wp-content\/uploads\/2019\/04\/DSCN8173.jpg\" alt=\"\" width=\"540\" height=\"720\" srcset=\"https:\/\/84310.fr\/jardin-morierois\/wp-content\/uploads\/2019\/04\/DSCN8173.jpg 540w, https:\/\/84310.fr\/jardin-morierois\/wp-content\/uploads\/2019\/04\/DSCN8173-225x300.jpg 225w\" sizes=\"auto, (max-width: 540px) 100vw, 540px\" \/><br \/>\nvisiblement, cette ann\u00e9e, je n&rsquo;ai pas eu de chenilles, ni de d\u00e9g\u00e2ts trop importants pour le moment.<\/p>\n<h4><span style=\"color: #339966;\"><strong>Mercredi 15 MAI 2019<\/strong><\/span><\/h4>\n<p>une partie des choux a \u00e9t\u00e9 intercal\u00e9e au beau milieu de la grande double rang\u00e9e de tomates.<br \/>\n<img loading=\"lazy\" decoding=\"async\" class=\"alignnone size-full wp-image-2808\" src=\"https:\/\/84310.fr\/jardin-morierois\/wp-content\/uploads\/2019\/06\/DSCN8248.jpg\" alt=\"\" width=\"800\" height=\"600\" srcset=\"https:\/\/84310.fr\/jardin-morierois\/wp-content\/uploads\/2019\/06\/DSCN8248.jpg 800w, https:\/\/84310.fr\/jardin-morierois\/wp-content\/uploads\/2019\/06\/DSCN8248-300x225.jpg 300w, https:\/\/84310.fr\/jardin-morierois\/wp-content\/uploads\/2019\/06\/DSCN8248-768x576.jpg 768w\" sizes=\"auto, (max-width: 800px) 100vw, 800px\" \/><br \/>\n12 plants, ( 4 de chaque vari\u00e9t\u00e9 )<br \/>\nune autre douzaine de plants ont \u00e9galement \u00e9t\u00e9 mis contre la cl\u00f4ture voisine, intercal\u00e9s entre des tournesols et des plants de potimarrons,<\/p>\n<p><img loading=\"lazy\" decoding=\"async\" class=\"alignnone size-full wp-image-2809\" src=\"https:\/\/84310.fr\/jardin-morierois\/wp-content\/uploads\/2019\/06\/P_20190521_165816.jpg\" alt=\"\" width=\"755\" height=\"495\" srcset=\"https:\/\/84310.fr\/jardin-morierois\/wp-content\/uploads\/2019\/06\/P_20190521_165816.jpg 755w, https:\/\/84310.fr\/jardin-morierois\/wp-content\/uploads\/2019\/06\/P_20190521_165816-300x197.jpg 300w\" sizes=\"auto, (max-width: 755px) 100vw, 755px\" \/><br \/>\nL&rsquo;ancienne place occup\u00e9e par deux rang\u00e9es de petits pois a \u00e9t\u00e9 remise au go\u00fbt du jour.<\/p>\n<h4><span style=\"color: #339966;\"><strong>Lundi 27 MAI 2019<\/strong><\/span><\/h4>\n<p>apr\u00e8s un bon d\u00e9sherbage, un l\u00e9ger retournement de la terre pour assouplir ( c&rsquo;est pas bien, j&rsquo;avoue )<\/p>\n<p><img loading=\"lazy\" decoding=\"async\" class=\"alignnone size-full wp-image-2810\" src=\"https:\/\/84310.fr\/jardin-morierois\/wp-content\/uploads\/2019\/06\/DSCN8256.jpg\" alt=\"\" width=\"800\" height=\"600\" srcset=\"https:\/\/84310.fr\/jardin-morierois\/wp-content\/uploads\/2019\/06\/DSCN8256.jpg 800w, https:\/\/84310.fr\/jardin-morierois\/wp-content\/uploads\/2019\/06\/DSCN8256-300x225.jpg 300w, https:\/\/84310.fr\/jardin-morierois\/wp-content\/uploads\/2019\/06\/DSCN8256-768x576.jpg 768w\" sizes=\"auto, (max-width: 800px) 100vw, 800px\" \/><br \/>\nune bonne couche de fumier de cheval a \u00e9t\u00e9 r\u00e9pandue sur l&rsquo;aire\u00a0 des choux.<\/p>\n<p><img loading=\"lazy\" decoding=\"async\" class=\"alignnone size-full wp-image-2811\" src=\"https:\/\/84310.fr\/jardin-morierois\/wp-content\/uploads\/2019\/06\/DSCN8264.jpg\" alt=\"\" width=\"800\" height=\"600\" srcset=\"https:\/\/84310.fr\/jardin-morierois\/wp-content\/uploads\/2019\/06\/DSCN8264.jpg 800w, https:\/\/84310.fr\/jardin-morierois\/wp-content\/uploads\/2019\/06\/DSCN8264-300x225.jpg 300w, https:\/\/84310.fr\/jardin-morierois\/wp-content\/uploads\/2019\/06\/DSCN8264-768x576.jpg 768w\" sizes=\"auto, (max-width: 800px) 100vw, 800px\" \/><br \/>\napr\u00e8s un copieux arrosage du fumier de cheval, une bonne \u00e9paisseur de paille est appos\u00e9e au sol, et elle aussi sera bien arros\u00e9e.<\/p>\n<h4><strong>Mardi 28 MAI 2019<\/strong><\/h4>\n<p>Les 16 derniers plants de choux sont mis \u00e0 leur place.<\/p>\n<p><img loading=\"lazy\" decoding=\"async\" class=\"alignnone size-full wp-image-2812\" src=\"https:\/\/84310.fr\/jardin-morierois\/wp-content\/uploads\/2019\/06\/P_20190528_161900.jpg\" alt=\"\" width=\"800\" height=\"600\" srcset=\"https:\/\/84310.fr\/jardin-morierois\/wp-content\/uploads\/2019\/06\/P_20190528_161900.jpg 800w, https:\/\/84310.fr\/jardin-morierois\/wp-content\/uploads\/2019\/06\/P_20190528_161900-300x225.jpg 300w, https:\/\/84310.fr\/jardin-morierois\/wp-content\/uploads\/2019\/06\/P_20190528_161900-768x576.jpg 768w\" sizes=\"auto, (max-width: 800px) 100vw, 800px\" \/><\/p>\n<p>pour cette saison, une quarantaine de choux ont \u00e9t\u00e9 plant\u00e9s, esp\u00e9rons que l&rsquo;\u00e9t\u00e9 ne sera pas cruel avec eux, et que nous aurons une petite production en d\u00e9but d&rsquo;automne.<\/p>\n","protected":false},"excerpt":{"rendered":"<p>Mercredi\u00a0 6 Mars 2019 nous avons sem\u00e9 deux barquettes de chou soit 4 vari\u00e9t\u00e9s 12 graines de chaque : Chou Cabu Chou Romanesco Chou de Bruxelles Sanda Chou de Bruxelles Long Island Samedi\u00a0 6 AVRIL 2019 La grande majorit\u00e9 des&hellip; <\/p>\n","protected":false},"author":1,"featured_media":0,"parent":0,"menu_order":0,"comment_status":"closed","ping_status":"closed","template":"","meta":{"_exactmetrics_skip_tracking":false,"_exactmetrics_sitenote_active":false,"_exactmetrics_sitenote_note":"","_exactmetrics_sitenote_category":0,"footnotes":""},"class_list":["post-2573","page","type-page","status-publish","hentry"],"_links":{"self":[{"href":"https:\/\/84310.fr\/jardin-morierois\/wp-json\/wp\/v2\/pages\/2573","targetHints":{"allow":["GET"]}}],"collection":[{"href":"https:\/\/84310.fr\/jardin-morierois\/wp-json\/wp\/v2\/pages"}],"about":[{"href":"https:\/\/84310.fr\/jardin-morierois\/wp-json\/wp\/v2\/types\/page"}],"author":[{"embeddable":true,"href":"https:\/\/84310.fr\/jardin-morierois\/wp-json\/wp\/v2\/users\/1"}],"replies":[{"embeddable":true,"href":"https:\/\/84310.fr\/jardin-morierois\/wp-json\/wp\/v2\/comments?post=2573"}],"version-history":[{"count":4,"href":"https:\/\/84310.fr\/jardin-morierois\/wp-json\/wp\/v2\/pages\/2573\/revisions"}],"predecessor-version":[{"id":2813,"href":"https:\/\/84310.fr\/jardin-morierois\/wp-json\/wp\/v2\/pages\/2573\/revisions\/2813"}],"wp:attachment":[{"href":"https:\/\/84310.fr\/jardin-morierois\/wp-json\/wp\/v2\/media?parent=2573"}],"curies":[{"name":"wp","href":"https:\/\/api.w.org\/{rel}","templated":true}]}}