{"id":2435,"date":"2019-02-16T21:15:32","date_gmt":"2019-02-16T20:15:32","guid":{"rendered":"http:\/\/84310.fr\/jardin-morierois\/?page_id=2435"},"modified":"2019-03-01T21:09:00","modified_gmt":"2019-03-01T20:09:00","slug":"2019-abri-motoculteurs","status":"publish","type":"page","link":"https:\/\/84310.fr\/jardin-morierois\/2019-abri-motoculteurs\/","title":{"rendered":"2019 Abri Motoculteurs"},"content":{"rendered":"<p>Un constat bien flagrant, l&rsquo;abri motoculteur n&rsquo;est pas en grande forme, je dirai qu&rsquo;il a au moins une trentaine d&rsquo;ann\u00e9es, et que sa vocation actuelle est de servir d&rsquo;endroit de stockage pour toutes les \u00a0\u00bb bordilles\u00a0\u00bb du jardin. J&rsquo;ai d\u00fb, il y a quelques ann\u00e9es, consolider la partie basse dont les principaux piliers \u00e9taient pourris, de plus, le motoculteur n&rsquo;arrive pas a rentrer en totalit\u00e9 sous l&rsquo;abri et n&rsquo;est que partiellement prot\u00e9g\u00e9. Et je ne parle que d&rsquo;un motoculteur, sachant que l&rsquo;ancien, g\u00eet au milieu du jardin prot\u00e9g\u00e9 sous une b\u00e2che de fortune en attendant sa r\u00e9surrection prochaine.<br \/>\nLe projet du moment aura pour but la cr\u00e9ation d&rsquo;un autre abri \u00e0 <strong>motoculteurS <\/strong>\u00e0 la m\u00eame place, plus large, pour pouvoir accueillir les deux motoculteurs, ou autre mat\u00e9riel \u00e0 prot\u00e9ger des intemp\u00e9ries, ou m\u00eame quelques balles de paille ou de foin si besoin et aussi plus haut pour pouvoir rentrer enti\u00e8rement les mat\u00e9riels \u00e0 abriter.<\/p>\n<h5><span style=\"color: #ff0000;\"><strong>Vue de face :<\/strong><\/span><\/h5>\n<p><img loading=\"lazy\" decoding=\"async\" class=\"alignnone size-full wp-image-2436\" src=\"https:\/\/84310.fr\/jardin-morierois\/wp-content\/uploads\/2019\/02\/DSCN7953.jpg\" alt=\"\" width=\"800\" height=\"600\" srcset=\"https:\/\/84310.fr\/jardin-morierois\/wp-content\/uploads\/2019\/02\/DSCN7953.jpg 800w, https:\/\/84310.fr\/jardin-morierois\/wp-content\/uploads\/2019\/02\/DSCN7953-300x225.jpg 300w, https:\/\/84310.fr\/jardin-morierois\/wp-content\/uploads\/2019\/02\/DSCN7953-768x576.jpg 768w\" sizes=\"auto, (max-width: 800px) 100vw, 800px\" \/><br \/>\nL&rsquo;abri se trouve derri\u00e8re le foutoir jardinier, on aper\u00e7oit le motoculteur dont l\u2019extr\u00e9mit\u00e9 est sous b\u00e2che.<br \/>\n<img loading=\"lazy\" decoding=\"async\" class=\"alignnone size-full wp-image-2441\" src=\"https:\/\/84310.fr\/jardin-morierois\/wp-content\/uploads\/2019\/02\/DSCN7962.jpg\" alt=\"\" width=\"800\" height=\"600\" srcset=\"https:\/\/84310.fr\/jardin-morierois\/wp-content\/uploads\/2019\/02\/DSCN7962.jpg 800w, https:\/\/84310.fr\/jardin-morierois\/wp-content\/uploads\/2019\/02\/DSCN7962-300x225.jpg 300w, https:\/\/84310.fr\/jardin-morierois\/wp-content\/uploads\/2019\/02\/DSCN7962-768x576.jpg 768w\" sizes=\"auto, (max-width: 800px) 100vw, 800px\" \/><br \/>\nSans l&rsquo;arbre et sans les bordilles.<\/p>\n<p><img loading=\"lazy\" decoding=\"async\" class=\"alignnone size-full wp-image-2448\" src=\"https:\/\/84310.fr\/jardin-morierois\/wp-content\/uploads\/2019\/02\/DSCN7969.jpg\" alt=\"\" width=\"800\" height=\"600\" srcset=\"https:\/\/84310.fr\/jardin-morierois\/wp-content\/uploads\/2019\/02\/DSCN7969.jpg 800w, https:\/\/84310.fr\/jardin-morierois\/wp-content\/uploads\/2019\/02\/DSCN7969-300x225.jpg 300w, https:\/\/84310.fr\/jardin-morierois\/wp-content\/uploads\/2019\/02\/DSCN7969-768x576.jpg 768w\" sizes=\"auto, (max-width: 800px) 100vw, 800px\" \/><br \/>\nLa place est a pr\u00e9sent libre, les poules y trouvent leur bonheur.<\/p>\n<p><img loading=\"lazy\" decoding=\"async\" class=\"alignnone size-full wp-image-2454\" src=\"https:\/\/84310.fr\/jardin-morierois\/wp-content\/uploads\/2019\/02\/DSCN7975.jpg\" alt=\"\" width=\"800\" height=\"600\" srcset=\"https:\/\/84310.fr\/jardin-morierois\/wp-content\/uploads\/2019\/02\/DSCN7975.jpg 800w, https:\/\/84310.fr\/jardin-morierois\/wp-content\/uploads\/2019\/02\/DSCN7975-300x225.jpg 300w, https:\/\/84310.fr\/jardin-morierois\/wp-content\/uploads\/2019\/02\/DSCN7975-768x576.jpg 768w\" sizes=\"auto, (max-width: 800px) 100vw, 800px\" \/><br \/>\nLes mesures sont prises, les poteaux commencent \u00e0 se positionner.<\/p>\n<p><img loading=\"lazy\" decoding=\"async\" class=\"alignnone size-full wp-image-2459\" src=\"https:\/\/84310.fr\/jardin-morierois\/wp-content\/uploads\/2019\/02\/DSCN7980.jpg\" alt=\"\" width=\"800\" height=\"569\" srcset=\"https:\/\/84310.fr\/jardin-morierois\/wp-content\/uploads\/2019\/02\/DSCN7980.jpg 800w, https:\/\/84310.fr\/jardin-morierois\/wp-content\/uploads\/2019\/02\/DSCN7980-300x213.jpg 300w, https:\/\/84310.fr\/jardin-morierois\/wp-content\/uploads\/2019\/02\/DSCN7980-768x546.jpg 768w\" sizes=\"auto, (max-width: 800px) 100vw, 800px\" \/><br \/>\nLa structure se monte peu \u00e0 peu. Une artiste des rues vient \u00a0\u00bb tagger \u00a0\u00bb des planches encore vierges.<br \/>\n<img loading=\"lazy\" decoding=\"async\" class=\"alignnone size-full wp-image-2464\" src=\"https:\/\/84310.fr\/jardin-morierois\/wp-content\/uploads\/2019\/02\/DSCN7985.jpg\" alt=\"\" width=\"800\" height=\"600\" srcset=\"https:\/\/84310.fr\/jardin-morierois\/wp-content\/uploads\/2019\/02\/DSCN7985.jpg 800w, https:\/\/84310.fr\/jardin-morierois\/wp-content\/uploads\/2019\/02\/DSCN7985-300x225.jpg 300w, https:\/\/84310.fr\/jardin-morierois\/wp-content\/uploads\/2019\/02\/DSCN7985-768x576.jpg 768w\" sizes=\"auto, (max-width: 800px) 100vw, 800px\" \/><br \/>\nune partie de la toiture est positionn\u00e9e. Le reste ne va pas tarder.<\/p>\n<p><img loading=\"lazy\" decoding=\"async\" class=\"alignnone size-full wp-image-2500\" src=\"https:\/\/84310.fr\/jardin-morierois\/wp-content\/uploads\/2019\/02\/DSCN7987.jpg\" alt=\"\" width=\"800\" height=\"600\" srcset=\"https:\/\/84310.fr\/jardin-morierois\/wp-content\/uploads\/2019\/02\/DSCN7987.jpg 800w, https:\/\/84310.fr\/jardin-morierois\/wp-content\/uploads\/2019\/02\/DSCN7987-300x225.jpg 300w, https:\/\/84310.fr\/jardin-morierois\/wp-content\/uploads\/2019\/02\/DSCN7987-768x576.jpg 768w\" sizes=\"auto, (max-width: 800px) 100vw, 800px\" \/><br \/>\nL&rsquo;arri\u00e8re est termin\u00e9, d\u00e9j\u00e0 3 planches sur le cot\u00e9 &#8230;<\/p>\n<p><img loading=\"lazy\" decoding=\"async\" class=\"alignnone size-full wp-image-2503\" src=\"https:\/\/84310.fr\/jardin-morierois\/wp-content\/uploads\/2019\/02\/DSCN7990.jpg\" alt=\"\" width=\"800\" height=\"600\" srcset=\"https:\/\/84310.fr\/jardin-morierois\/wp-content\/uploads\/2019\/02\/DSCN7990.jpg 800w, https:\/\/84310.fr\/jardin-morierois\/wp-content\/uploads\/2019\/02\/DSCN7990-300x225.jpg 300w, https:\/\/84310.fr\/jardin-morierois\/wp-content\/uploads\/2019\/02\/DSCN7990-768x576.jpg 768w\" sizes=\"auto, (max-width: 800px) 100vw, 800px\" \/><br \/>\nLe cot\u00e9 est termin\u00e9, \u00e0 pr\u00e9sent la toiture se continue &#8230;<\/p>\n<p><img loading=\"lazy\" decoding=\"async\" class=\"alignnone size-full wp-image-2506\" src=\"https:\/\/84310.fr\/jardin-morierois\/wp-content\/uploads\/2019\/02\/DSCN7995.jpg\" alt=\"\" width=\"800\" height=\"600\" srcset=\"https:\/\/84310.fr\/jardin-morierois\/wp-content\/uploads\/2019\/02\/DSCN7995.jpg 800w, https:\/\/84310.fr\/jardin-morierois\/wp-content\/uploads\/2019\/02\/DSCN7995-300x225.jpg 300w, https:\/\/84310.fr\/jardin-morierois\/wp-content\/uploads\/2019\/02\/DSCN7995-768x576.jpg 768w\" sizes=\"auto, (max-width: 800px) 100vw, 800px\" \/><br \/>\nLe positionnement des planches qui font la structure est termin\u00e9. Il ne reste que la toile bitum\u00e9e \u00e0 installer. L&rsquo;ensemble n&rsquo;est pas ferm\u00e9 volontairement, l&rsquo;ouverture situ\u00e9e plein nord aura besoin de laisser sortir le fort Mistral que nous avons souvent. J&rsquo;esp\u00e8re que les ouvertures laiss\u00e9es en haut et en bas dans le fond et sur le cot\u00e9 permettront \u00e0 l&rsquo;ensemble de ne pas s&rsquo;arracher<\/p>\n<p><img loading=\"lazy\" decoding=\"async\" class=\"alignnone size-full wp-image-2534\" src=\"https:\/\/84310.fr\/jardin-morierois\/wp-content\/uploads\/2019\/03\/ABRI.jpg\" alt=\"\" width=\"600\" height=\"420\" srcset=\"https:\/\/84310.fr\/jardin-morierois\/wp-content\/uploads\/2019\/03\/ABRI.jpg 600w, https:\/\/84310.fr\/jardin-morierois\/wp-content\/uploads\/2019\/03\/ABRI-300x210.jpg 300w\" sizes=\"auto, (max-width: 600px) 100vw, 600px\" \/> <img loading=\"lazy\" decoding=\"async\" class=\"alignnone size-full wp-image-2535\" src=\"https:\/\/84310.fr\/jardin-morierois\/wp-content\/uploads\/2019\/03\/ABRI2.jpg\" alt=\"\" width=\"600\" height=\"449\" srcset=\"https:\/\/84310.fr\/jardin-morierois\/wp-content\/uploads\/2019\/03\/ABRI2.jpg 600w, https:\/\/84310.fr\/jardin-morierois\/wp-content\/uploads\/2019\/03\/ABRI2-300x225.jpg 300w\" sizes=\"auto, (max-width: 600px) 100vw, 600px\" \/><br \/>\nUne fois la toile bitum\u00e9e pos\u00e9e.. clou\u00e9e et agraf\u00e9e. l&rsquo;abri est TERMINE !!<\/p>\n<p><img loading=\"lazy\" decoding=\"async\" class=\"alignnone size-full wp-image-2533\" src=\"https:\/\/84310.fr\/jardin-morierois\/wp-content\/uploads\/2019\/03\/DSCN8009.jpg\" alt=\"\" width=\"600\" height=\"450\" srcset=\"https:\/\/84310.fr\/jardin-morierois\/wp-content\/uploads\/2019\/03\/DSCN8009.jpg 600w, https:\/\/84310.fr\/jardin-morierois\/wp-content\/uploads\/2019\/03\/DSCN8009-300x225.jpg 300w\" sizes=\"auto, (max-width: 600px) 100vw, 600px\" \/><\/p>\n<p>&nbsp;<\/p>\n<h5><span style=\"color: #ff0000;\"><strong>Vue angulaire :<\/strong><\/span><\/h5>\n<p><img loading=\"lazy\" decoding=\"async\" class=\"alignnone size-full wp-image-2437\" src=\"https:\/\/84310.fr\/jardin-morierois\/wp-content\/uploads\/2019\/02\/DSCN7954.jpg\" alt=\"\" width=\"800\" height=\"600\" srcset=\"https:\/\/84310.fr\/jardin-morierois\/wp-content\/uploads\/2019\/02\/DSCN7954.jpg 800w, https:\/\/84310.fr\/jardin-morierois\/wp-content\/uploads\/2019\/02\/DSCN7954-300x225.jpg 300w, https:\/\/84310.fr\/jardin-morierois\/wp-content\/uploads\/2019\/02\/DSCN7954-768x576.jpg 768w\" sizes=\"auto, (max-width: 800px) 100vw, 800px\" \/><br \/>\nL&rsquo;abri se trouve derri\u00e8re le foutoir jardinier, on aper\u00e7oit le motoculteur dont l\u2019extr\u00e9mit\u00e9 est sous b\u00e2che.<br \/>\n<img loading=\"lazy\" decoding=\"async\" class=\"alignnone size-full wp-image-2442\" src=\"https:\/\/84310.fr\/jardin-morierois\/wp-content\/uploads\/2019\/02\/DSCN7963.jpg\" alt=\"\" width=\"800\" height=\"584\" srcset=\"https:\/\/84310.fr\/jardin-morierois\/wp-content\/uploads\/2019\/02\/DSCN7963.jpg 800w, https:\/\/84310.fr\/jardin-morierois\/wp-content\/uploads\/2019\/02\/DSCN7963-300x219.jpg 300w, https:\/\/84310.fr\/jardin-morierois\/wp-content\/uploads\/2019\/02\/DSCN7963-768x561.jpg 768w\" sizes=\"auto, (max-width: 800px) 100vw, 800px\" \/><br \/>\nSans l&rsquo;arbre et sans les bordilles.<br \/>\n<img loading=\"lazy\" decoding=\"async\" class=\"alignnone size-full wp-image-2445\" src=\"https:\/\/84310.fr\/jardin-morierois\/wp-content\/uploads\/2019\/02\/DSCN7966.jpg\" alt=\"\" width=\"800\" height=\"600\" srcset=\"https:\/\/84310.fr\/jardin-morierois\/wp-content\/uploads\/2019\/02\/DSCN7966.jpg 800w, https:\/\/84310.fr\/jardin-morierois\/wp-content\/uploads\/2019\/02\/DSCN7966-300x225.jpg 300w, https:\/\/84310.fr\/jardin-morierois\/wp-content\/uploads\/2019\/02\/DSCN7966-768x576.jpg 768w\" sizes=\"auto, (max-width: 800px) 100vw, 800px\" \/><br \/>\n<img loading=\"lazy\" decoding=\"async\" class=\"alignnone size-full wp-image-2451\" src=\"https:\/\/84310.fr\/jardin-morierois\/wp-content\/uploads\/2019\/02\/DSCN7972.jpg\" alt=\"\" width=\"800\" height=\"600\" srcset=\"https:\/\/84310.fr\/jardin-morierois\/wp-content\/uploads\/2019\/02\/DSCN7972.jpg 800w, https:\/\/84310.fr\/jardin-morierois\/wp-content\/uploads\/2019\/02\/DSCN7972-300x225.jpg 300w, https:\/\/84310.fr\/jardin-morierois\/wp-content\/uploads\/2019\/02\/DSCN7972-768x576.jpg 768w\" sizes=\"auto, (max-width: 800px) 100vw, 800px\" \/><br \/>\nLa place est a pr\u00e9sent libre, les poules y trouvent leur bonheur.<br \/>\n<img loading=\"lazy\" decoding=\"async\" class=\"alignnone size-full wp-image-2455\" src=\"https:\/\/84310.fr\/jardin-morierois\/wp-content\/uploads\/2019\/02\/DSCN7976.jpg\" alt=\"\" width=\"800\" height=\"600\" srcset=\"https:\/\/84310.fr\/jardin-morierois\/wp-content\/uploads\/2019\/02\/DSCN7976.jpg 800w, https:\/\/84310.fr\/jardin-morierois\/wp-content\/uploads\/2019\/02\/DSCN7976-300x225.jpg 300w, https:\/\/84310.fr\/jardin-morierois\/wp-content\/uploads\/2019\/02\/DSCN7976-768x576.jpg 768w\" sizes=\"auto, (max-width: 800px) 100vw, 800px\" \/><br \/>\nLes mesures sont prises, les poteaux commencent \u00e0 se positionner.<\/p>\n<p><img loading=\"lazy\" decoding=\"async\" class=\"alignnone size-full wp-image-2457\" src=\"https:\/\/84310.fr\/jardin-morierois\/wp-content\/uploads\/2019\/02\/DSCN7978.jpg\" alt=\"\" width=\"800\" height=\"600\" srcset=\"https:\/\/84310.fr\/jardin-morierois\/wp-content\/uploads\/2019\/02\/DSCN7978.jpg 800w, https:\/\/84310.fr\/jardin-morierois\/wp-content\/uploads\/2019\/02\/DSCN7978-300x225.jpg 300w, https:\/\/84310.fr\/jardin-morierois\/wp-content\/uploads\/2019\/02\/DSCN7978-768x576.jpg 768w\" sizes=\"auto, (max-width: 800px) 100vw, 800px\" \/><br \/>\nLa structure se monte peu \u00e0 peu. Une artiste des rues vient \u00a0\u00bb tagger \u00a0\u00bb des planches encore vierges.<\/p>\n<p><img loading=\"lazy\" decoding=\"async\" class=\"alignnone size-full wp-image-2465\" src=\"https:\/\/84310.fr\/jardin-morierois\/wp-content\/uploads\/2019\/02\/DSCN7986.jpg\" alt=\"\" width=\"800\" height=\"600\" srcset=\"https:\/\/84310.fr\/jardin-morierois\/wp-content\/uploads\/2019\/02\/DSCN7986.jpg 800w, https:\/\/84310.fr\/jardin-morierois\/wp-content\/uploads\/2019\/02\/DSCN7986-300x225.jpg 300w, https:\/\/84310.fr\/jardin-morierois\/wp-content\/uploads\/2019\/02\/DSCN7986-768x576.jpg 768w\" sizes=\"auto, (max-width: 800px) 100vw, 800px\" \/><br \/>\nUne partie de la toiture est positionn\u00e9e. Le reste ne va pas tarder.<\/p>\n<p><img loading=\"lazy\" decoding=\"async\" class=\"alignnone size-full wp-image-2501\" src=\"https:\/\/84310.fr\/jardin-morierois\/wp-content\/uploads\/2019\/02\/DSCN7988.jpg\" alt=\"\" width=\"800\" height=\"523\" srcset=\"https:\/\/84310.fr\/jardin-morierois\/wp-content\/uploads\/2019\/02\/DSCN7988.jpg 800w, https:\/\/84310.fr\/jardin-morierois\/wp-content\/uploads\/2019\/02\/DSCN7988-300x196.jpg 300w, https:\/\/84310.fr\/jardin-morierois\/wp-content\/uploads\/2019\/02\/DSCN7988-768x502.jpg 768w\" sizes=\"auto, (max-width: 800px) 100vw, 800px\" \/><br \/>\nL&rsquo;arri\u00e8re est termin\u00e9, d\u00e9j\u00e0 3 planches sur le cot\u00e9 &#8230;<\/p>\n<p><img loading=\"lazy\" decoding=\"async\" class=\"alignnone size-full wp-image-2504\" src=\"https:\/\/84310.fr\/jardin-morierois\/wp-content\/uploads\/2019\/02\/DSCN7991.jpg\" alt=\"\" width=\"800\" height=\"600\" srcset=\"https:\/\/84310.fr\/jardin-morierois\/wp-content\/uploads\/2019\/02\/DSCN7991.jpg 800w, https:\/\/84310.fr\/jardin-morierois\/wp-content\/uploads\/2019\/02\/DSCN7991-300x225.jpg 300w, https:\/\/84310.fr\/jardin-morierois\/wp-content\/uploads\/2019\/02\/DSCN7991-768x576.jpg 768w\" sizes=\"auto, (max-width: 800px) 100vw, 800px\" \/><br \/>\nLe cot\u00e9 est termin\u00e9, \u00e0 pr\u00e9sent la toiture se continue &#8230;<\/p>\n<p><img loading=\"lazy\" decoding=\"async\" class=\"alignnone size-full wp-image-2507\" src=\"https:\/\/84310.fr\/jardin-morierois\/wp-content\/uploads\/2019\/02\/DSCN7996.jpg\" alt=\"\" width=\"800\" height=\"600\" srcset=\"https:\/\/84310.fr\/jardin-morierois\/wp-content\/uploads\/2019\/02\/DSCN7996.jpg 800w, https:\/\/84310.fr\/jardin-morierois\/wp-content\/uploads\/2019\/02\/DSCN7996-300x225.jpg 300w, https:\/\/84310.fr\/jardin-morierois\/wp-content\/uploads\/2019\/02\/DSCN7996-768x576.jpg 768w\" sizes=\"auto, (max-width: 800px) 100vw, 800px\" \/><br \/>\nLe positionnement des planches qui font la structure est termin\u00e9. Il ne reste que la toile bitum\u00e9e \u00e0 installer. L&rsquo;ensemble n&rsquo;est pas ferm\u00e9 volontairement, l&rsquo;ouverture situ\u00e9e plein nord aura besoin de laisser sortir le fort Mistral que nous avons souvent. J&rsquo;esp\u00e8re que les ouvertures laiss\u00e9es en haut et en bas dans le fond et sur le cot\u00e9 permettront \u00e0 l&rsquo;ensemble de ne pas s&rsquo;arrache.<\/p>\n<p><img loading=\"lazy\" decoding=\"async\" class=\"alignnone size-full wp-image-2535\" src=\"https:\/\/84310.fr\/jardin-morierois\/wp-content\/uploads\/2019\/03\/ABRI2.jpg\" alt=\"\" width=\"600\" height=\"449\" srcset=\"https:\/\/84310.fr\/jardin-morierois\/wp-content\/uploads\/2019\/03\/ABRI2.jpg 600w, https:\/\/84310.fr\/jardin-morierois\/wp-content\/uploads\/2019\/03\/ABRI2-300x225.jpg 300w\" sizes=\"auto, (max-width: 600px) 100vw, 600px\" \/><br \/>\nUne fois la toile bitum\u00e9e pos\u00e9e.. clou\u00e9e et agraf\u00e9e. l&rsquo;abri est TERMINE !!<\/p>\n<h5><span style=\"color: #ff0000;\"><strong>Vue Lat\u00e9rale :<\/strong><\/span><\/h5>\n<p><img loading=\"lazy\" decoding=\"async\" class=\"alignnone size-full wp-image-2438\" src=\"https:\/\/84310.fr\/jardin-morierois\/wp-content\/uploads\/2019\/02\/DSCN7955.jpg\" alt=\"\" width=\"800\" height=\"600\" srcset=\"https:\/\/84310.fr\/jardin-morierois\/wp-content\/uploads\/2019\/02\/DSCN7955.jpg 800w, https:\/\/84310.fr\/jardin-morierois\/wp-content\/uploads\/2019\/02\/DSCN7955-300x225.jpg 300w, https:\/\/84310.fr\/jardin-morierois\/wp-content\/uploads\/2019\/02\/DSCN7955-768x576.jpg 768w\" sizes=\"auto, (max-width: 800px) 100vw, 800px\" \/><br \/>\nL&rsquo;abri se trouve derri\u00e8re le foutoir jardinier, on aper\u00e7oit le motoculteur dont l\u2019extr\u00e9mit\u00e9 est sous b\u00e2che.<\/p>\n<p><img loading=\"lazy\" decoding=\"async\" class=\"alignnone size-full wp-image-2446\" src=\"https:\/\/84310.fr\/jardin-morierois\/wp-content\/uploads\/2019\/02\/DSCN7967.jpg\" alt=\"\" width=\"600\" height=\"800\" srcset=\"https:\/\/84310.fr\/jardin-morierois\/wp-content\/uploads\/2019\/02\/DSCN7967.jpg 600w, https:\/\/84310.fr\/jardin-morierois\/wp-content\/uploads\/2019\/02\/DSCN7967-225x300.jpg 225w\" sizes=\"auto, (max-width: 600px) 100vw, 600px\" \/><\/p>\n<p>Sans l&rsquo;arbre et sans les bordilles.<\/p>\n<p><img loading=\"lazy\" decoding=\"async\" class=\"alignnone size-full wp-image-2452\" src=\"https:\/\/84310.fr\/jardin-morierois\/wp-content\/uploads\/2019\/02\/DSCN7973.jpg\" alt=\"\" width=\"800\" height=\"600\" srcset=\"https:\/\/84310.fr\/jardin-morierois\/wp-content\/uploads\/2019\/02\/DSCN7973.jpg 800w, https:\/\/84310.fr\/jardin-morierois\/wp-content\/uploads\/2019\/02\/DSCN7973-300x225.jpg 300w, https:\/\/84310.fr\/jardin-morierois\/wp-content\/uploads\/2019\/02\/DSCN7973-768x576.jpg 768w\" sizes=\"auto, (max-width: 800px) 100vw, 800px\" \/>La place est a pr\u00e9sent libre, les poules y trouvent leur bonheur.<\/p>\n<p><img loading=\"lazy\" decoding=\"async\" class=\"alignnone size-full wp-image-2458\" src=\"https:\/\/84310.fr\/jardin-morierois\/wp-content\/uploads\/2019\/02\/DSCN7979.jpg\" alt=\"\" width=\"800\" height=\"600\" srcset=\"https:\/\/84310.fr\/jardin-morierois\/wp-content\/uploads\/2019\/02\/DSCN7979.jpg 800w, https:\/\/84310.fr\/jardin-morierois\/wp-content\/uploads\/2019\/02\/DSCN7979-300x225.jpg 300w, https:\/\/84310.fr\/jardin-morierois\/wp-content\/uploads\/2019\/02\/DSCN7979-768x576.jpg 768w\" sizes=\"auto, (max-width: 800px) 100vw, 800px\" \/><br \/>\nLa structure se monte peu \u00e0 peu. Une artiste des rues vient \u00a0\u00bb tagger \u00a0\u00bb des planches encore vierges.<\/p>\n<p><img loading=\"lazy\" decoding=\"async\" class=\"alignnone size-full wp-image-2462\" src=\"https:\/\/84310.fr\/jardin-morierois\/wp-content\/uploads\/2019\/02\/DSCN7983.jpg\" alt=\"\" width=\"800\" height=\"600\" srcset=\"https:\/\/84310.fr\/jardin-morierois\/wp-content\/uploads\/2019\/02\/DSCN7983.jpg 800w, https:\/\/84310.fr\/jardin-morierois\/wp-content\/uploads\/2019\/02\/DSCN7983-300x225.jpg 300w, https:\/\/84310.fr\/jardin-morierois\/wp-content\/uploads\/2019\/02\/DSCN7983-768x576.jpg 768w\" sizes=\"auto, (max-width: 800px) 100vw, 800px\" \/>Une partie de la toiture est positionn\u00e9e. Le reste ne va pas tarder.<\/p>\n<p><img loading=\"lazy\" decoding=\"async\" class=\"alignnone size-full wp-image-2502\" src=\"https:\/\/84310.fr\/jardin-morierois\/wp-content\/uploads\/2019\/02\/DSCN7989.jpg\" alt=\"\" width=\"800\" height=\"600\" srcset=\"https:\/\/84310.fr\/jardin-morierois\/wp-content\/uploads\/2019\/02\/DSCN7989.jpg 800w, https:\/\/84310.fr\/jardin-morierois\/wp-content\/uploads\/2019\/02\/DSCN7989-300x225.jpg 300w, https:\/\/84310.fr\/jardin-morierois\/wp-content\/uploads\/2019\/02\/DSCN7989-768x576.jpg 768w\" sizes=\"auto, (max-width: 800px) 100vw, 800px\" \/><br \/>\nL&rsquo;arri\u00e8re est termin\u00e9, d\u00e9j\u00e0 3 planches sur le cot\u00e9 &#8230;<\/p>\n<p><img loading=\"lazy\" decoding=\"async\" class=\"alignnone size-full wp-image-2505\" src=\"https:\/\/84310.fr\/jardin-morierois\/wp-content\/uploads\/2019\/02\/DSCN7992.jpg\" alt=\"\" width=\"800\" height=\"600\" srcset=\"https:\/\/84310.fr\/jardin-morierois\/wp-content\/uploads\/2019\/02\/DSCN7992.jpg 800w, https:\/\/84310.fr\/jardin-morierois\/wp-content\/uploads\/2019\/02\/DSCN7992-300x225.jpg 300w, https:\/\/84310.fr\/jardin-morierois\/wp-content\/uploads\/2019\/02\/DSCN7992-768x576.jpg 768w\" sizes=\"auto, (max-width: 800px) 100vw, 800px\" \/><br \/>\nLe cot\u00e9 est termin\u00e9, \u00e0 pr\u00e9sent la toiture se continue &#8230;<\/p>\n<p><img loading=\"lazy\" decoding=\"async\" class=\"alignnone size-full wp-image-2508\" src=\"https:\/\/84310.fr\/jardin-morierois\/wp-content\/uploads\/2019\/02\/DSCN7997.jpg\" alt=\"\" width=\"800\" height=\"600\" srcset=\"https:\/\/84310.fr\/jardin-morierois\/wp-content\/uploads\/2019\/02\/DSCN7997.jpg 800w, https:\/\/84310.fr\/jardin-morierois\/wp-content\/uploads\/2019\/02\/DSCN7997-300x225.jpg 300w, https:\/\/84310.fr\/jardin-morierois\/wp-content\/uploads\/2019\/02\/DSCN7997-768x576.jpg 768w\" sizes=\"auto, (max-width: 800px) 100vw, 800px\" \/><br \/>\nLe positionnement des planches qui font la structure est termin\u00e9. Il ne reste que la toile bitum\u00e9e \u00e0 installer. L&rsquo;ensemble n&rsquo;est pas ferm\u00e9 volontairement, l&rsquo;ouverture situ\u00e9e plein nord aura besoin de laisser sortir le fort Mistral que nous avons souvent. J&rsquo;esp\u00e8re que les ouvertures laiss\u00e9es en haut et en bas dans le fond et sur le cot\u00e9 permettront \u00e0 l&rsquo;ensemble de ne pas s&rsquo;arracher<\/p>\n<p><img loading=\"lazy\" decoding=\"async\" class=\"alignnone size-full wp-image-2532\" src=\"https:\/\/84310.fr\/jardin-morierois\/wp-content\/uploads\/2019\/03\/DSCN8008.jpg\" alt=\"\" width=\"600\" height=\"450\" srcset=\"https:\/\/84310.fr\/jardin-morierois\/wp-content\/uploads\/2019\/03\/DSCN8008.jpg 600w, https:\/\/84310.fr\/jardin-morierois\/wp-content\/uploads\/2019\/03\/DSCN8008-300x225.jpg 300w\" sizes=\"auto, (max-width: 600px) 100vw, 600px\" \/><br \/>\nUne fois la toile bitum\u00e9e pos\u00e9e.. clou\u00e9e et agraf\u00e9e. l&rsquo;abri est TERMINE !!<\/p>\n<p><strong>L&rsquo;arbre :<\/strong><br \/>\npas de grandes difficult\u00e9s pour se d\u00e9barrasser de l&rsquo;arbre, quelques pouss\u00e9es et un grand craquement plus tard, la majestueuse sapinette de No\u00ebl achet\u00e9e en pot il y a quelques d\u00e9cennies que mon p\u00e8re planta au fond du jardin ( il faudra que je calcule son age en regardant les anneaux ( <span style=\"color: #800080;\"><strong>Petite Modif entre temps, j&rsquo;ai compt\u00e9 entre 30 et 35 ans<\/strong><\/span> )) et abattue il y a exactement 5 ans ( 14 f\u00e9vrier 2014) \u00e9tait compl\u00e8tement pourrie sur la base, le bois ressemble \u00e0 une texture de champignon un peu dure, mais tr\u00e8s humide, assez spongieux comme sensation.<\/p>\n<p><img loading=\"lazy\" decoding=\"async\" class=\"alignnone size-full wp-image-2444\" src=\"https:\/\/84310.fr\/jardin-morierois\/wp-content\/uploads\/2019\/02\/DSCN7965.jpg\" alt=\"\" width=\"800\" height=\"600\" srcset=\"https:\/\/84310.fr\/jardin-morierois\/wp-content\/uploads\/2019\/02\/DSCN7965.jpg 800w, https:\/\/84310.fr\/jardin-morierois\/wp-content\/uploads\/2019\/02\/DSCN7965-300x225.jpg 300w, https:\/\/84310.fr\/jardin-morierois\/wp-content\/uploads\/2019\/02\/DSCN7965-768x576.jpg 768w\" sizes=\"auto, (max-width: 800px) 100vw, 800px\" \/><\/p>\n<p><strong>L&rsquo;abri en fonction :<\/strong><br \/>\n<img loading=\"lazy\" decoding=\"async\" class=\"alignnone size-full wp-image-2537\" src=\"https:\/\/84310.fr\/jardin-morierois\/wp-content\/uploads\/2019\/03\/DSCN8026.jpg\" alt=\"\" width=\"600\" height=\"450\" srcset=\"https:\/\/84310.fr\/jardin-morierois\/wp-content\/uploads\/2019\/03\/DSCN8026.jpg 600w, https:\/\/84310.fr\/jardin-morierois\/wp-content\/uploads\/2019\/03\/DSCN8026-300x225.jpg 300w\" sizes=\"auto, (max-width: 600px) 100vw, 600px\" \/><br \/>\nles deux motoculteurs sont \u00e0 pr\u00e9sent \u00e0 l&rsquo;abri de la pluie, et un peu plus prot\u00e9g\u00e9s du froid. Il me reste \u00e0 trouver une esp\u00e8ce de b\u00e2che un peu \u00e9paisse pour \u00a0\u00bb occulter \u00a0\u00bb un peu l&rsquo;entr\u00e9e, histoire d\u2019emp\u00eacher l&rsquo;eau de rentrer s&rsquo;il pleut en travers avec le vent ..<\/p>\n<p>&nbsp;<\/p>\n<p>&nbsp;<\/p>\n<p>&nbsp;<\/p>\n<p>&nbsp;<\/p>\n<p>&nbsp;<\/p>\n<p>&nbsp;<\/p>\n<p>&nbsp;<\/p>\n<p>&nbsp;<\/p>\n<p>&nbsp;<\/p>\n<p>&nbsp;<\/p>\n<p>&nbsp;<\/p>\n<p>&nbsp;<\/p>\n<p>&nbsp;<\/p>\n<p>&nbsp;<\/p>\n<p>&nbsp;<\/p>\n<p>&nbsp;<\/p>\n<p>&nbsp;<\/p>\n<p>&nbsp;<\/p>\n<p>&nbsp;<\/p>\n<p>&nbsp;<\/p>\n<p>&nbsp;<\/p>\n","protected":false},"excerpt":{"rendered":"<p>Un constat bien flagrant, l&rsquo;abri motoculteur n&rsquo;est pas en grande forme, je dirai qu&rsquo;il a au moins une trentaine d&rsquo;ann\u00e9es, et que sa vocation actuelle est de servir d&rsquo;endroit de stockage pour toutes les \u00a0\u00bb bordilles\u00a0\u00bb du jardin. J&rsquo;ai d\u00fb,&hellip; <\/p>\n","protected":false},"author":1,"featured_media":0,"parent":0,"menu_order":0,"comment_status":"closed","ping_status":"closed","template":"","meta":{"_exactmetrics_skip_tracking":false,"_exactmetrics_sitenote_active":false,"_exactmetrics_sitenote_note":"","_exactmetrics_sitenote_category":0,"footnotes":""},"class_list":["post-2435","page","type-page","status-publish","hentry"],"_links":{"self":[{"href":"https:\/\/84310.fr\/jardin-morierois\/wp-json\/wp\/v2\/pages\/2435","targetHints":{"allow":["GET"]}}],"collection":[{"href":"https:\/\/84310.fr\/jardin-morierois\/wp-json\/wp\/v2\/pages"}],"about":[{"href":"https:\/\/84310.fr\/jardin-morierois\/wp-json\/wp\/v2\/types\/page"}],"author":[{"embeddable":true,"href":"https:\/\/84310.fr\/jardin-morierois\/wp-json\/wp\/v2\/users\/1"}],"replies":[{"embeddable":true,"href":"https:\/\/84310.fr\/jardin-morierois\/wp-json\/wp\/v2\/comments?post=2435"}],"version-history":[{"count":11,"href":"https:\/\/84310.fr\/jardin-morierois\/wp-json\/wp\/v2\/pages\/2435\/revisions"}],"predecessor-version":[{"id":2539,"href":"https:\/\/84310.fr\/jardin-morierois\/wp-json\/wp\/v2\/pages\/2435\/revisions\/2539"}],"wp:attachment":[{"href":"https:\/\/84310.fr\/jardin-morierois\/wp-json\/wp\/v2\/media?parent=2435"}],"curies":[{"name":"wp","href":"https:\/\/api.w.org\/{rel}","templated":true}]}}