{"id":2370,"date":"2019-01-03T09:18:30","date_gmt":"2019-01-03T08:18:30","guid":{"rendered":"http:\/\/84310.fr\/jardin-morierois\/?page_id=2370"},"modified":"2019-04-17T21:31:59","modified_gmt":"2019-04-17T20:31:59","slug":"2019-aubergines-blanches-en-pot","status":"publish","type":"page","link":"https:\/\/84310.fr\/jardin-morierois\/2019-aubergines-blanches-en-pot\/","title":{"rendered":"2019  aubergines blanches en pot"},"content":{"rendered":"<p>une de mes voisines m\u2019a indiqu\u00e9 que l\u2019hiver elle rentrait ses plants d\u2019aubergines dans sa v\u00e9randa, apr\u00e8s les avoir arrach\u00e9 avec racine et terre et mis dans un pot.<br \/>\nCela fait plusieurs saisons qu\u2019elle fait cela, et replante ses aubergines \u00e0 la belle saison, les plants ayant d\u00e9j\u00e0 un bon syst\u00e8me racinaire. Le plant ressemblant plus \u00e0 un arbuste qu\u2019a un plant d\u2019aubergine classique.<\/p>\n<p><img loading=\"lazy\" decoding=\"async\" class=\"alignnone size-full wp-image-2365\" src=\"https:\/\/84310.fr\/jardin-morierois\/wp-content\/uploads\/2019\/01\/DSCN7893.jpg\" alt=\"\" width=\"640\" height=\"480\" srcset=\"https:\/\/84310.fr\/jardin-morierois\/wp-content\/uploads\/2019\/01\/DSCN7893.jpg 640w, https:\/\/84310.fr\/jardin-morierois\/wp-content\/uploads\/2019\/01\/DSCN7893-300x225.jpg 300w\" sizes=\"auto, (max-width: 640px) 100vw, 640px\" \/><\/p>\n<p>les pots sont rang\u00e9s \u00e0 l&rsquo;abri du gel dans un cabanon.nous allons suivre leur survie ainsi que leur production compar\u00e9e aux plants de 2019.<\/p>\n<h4><span style=\"color: #ff99cc;\"><strong>Lundi 1er Avril 2019<\/strong><\/span><\/h4>\n<p>les deux pots ont \u00e9t\u00e9 sortis en plein air,\u00a0 j&rsquo;ai un mauvais pressentiment \u00e0 leur sujet ..<br \/>\ncela ressemble plus \u00e0 deux arbustes secs qu&rsquo;a des plants d&rsquo;aubergine&#8230;<br \/>\nle temps me dira si mon ressenti est juste &#8230; ( ou pas .. )<\/p>\n<h4><span style=\"color: #ff99cc;\"><strong>Mercredi 17 Avril 2019<\/strong><\/span><\/h4>\n<p>Le pressentiment s&rsquo;est av\u00e9r\u00e9 correct, aucune activit\u00e9 v\u00e9g\u00e9tale visible, j&rsquo;ai tir\u00e9 sur les branches, tout est venu d&rsquo;un coup, les racines \u00e9taient en d\u00e9composition, aucune r\u00e9sistance, tout \u00e9tait mort, et depuis fort longtemps &#8230;.<\/p>\n<p><img loading=\"lazy\" decoding=\"async\" class=\"wp-image-1839 aligncenter\" src=\"https:\/\/84310.fr\/jardin-morierois\/wp-content\/uploads\/2018\/03\/ECHEC.png\" alt=\"\" width=\"363\" height=\"242\" srcset=\"https:\/\/84310.fr\/jardin-morierois\/wp-content\/uploads\/2018\/03\/ECHEC.png 500w, https:\/\/84310.fr\/jardin-morierois\/wp-content\/uploads\/2018\/03\/ECHEC-300x200.png 300w\" sizes=\"auto, (max-width: 363px) 100vw, 363px\" \/><\/p>\n<p>Peut \u00eatre que les pots auraient d\u00fb \u00eatre entrepos\u00e9s dans un endroit moins froid et moins obscur que le cabanon ou ils ont pass\u00e9 l&rsquo;hiver &#8230;.<\/p>\n<p>&nbsp;<\/p>\n","protected":false},"excerpt":{"rendered":"<p>une de mes voisines m\u2019a indiqu\u00e9 que l\u2019hiver elle rentrait ses plants d\u2019aubergines dans sa v\u00e9randa, apr\u00e8s les avoir arrach\u00e9 avec racine et terre et mis dans un pot. Cela fait plusieurs saisons qu\u2019elle fait cela, et replante ses aubergines&hellip; <\/p>\n","protected":false},"author":1,"featured_media":0,"parent":0,"menu_order":0,"comment_status":"closed","ping_status":"closed","template":"","meta":{"_exactmetrics_skip_tracking":false,"_exactmetrics_sitenote_active":false,"_exactmetrics_sitenote_note":"","_exactmetrics_sitenote_category":0,"footnotes":""},"class_list":["post-2370","page","type-page","status-publish","hentry"],"_links":{"self":[{"href":"https:\/\/84310.fr\/jardin-morierois\/wp-json\/wp\/v2\/pages\/2370","targetHints":{"allow":["GET"]}}],"collection":[{"href":"https:\/\/84310.fr\/jardin-morierois\/wp-json\/wp\/v2\/pages"}],"about":[{"href":"https:\/\/84310.fr\/jardin-morierois\/wp-json\/wp\/v2\/types\/page"}],"author":[{"embeddable":true,"href":"https:\/\/84310.fr\/jardin-morierois\/wp-json\/wp\/v2\/users\/1"}],"replies":[{"embeddable":true,"href":"https:\/\/84310.fr\/jardin-morierois\/wp-json\/wp\/v2\/comments?post=2370"}],"version-history":[{"count":5,"href":"https:\/\/84310.fr\/jardin-morierois\/wp-json\/wp\/v2\/pages\/2370\/revisions"}],"predecessor-version":[{"id":2646,"href":"https:\/\/84310.fr\/jardin-morierois\/wp-json\/wp\/v2\/pages\/2370\/revisions\/2646"}],"wp:attachment":[{"href":"https:\/\/84310.fr\/jardin-morierois\/wp-json\/wp\/v2\/media?parent=2370"}],"curies":[{"name":"wp","href":"https:\/\/api.w.org\/{rel}","templated":true}]}}