{"id":2354,"date":"2018-12-31T17:42:57","date_gmt":"2018-12-31T16:42:57","guid":{"rendered":"http:\/\/84310.fr\/jardin-morierois\/?page_id=2354"},"modified":"2019-02-23T19:32:15","modified_gmt":"2019-02-23T18:32:15","slug":"etat-des-lieux-janvier-2019","status":"publish","type":"page","link":"https:\/\/84310.fr\/jardin-morierois\/etat-des-lieux-janvier-2019\/","title":{"rendered":"\u00c9tat des lieux Janvier 2019"},"content":{"rendered":"<div class=\"entry-content clearfix\">\n<h4><strong><span style=\"color: #800080;\">\u00c9TAT DES LIEUX DU JARDIN JANVIER 2019<\/span><br \/>\n<\/strong><\/h4>\n<p>En ce mois de Janvier, encore quelques traces de v\u00e9g\u00e9tation au jardin<\/p>\n<p><img loading=\"lazy\" decoding=\"async\" class=\"alignnone wp-image-2475\" src=\"https:\/\/84310.fr\/jardin-morierois\/wp-content\/uploads\/2019\/02\/P_20190108_150238.jpg\" alt=\"\" width=\"524\" height=\"699\" srcset=\"https:\/\/84310.fr\/jardin-morierois\/wp-content\/uploads\/2019\/02\/P_20190108_150238.jpg 600w, https:\/\/84310.fr\/jardin-morierois\/wp-content\/uploads\/2019\/02\/P_20190108_150238-225x300.jpg 225w\" sizes=\"auto, (max-width: 524px) 100vw, 524px\" \/><br \/>\n\u00e0 l&#8217;emplacement des tomates miniatures, des petits pois grimpants viennent d&rsquo;\u00eatre sem\u00e9s.<\/p>\n<p><img loading=\"lazy\" decoding=\"async\" class=\"alignnone wp-image-2476\" src=\"https:\/\/84310.fr\/jardin-morierois\/wp-content\/uploads\/2019\/02\/P_20190108_150246.jpg\" alt=\"\" width=\"527\" height=\"703\" srcset=\"https:\/\/84310.fr\/jardin-morierois\/wp-content\/uploads\/2019\/02\/P_20190108_150246.jpg 600w, https:\/\/84310.fr\/jardin-morierois\/wp-content\/uploads\/2019\/02\/P_20190108_150246-225x300.jpg 225w\" sizes=\"auto, (max-width: 527px) 100vw, 527px\" \/><br \/>\nLa vaste zone de salades \u00e0 la vol\u00e9e, est bien \u00e9claircie, sous serres, des carottes avec des salades plus jeunes attendent leur tour.<br \/>\n<img loading=\"lazy\" decoding=\"async\" class=\"alignnone size-full wp-image-2477\" src=\"https:\/\/84310.fr\/jardin-morierois\/wp-content\/uploads\/2019\/02\/P_20190108_150254.jpg\" alt=\"\" width=\"600\" height=\"800\" srcset=\"https:\/\/84310.fr\/jardin-morierois\/wp-content\/uploads\/2019\/02\/P_20190108_150254.jpg 600w, https:\/\/84310.fr\/jardin-morierois\/wp-content\/uploads\/2019\/02\/P_20190108_150254-225x300.jpg 225w\" sizes=\"auto, (max-width: 600px) 100vw, 600px\" \/><\/p>\n<p>Encore des salades, quelques cotes de blettes qui poussent au ras du sol, et les derniers choux qui me restaient ont \u00e9t\u00e9 plant\u00e9s ici, ils sont gu\u00e8re vigoureux.<img loading=\"lazy\" decoding=\"async\" class=\"alignnone size-full wp-image-2478\" src=\"https:\/\/84310.fr\/jardin-morierois\/wp-content\/uploads\/2019\/02\/P_20190108_150302.jpg\" alt=\"\" width=\"600\" height=\"800\" srcset=\"https:\/\/84310.fr\/jardin-morierois\/wp-content\/uploads\/2019\/02\/P_20190108_150302.jpg 600w, https:\/\/84310.fr\/jardin-morierois\/wp-content\/uploads\/2019\/02\/P_20190108_150302-225x300.jpg 225w\" sizes=\"auto, (max-width: 600px) 100vw, 600px\" \/><br \/>\nLes poireaux commencent \u00e0 \u00eatre beaux et les betteraves rouge grossissent doucement.<\/p>\n<p><img loading=\"lazy\" decoding=\"async\" class=\"alignnone size-full wp-image-2479\" src=\"https:\/\/84310.fr\/jardin-morierois\/wp-content\/uploads\/2019\/02\/P_20190108_150315.jpg\" alt=\"\" width=\"600\" height=\"800\" srcset=\"https:\/\/84310.fr\/jardin-morierois\/wp-content\/uploads\/2019\/02\/P_20190108_150315.jpg 600w, https:\/\/84310.fr\/jardin-morierois\/wp-content\/uploads\/2019\/02\/P_20190108_150315-225x300.jpg 225w\" sizes=\"auto, (max-width: 600px) 100vw, 600px\" \/><br \/>\nDeux sortes de m\u00e2ches, \u00e0 grosse graine sur la gauche, et une a petites feuilles, sous serre, d&rsquo;autres salades, un peu de m\u00e2che, et des \u00e9pinards qui n&rsquo;ont pas pouss\u00e9. <img loading=\"lazy\" decoding=\"async\" class=\"size-full wp-image-2480 aligncenter\" src=\"https:\/\/84310.fr\/jardin-morierois\/wp-content\/uploads\/2019\/02\/P_20190108_150335.jpg\" alt=\"\" width=\"600\" height=\"800\" srcset=\"https:\/\/84310.fr\/jardin-morierois\/wp-content\/uploads\/2019\/02\/P_20190108_150335.jpg 600w, https:\/\/84310.fr\/jardin-morierois\/wp-content\/uploads\/2019\/02\/P_20190108_150335-225x300.jpg 225w\" sizes=\"auto, (max-width: 600px) 100vw, 600px\" \/>sur la longue parcelle des tomates greff\u00e9es,\u00a0 4 vari\u00e9t\u00e9s de choux, encore plein de salades, et des f\u00e8ves qui ont pouss\u00e9, fleuri, et rien donn\u00e9 &#8230;<\/p>\n<p><img loading=\"lazy\" decoding=\"async\" class=\"alignnone size-full wp-image-2481\" src=\"https:\/\/84310.fr\/jardin-morierois\/wp-content\/uploads\/2019\/02\/P_20190108_150346.jpg\" alt=\"\" width=\"600\" height=\"800\" srcset=\"https:\/\/84310.fr\/jardin-morierois\/wp-content\/uploads\/2019\/02\/P_20190108_150346.jpg 600w, https:\/\/84310.fr\/jardin-morierois\/wp-content\/uploads\/2019\/02\/P_20190108_150346-225x300.jpg 225w\" sizes=\"auto, (max-width: 600px) 100vw, 600px\" \/><br \/>\nEncore des salades&#8230;<br \/>\n<img loading=\"lazy\" decoding=\"async\" class=\"alignnone size-full wp-image-2482\" src=\"https:\/\/84310.fr\/jardin-morierois\/wp-content\/uploads\/2019\/02\/P_20190108_150403.jpg\" alt=\"\" width=\"600\" height=\"800\" srcset=\"https:\/\/84310.fr\/jardin-morierois\/wp-content\/uploads\/2019\/02\/P_20190108_150403.jpg 600w, https:\/\/84310.fr\/jardin-morierois\/wp-content\/uploads\/2019\/02\/P_20190108_150403-225x300.jpg 225w\" sizes=\"auto, (max-width: 600px) 100vw, 600px\" \/><br \/>\nL&rsquo;espace permaculture est en sommeil, il reste quelques poireaux, des radis noirs, et une cote de blette &#8230; le reste se repose sous le froid de l&rsquo;hiver.<\/p>\n<p><img loading=\"lazy\" decoding=\"async\" class=\"alignnone size-full wp-image-2483\" src=\"https:\/\/84310.fr\/jardin-morierois\/wp-content\/uploads\/2019\/02\/P_20190108_150417.jpg\" alt=\"\" width=\"600\" height=\"800\" srcset=\"https:\/\/84310.fr\/jardin-morierois\/wp-content\/uploads\/2019\/02\/P_20190108_150417.jpg 600w, https:\/\/84310.fr\/jardin-morierois\/wp-content\/uploads\/2019\/02\/P_20190108_150417-225x300.jpg 225w\" sizes=\"auto, (max-width: 600px) 100vw, 600px\" \/><br \/>\nL&rsquo;espace Ph\u00e9noculture se repose lui aussi, sous la couche de foin, de tonte et tous les v\u00e9g\u00e9taux issu des tomates, la terre est humide et meuble. des petits pois ont \u00e9t\u00e9 plant\u00e9s la dessous.\u00a0 <img loading=\"lazy\" decoding=\"async\" class=\"alignnone size-full wp-image-2486\" src=\"https:\/\/84310.fr\/jardin-morierois\/wp-content\/uploads\/2019\/02\/P_20190108_150442.jpg\" alt=\"\" width=\"800\" height=\"600\" srcset=\"https:\/\/84310.fr\/jardin-morierois\/wp-content\/uploads\/2019\/02\/P_20190108_150442.jpg 800w, https:\/\/84310.fr\/jardin-morierois\/wp-content\/uploads\/2019\/02\/P_20190108_150442-300x225.jpg 300w, https:\/\/84310.fr\/jardin-morierois\/wp-content\/uploads\/2019\/02\/P_20190108_150442-768x576.jpg 768w\" sizes=\"auto, (max-width: 800px) 100vw, 800px\" \/> <img loading=\"lazy\" decoding=\"async\" class=\"alignnone size-full wp-image-2487\" src=\"https:\/\/84310.fr\/jardin-morierois\/wp-content\/uploads\/2019\/02\/P_20190108_150450.jpg\" alt=\"\" width=\"800\" height=\"600\" srcset=\"https:\/\/84310.fr\/jardin-morierois\/wp-content\/uploads\/2019\/02\/P_20190108_150450.jpg 800w, https:\/\/84310.fr\/jardin-morierois\/wp-content\/uploads\/2019\/02\/P_20190108_150450-300x225.jpg 300w, https:\/\/84310.fr\/jardin-morierois\/wp-content\/uploads\/2019\/02\/P_20190108_150450-768x576.jpg 768w\" sizes=\"auto, (max-width: 800px) 100vw, 800px\" \/> <img loading=\"lazy\" decoding=\"async\" class=\"alignnone size-full wp-image-2488\" src=\"https:\/\/84310.fr\/jardin-morierois\/wp-content\/uploads\/2019\/02\/P_20190108_150538.jpg\" alt=\"\" width=\"800\" height=\"600\" srcset=\"https:\/\/84310.fr\/jardin-morierois\/wp-content\/uploads\/2019\/02\/P_20190108_150538.jpg 800w, https:\/\/84310.fr\/jardin-morierois\/wp-content\/uploads\/2019\/02\/P_20190108_150538-300x225.jpg 300w, https:\/\/84310.fr\/jardin-morierois\/wp-content\/uploads\/2019\/02\/P_20190108_150538-768x576.jpg 768w\" sizes=\"auto, (max-width: 800px) 100vw, 800px\" \/><\/p>\n<\/div>\n","protected":false},"excerpt":{"rendered":"<p>\u00c9TAT DES LIEUX DU JARDIN JANVIER 2019 En ce mois de Janvier, encore quelques traces de v\u00e9g\u00e9tation au jardin \u00e0 l&#8217;emplacement des tomates miniatures, des petits pois grimpants viennent d&rsquo;\u00eatre sem\u00e9s. La vaste zone de salades \u00e0 la vol\u00e9e, est&hellip; <\/p>\n","protected":false},"author":1,"featured_media":0,"parent":0,"menu_order":0,"comment_status":"closed","ping_status":"closed","template":"","meta":{"_exactmetrics_skip_tracking":false,"_exactmetrics_sitenote_active":false,"_exactmetrics_sitenote_note":"","_exactmetrics_sitenote_category":0,"footnotes":""},"class_list":["post-2354","page","type-page","status-publish","hentry"],"_links":{"self":[{"href":"https:\/\/84310.fr\/jardin-morierois\/wp-json\/wp\/v2\/pages\/2354","targetHints":{"allow":["GET"]}}],"collection":[{"href":"https:\/\/84310.fr\/jardin-morierois\/wp-json\/wp\/v2\/pages"}],"about":[{"href":"https:\/\/84310.fr\/jardin-morierois\/wp-json\/wp\/v2\/types\/page"}],"author":[{"embeddable":true,"href":"https:\/\/84310.fr\/jardin-morierois\/wp-json\/wp\/v2\/users\/1"}],"replies":[{"embeddable":true,"href":"https:\/\/84310.fr\/jardin-morierois\/wp-json\/wp\/v2\/comments?post=2354"}],"version-history":[{"count":5,"href":"https:\/\/84310.fr\/jardin-morierois\/wp-json\/wp\/v2\/pages\/2354\/revisions"}],"predecessor-version":[{"id":2515,"href":"https:\/\/84310.fr\/jardin-morierois\/wp-json\/wp\/v2\/pages\/2354\/revisions\/2515"}],"wp:attachment":[{"href":"https:\/\/84310.fr\/jardin-morierois\/wp-json\/wp\/v2\/media?parent=2354"}],"curies":[{"name":"wp","href":"https:\/\/api.w.org\/{rel}","templated":true}]}}