{"id":2352,"date":"2018-12-31T17:41:41","date_gmt":"2018-12-31T16:41:41","guid":{"rendered":"http:\/\/84310.fr\/jardin-morierois\/?page_id=2352"},"modified":"2019-05-08T22:05:15","modified_gmt":"2019-05-08T21:05:15","slug":"jardin-2019","status":"publish","type":"page","link":"https:\/\/84310.fr\/jardin-morierois\/jardin-2019\/","title":{"rendered":"Jardin 2019"},"content":{"rendered":"<p>un d\u00e9part en douceur en cette nouvelle ann\u00e9e \u00ab\u00a0jardinistique &#8230;\u00a0\u00bb<br \/>\nplein de nouvelles id\u00e9es, envies, de nouveaux projets, de nouveaux tests<\/p>\n<p style=\"text-align: center;\">mais pour pr\u00e9parer au mieux cette nouvelle ann\u00e9e, il faut donner un petit coup de licol pour se donner les moyens de r\u00e9ussir.<br \/>\n&#8211; l&rsquo;achat de deux cuves \u00e0 eaux, ( + tuyauterie, + parpaings ) pour augmenter la facilit\u00e9 d&rsquo;arrosage des surfaces \u00e9loign\u00e9es du point d&rsquo;eau<br \/>\n<img loading=\"lazy\" decoding=\"async\" class=\"alignnone wp-image-2527\" src=\"https:\/\/84310.fr\/jardin-morierois\/wp-content\/uploads\/2019\/02\/cuve-1000-litres-eau.png\" alt=\"\" width=\"211\" height=\"224\" srcset=\"https:\/\/84310.fr\/jardin-morierois\/wp-content\/uploads\/2019\/02\/cuve-1000-litres-eau.png 300w, https:\/\/84310.fr\/jardin-morierois\/wp-content\/uploads\/2019\/02\/cuve-1000-litres-eau-283x300.png 283w\" sizes=\"auto, (max-width: 211px) 100vw, 211px\" \/><br \/>\n&#8211; L&rsquo;investissement sur une bonne quantit\u00e9 de paille, mais \u00e0 tr\u00e8s bon prix, ce qui reste quand m\u00eame une bonne affaire, ( m\u00eame si j&rsquo;aurai pr\u00e9f\u00e9r\u00e9 avoir du foin \u00e0 ce prix l\u00e0 )<\/p>\n<p style=\"text-align: center;\"><img loading=\"lazy\" decoding=\"async\" class=\"alignnone wp-image-2698\" src=\"https:\/\/84310.fr\/jardin-morierois\/wp-content\/uploads\/2019\/04\/DSCN8145.jpg\" alt=\"\" width=\"419\" height=\"314\" srcset=\"https:\/\/84310.fr\/jardin-morierois\/wp-content\/uploads\/2019\/04\/DSCN8145.jpg 800w, https:\/\/84310.fr\/jardin-morierois\/wp-content\/uploads\/2019\/04\/DSCN8145-300x225.jpg 300w, https:\/\/84310.fr\/jardin-morierois\/wp-content\/uploads\/2019\/04\/DSCN8145-768x576.jpg 768w\" sizes=\"auto, (max-width: 419px) 100vw, 419px\" \/><\/p>\n<p style=\"text-align: center;\">&#8211; l&rsquo;apport de pas mal de crottin de cheval ( trouv\u00e9 gratuitement sur le bon coin)<br \/>\n<img loading=\"lazy\" decoding=\"async\" class=\"alignnone wp-image-2699\" src=\"https:\/\/84310.fr\/jardin-morierois\/wp-content\/uploads\/2019\/04\/DSCN8146.jpg\" alt=\"\" width=\"455\" height=\"341\" srcset=\"https:\/\/84310.fr\/jardin-morierois\/wp-content\/uploads\/2019\/04\/DSCN8146.jpg 800w, https:\/\/84310.fr\/jardin-morierois\/wp-content\/uploads\/2019\/04\/DSCN8146-300x225.jpg 300w, https:\/\/84310.fr\/jardin-morierois\/wp-content\/uploads\/2019\/04\/DSCN8146-768x576.jpg 768w\" sizes=\"auto, (max-width: 455px) 100vw, 455px\" \/><\/p>\n<p>l&rsquo;optimisation de l&rsquo;espace non utilis\u00e9 jusqu&rsquo;\u00e0 pr\u00e9sent, ( pieds des arbres ) recoins am\u00e9nag\u00e9s pour recevoir des plantations<\/p>\n<h4><span style=\"color: #ff00ff;\"><strong>2 MAI 2019<\/strong><\/span><\/h4>\n<p><img loading=\"lazy\" decoding=\"async\" class=\"alignnone size-full wp-image-2726\" src=\"https:\/\/84310.fr\/jardin-morierois\/wp-content\/uploads\/2019\/05\/2.jpg\" alt=\"\" width=\"800\" height=\"400\" srcset=\"https:\/\/84310.fr\/jardin-morierois\/wp-content\/uploads\/2019\/05\/2.jpg 800w, https:\/\/84310.fr\/jardin-morierois\/wp-content\/uploads\/2019\/05\/2-300x150.jpg 300w, https:\/\/84310.fr\/jardin-morierois\/wp-content\/uploads\/2019\/05\/2-768x384.jpg 768w\" sizes=\"auto, (max-width: 800px) 100vw, 800px\" \/><br \/>\nHier<\/p>\n<p><img loading=\"lazy\" decoding=\"async\" class=\"alignnone size-full wp-image-2725\" src=\"https:\/\/84310.fr\/jardin-morierois\/wp-content\/uploads\/2019\/05\/2-bis.jpg\" alt=\"\" width=\"800\" height=\"400\" srcset=\"https:\/\/84310.fr\/jardin-morierois\/wp-content\/uploads\/2019\/05\/2-bis.jpg 800w, https:\/\/84310.fr\/jardin-morierois\/wp-content\/uploads\/2019\/05\/2-bis-300x150.jpg 300w, https:\/\/84310.fr\/jardin-morierois\/wp-content\/uploads\/2019\/05\/2-bis-768x384.jpg 768w\" sizes=\"auto, (max-width: 800px) 100vw, 800px\" \/>Aujourd&rsquo;hui<\/p>\n<p><img loading=\"lazy\" decoding=\"async\" class=\"alignnone size-full wp-image-2724\" src=\"https:\/\/84310.fr\/jardin-morierois\/wp-content\/uploads\/2019\/05\/1.jpg\" alt=\"\" width=\"800\" height=\"400\" srcset=\"https:\/\/84310.fr\/jardin-morierois\/wp-content\/uploads\/2019\/05\/1.jpg 800w, https:\/\/84310.fr\/jardin-morierois\/wp-content\/uploads\/2019\/05\/1-300x150.jpg 300w, https:\/\/84310.fr\/jardin-morierois\/wp-content\/uploads\/2019\/05\/1-768x384.jpg 768w\" sizes=\"auto, (max-width: 800px) 100vw, 800px\" \/><br \/>\nHier<\/p>\n<p><img loading=\"lazy\" decoding=\"async\" class=\"alignnone size-full wp-image-2723\" src=\"https:\/\/84310.fr\/jardin-morierois\/wp-content\/uploads\/2019\/05\/1-bis.jpg\" alt=\"\" width=\"800\" height=\"400\" srcset=\"https:\/\/84310.fr\/jardin-morierois\/wp-content\/uploads\/2019\/05\/1-bis.jpg 800w, https:\/\/84310.fr\/jardin-morierois\/wp-content\/uploads\/2019\/05\/1-bis-300x150.jpg 300w, https:\/\/84310.fr\/jardin-morierois\/wp-content\/uploads\/2019\/05\/1-bis-768x384.jpg 768w\" sizes=\"auto, (max-width: 800px) 100vw, 800px\" \/><br \/>\nAujourd&rsquo;hui<br \/>\ndeux petites modifications, un peu contraires \u00e0 ce que j&rsquo;aime faire ( c&rsquo;est \u00e0 dire ne rien faire )<br \/>\nJ&rsquo;ai du travailler la terre ( bouhhhhh !!! ) pour mieux la pr\u00e9parer, mais promis, je vais le faire de moins en moins &#8230;( \u00e7a va, ces zones n&rsquo;ont \u00e9t\u00e9 retourn\u00e9es qu&rsquo;une fois depuis un an )<br \/>\nla double rang\u00e9e de tomates va venir sous peu s&rsquo;y coller.<br \/>\nJe devais pr\u00e9parer cette zone , y mettre du fumier de cheval, et une bonne couche de paille ( \u00e0 d\u00e9faut de foin ) chose que je n&rsquo;ai fait que partiellement la saison derni\u00e8re.<\/p>\n<p><img loading=\"lazy\" decoding=\"async\" class=\"alignnone size-full wp-image-2742\" src=\"https:\/\/84310.fr\/jardin-morierois\/wp-content\/uploads\/2019\/05\/P_20190503_174248.jpg\" alt=\"\" width=\"720\" height=\"360\" srcset=\"https:\/\/84310.fr\/jardin-morierois\/wp-content\/uploads\/2019\/05\/P_20190503_174248.jpg 720w, https:\/\/84310.fr\/jardin-morierois\/wp-content\/uploads\/2019\/05\/P_20190503_174248-300x150.jpg 300w\" sizes=\"auto, (max-width: 720px) 100vw, 720px\" \/> Avec une bonne couche de crottin de cheval<img loading=\"lazy\" decoding=\"async\" class=\"alignnone size-full wp-image-2744\" src=\"https:\/\/84310.fr\/jardin-morierois\/wp-content\/uploads\/2019\/05\/P_20190503_180523.jpg\" alt=\"\" width=\"720\" height=\"360\" srcset=\"https:\/\/84310.fr\/jardin-morierois\/wp-content\/uploads\/2019\/05\/P_20190503_180523.jpg 720w, https:\/\/84310.fr\/jardin-morierois\/wp-content\/uploads\/2019\/05\/P_20190503_180523-300x150.jpg 300w\" sizes=\"auto, (max-width: 720px) 100vw, 720px\" \/> Avec une bonne couche de paille <img loading=\"lazy\" decoding=\"async\" class=\"alignnone size-full wp-image-2746\" src=\"https:\/\/84310.fr\/jardin-morierois\/wp-content\/uploads\/2019\/05\/P_20190504_172011.jpg\" alt=\"\" width=\"720\" height=\"360\" srcset=\"https:\/\/84310.fr\/jardin-morierois\/wp-content\/uploads\/2019\/05\/P_20190504_172011.jpg 720w, https:\/\/84310.fr\/jardin-morierois\/wp-content\/uploads\/2019\/05\/P_20190504_172011-300x150.jpg 300w\" sizes=\"auto, (max-width: 720px) 100vw, 720px\" \/><br \/>\nla structure des tomates est en train de se monter doucement<\/p>\n<p><img loading=\"lazy\" decoding=\"async\" class=\"alignnone size-full wp-image-2743\" src=\"https:\/\/84310.fr\/jardin-morierois\/wp-content\/uploads\/2019\/05\/P_20190503_174257.jpg\" alt=\"\" width=\"720\" height=\"360\" srcset=\"https:\/\/84310.fr\/jardin-morierois\/wp-content\/uploads\/2019\/05\/P_20190503_174257.jpg 720w, https:\/\/84310.fr\/jardin-morierois\/wp-content\/uploads\/2019\/05\/P_20190503_174257-300x150.jpg 300w\" sizes=\"auto, (max-width: 720px) 100vw, 720px\" \/><br \/>\nLa future zone des courgettes avec une bonne couche de crottin de cheval<\/p>\n<p><img loading=\"lazy\" decoding=\"async\" class=\"alignnone size-full wp-image-2745\" src=\"https:\/\/84310.fr\/jardin-morierois\/wp-content\/uploads\/2019\/05\/P_20190503_180535.jpg\" alt=\"\" width=\"720\" height=\"360\" srcset=\"https:\/\/84310.fr\/jardin-morierois\/wp-content\/uploads\/2019\/05\/P_20190503_180535.jpg 720w, https:\/\/84310.fr\/jardin-morierois\/wp-content\/uploads\/2019\/05\/P_20190503_180535-300x150.jpg 300w\" sizes=\"auto, (max-width: 720px) 100vw, 720px\" \/><br \/>\nAvec une bonne couche de paille<\/p>\n<p><img loading=\"lazy\" decoding=\"async\" class=\"alignnone size-full wp-image-2747\" src=\"https:\/\/84310.fr\/jardin-morierois\/wp-content\/uploads\/2019\/05\/P_20190504_172018.jpg\" alt=\"\" width=\"720\" height=\"360\" srcset=\"https:\/\/84310.fr\/jardin-morierois\/wp-content\/uploads\/2019\/05\/P_20190504_172018.jpg 720w, https:\/\/84310.fr\/jardin-morierois\/wp-content\/uploads\/2019\/05\/P_20190504_172018-300x150.jpg 300w\" sizes=\"auto, (max-width: 720px) 100vw, 720px\" \/><br \/>\nL&rsquo;autre zone des tomates dont la structure se monte doucement.<\/p>\n<h4><strong>6 MAI 2019<\/strong><\/h4>\n<p>Suite aux \u00e9normes rafales de vent de ce 5 mai, le jardin en a pris un sacr\u00e9 coup<br \/>\nles structures de bambous se sont retrouv\u00e9es tordues, d\u00e9cal\u00e9es, certains bambous ont \u00e9t\u00e9 sortis de leur fondations, et le paillage a \u00e9t\u00e9 volatilis\u00e9 par endroits. La paille s&rsquo;est retrouv\u00e9e accumul\u00e9e en certains angles du jardin, ou bloqu\u00e9e par certains obstacles.<\/p>\n<p><img loading=\"lazy\" decoding=\"async\" class=\"alignnone size-full wp-image-2759\" src=\"https:\/\/84310.fr\/jardin-morierois\/wp-content\/uploads\/2019\/05\/P_20190505_161024.jpg\" alt=\"\" width=\"800\" height=\"400\" srcset=\"https:\/\/84310.fr\/jardin-morierois\/wp-content\/uploads\/2019\/05\/P_20190505_161024.jpg 800w, https:\/\/84310.fr\/jardin-morierois\/wp-content\/uploads\/2019\/05\/P_20190505_161024-300x150.jpg 300w, https:\/\/84310.fr\/jardin-morierois\/wp-content\/uploads\/2019\/05\/P_20190505_161024-768x384.jpg 768w\" sizes=\"auto, (max-width: 800px) 100vw, 800px\" \/> <img loading=\"lazy\" decoding=\"async\" class=\"size-full wp-image-2758 aligncenter\" src=\"https:\/\/84310.fr\/jardin-morierois\/wp-content\/uploads\/2019\/05\/P_20190505_161003.jpg\" alt=\"\" width=\"400\" height=\"800\" srcset=\"https:\/\/84310.fr\/jardin-morierois\/wp-content\/uploads\/2019\/05\/P_20190505_161003.jpg 400w, https:\/\/84310.fr\/jardin-morierois\/wp-content\/uploads\/2019\/05\/P_20190505_161003-150x300.jpg 150w\" sizes=\"auto, (max-width: 400px) 100vw, 400px\" \/>il a fallu remettre tout en place, et renforcer plus que pr\u00e9vu pour que la structure r\u00e9siste \u00e0 un autre \u00e9pisode venteux.<br \/>\nune perte de temps, mais pas encore de casse s\u00e9rieuse \u00e0 ce moment.<\/p>\n<p>&nbsp;<\/p>\n<p>&nbsp;<\/p>\n<p>&nbsp;<\/p>\n<p>&nbsp;<\/p>\n","protected":false},"excerpt":{"rendered":"<p>un d\u00e9part en douceur en cette nouvelle ann\u00e9e \u00ab\u00a0jardinistique &#8230;\u00a0\u00bb plein de nouvelles id\u00e9es, envies, de nouveaux projets, de nouveaux tests mais pour pr\u00e9parer au mieux cette nouvelle ann\u00e9e, il faut donner un petit coup de licol pour se donner&hellip; <\/p>\n","protected":false},"author":1,"featured_media":0,"parent":0,"menu_order":0,"comment_status":"closed","ping_status":"closed","template":"","meta":{"_exactmetrics_skip_tracking":false,"_exactmetrics_sitenote_active":false,"_exactmetrics_sitenote_note":"","_exactmetrics_sitenote_category":0,"footnotes":""},"class_list":["post-2352","page","type-page","status-publish","hentry"],"_links":{"self":[{"href":"https:\/\/84310.fr\/jardin-morierois\/wp-json\/wp\/v2\/pages\/2352","targetHints":{"allow":["GET"]}}],"collection":[{"href":"https:\/\/84310.fr\/jardin-morierois\/wp-json\/wp\/v2\/pages"}],"about":[{"href":"https:\/\/84310.fr\/jardin-morierois\/wp-json\/wp\/v2\/types\/page"}],"author":[{"embeddable":true,"href":"https:\/\/84310.fr\/jardin-morierois\/wp-json\/wp\/v2\/users\/1"}],"replies":[{"embeddable":true,"href":"https:\/\/84310.fr\/jardin-morierois\/wp-json\/wp\/v2\/comments?post=2352"}],"version-history":[{"count":8,"href":"https:\/\/84310.fr\/jardin-morierois\/wp-json\/wp\/v2\/pages\/2352\/revisions"}],"predecessor-version":[{"id":2761,"href":"https:\/\/84310.fr\/jardin-morierois\/wp-json\/wp\/v2\/pages\/2352\/revisions\/2761"}],"wp:attachment":[{"href":"https:\/\/84310.fr\/jardin-morierois\/wp-json\/wp\/v2\/media?parent=2352"}],"curies":[{"name":"wp","href":"https:\/\/api.w.org\/{rel}","templated":true}]}}