{"id":2350,"date":"2018-12-31T17:41:29","date_gmt":"2018-12-31T16:41:29","guid":{"rendered":"http:\/\/84310.fr\/jardin-morierois\/?page_id=2350"},"modified":"2019-05-30T14:39:25","modified_gmt":"2019-05-30T13:39:25","slug":"tomates-2019","status":"publish","type":"page","link":"https:\/\/84310.fr\/jardin-morierois\/tomates-2019\/","title":{"rendered":"Tomates 2019"},"content":{"rendered":"<p>\u00e0 chaque nouvelle saison, je me dis &#8230; \u00a0\u00bb il faut faire moins de vari\u00e9t\u00e9s &#8230; \u00a0\u00bb<br \/>\net \u00e0 chaque nouvelle saison, le besoin de nouveaut\u00e9, la qu\u00eate de la vari\u00e9t\u00e9 qui me satisfera pleinement&#8230; puis des \u00e9changes, des dons de graines, et me voila reparti cette saison pour 40 vari\u00e9t\u00e9s diff\u00e9rentes &#8230;. 31 vari\u00e9t\u00e9s de tomates normales ou grosses et 9 vari\u00e9t\u00e9s de petites tomates.<br \/>\n1 <a href=\"http:\/\/84310.fr\/JMForum\/showthread.php?tid=24\" target=\"_blank\" rel=\"noopener noreferrer\">Ancienne<\/a><br \/>\n2 <a href=\"http:\/\/84310.fr\/JMForum\/showthread.php?tid=25\" target=\"_blank\" rel=\"noopener noreferrer\">Beef<\/a><br \/>\n3<a href=\"http:\/\/84310.fr\/JMForum\/showthread.php?tid=26\" target=\"_blank\" rel=\"noopener noreferrer\"> Black Cherry<\/a><br \/>\n4 <a href=\"http:\/\/84310.fr\/JMForum\/showthread.php?tid=27\" target=\"_blank\" rel=\"noopener noreferrer\">Black Prince<\/a><br \/>\n5 <a href=\"http:\/\/84310.fr\/JMForum\/showthread.php?tid=28\" target=\"_blank\" rel=\"noopener noreferrer\">Black Trif\u00e8le<\/a><br \/>\n6 <a href=\"http:\/\/84310.fr\/JMForum\/showthread.php?tid=29\" target=\"_blank\" rel=\"noopener noreferrer\">Black From TULA<\/a><br \/>\n7 <a href=\"http:\/\/84310.fr\/JMForum\/showthread.php?tid=30\" target=\"_blank\" rel=\"noopener noreferrer\">Cobra<\/a><br \/>\n8 <a href=\"http:\/\/84310.fr\/JMForum\/showthread.php?tid=31\" target=\"_blank\" rel=\"noopener noreferrer\">Coeur de Boeuf<\/a><br \/>\n9 <a href=\"http:\/\/84310.fr\/JMForum\/showthread.php?tid=32\" target=\"_blank\" rel=\"noopener noreferrer\">Coeur de Boeuf GEANT<\/a><br \/>\n10 <a href=\"http:\/\/84310.fr\/JMForum\/showthread.php?tid=33\" target=\"_blank\" rel=\"noopener noreferrer\">Cornue des Andes<\/a><br \/>\n11 <a href=\"http:\/\/84310.fr\/JMForum\/showthread.php?tid=34\" target=\"_blank\" rel=\"noopener noreferrer\">Dinner Plate<\/a><br \/>\n12 <a href=\"http:\/\/84310.fr\/JMForum\/showthread.php?tid=35\" target=\"_blank\" rel=\"noopener noreferrer\">Fraise Orange<\/a><br \/>\n13 <a href=\"http:\/\/84310.fr\/JMForum\/showthread.php?tid=36\" target=\"_blank\" rel=\"noopener noreferrer\">Great White<\/a><br \/>\n14 <a href=\"http:\/\/84310.fr\/JMForum\/showthread.php?tid=37\" target=\"_blank\" rel=\"noopener noreferrer\">Green COPIA<\/a><br \/>\n15 <a href=\"http:\/\/84310.fr\/JMForum\/showthread.php?tid=38\" target=\"_blank\" rel=\"noopener noreferrer\">Green Zebra<\/a><br \/>\n16 <a href=\"http:\/\/84310.fr\/JMForum\/showthread.php?tid=39\" target=\"_blank\" rel=\"noopener noreferrer\">Marmande<\/a><br \/>\n17 <a href=\"http:\/\/84310.fr\/JMForum\/showthread.php?tid=40\" target=\"_blank\" rel=\"noopener noreferrer\">Matina<\/a><br \/>\n18 <a href=\"http:\/\/84310.fr\/JMForum\/showthread.php?tid=41\" target=\"_blank\" rel=\"noopener noreferrer\">Merveille des march\u00e9s<\/a><br \/>\n19 <a href=\"http:\/\/84310.fr\/JMForum\/showthread.php?tid=42\" target=\"_blank\" rel=\"noopener noreferrer\">Montfavet F1<\/a><br \/>\n20 <a href=\"http:\/\/84310.fr\/JMForum\/showthread.php?tid=43\" target=\"_blank\" rel=\"noopener noreferrer\">Noire Charbonneuse<\/a><br \/>\n21 <a href=\"http:\/\/84310.fr\/JMForum\/showthread.php?tid=44\" target=\"_blank\" rel=\"noopener noreferrer\">Noire de Crim\u00e9e<\/a><br \/>\n22 <a href=\"http:\/\/84310.fr\/JMForum\/showthread.php?tid=45\" target=\"_blank\" rel=\"noopener noreferrer\">Omar Libanaise<\/a><br \/>\n23 <a href=\"http:\/\/84310.fr\/JMForum\/showthread.php?tid=46\" target=\"_blank\" rel=\"noopener noreferrer\">Persimmon<\/a><br \/>\n24 <a href=\"http:\/\/84310.fr\/JMForum\/showthread.php?tid=47\" target=\"_blank\" rel=\"noopener noreferrer\">Pyros<\/a><br \/>\n25 <a href=\"http:\/\/84310.fr\/JMForum\/showthread.php?tid=48\" target=\"_blank\" rel=\"noopener noreferrer\">Roma<\/a><br \/>\n26 <a href=\"http:\/\/84310.fr\/JMForum\/showthread.php?tid=49\" target=\"_blank\" rel=\"noopener noreferrer\">Russe<\/a><br \/>\n27 <a href=\"http:\/\/84310.fr\/JMForum\/showthread.php?tid=50\" target=\"_blank\" rel=\"noopener noreferrer\">Saint Pierre<\/a><br \/>\n28 <a href=\"http:\/\/84310.fr\/JMForum\/showthread.php?tid=51\" target=\"_blank\" rel=\"noopener noreferrer\">Sainte Lucie<\/a><br \/>\n29 <a href=\"http:\/\/84310.fr\/JMForum\/showthread.php?tid=52\" target=\"_blank\" rel=\"noopener noreferrer\">T\u00e9ton de V\u00e9nus BLANCHE<\/a><br \/>\n30 <a href=\"http:\/\/84310.fr\/JMForum\/showthread.php?tid=53\" target=\"_blank\" rel=\"noopener noreferrer\">Varen Blad<\/a><br \/>\n31 <a href=\"http:\/\/84310.fr\/JMForum\/showthread.php?tid=54\" target=\"_blank\" rel=\"noopener noreferrer\">Wolford Wonder<\/a><\/p>\n<p>32 <a href=\"http:\/\/84310.fr\/JMForum\/showthread.php?tid=55\" target=\"_blank\" rel=\"noopener noreferrer\">Mini ROMA<\/a><br \/>\n33 <a href=\"http:\/\/84310.fr\/JMForum\/showthread.php?tid=56\" target=\"_blank\" rel=\"noopener noreferrer\">Cocktail<\/a><br \/>\n34 <a href=\"http:\/\/84310.fr\/JMForum\/showthread.php?tid=57\" target=\"_blank\" rel=\"noopener noreferrer\">Cerise Vigoureuse Kristin<\/a><br \/>\n35 <a href=\"http:\/\/84310.fr\/JMForum\/showthread.php?tid=58\" target=\"_blank\" rel=\"noopener noreferrer\">Cerise NOIRE<\/a><br \/>\n36 <a href=\"http:\/\/84310.fr\/JMForum\/showthread.php?tid=59\" target=\"_blank\" rel=\"noopener noreferrer\">Gouttes JAUNES<\/a><br \/>\n37 <a href=\"http:\/\/84310.fr\/JMForum\/showthread.php?tid=60\" target=\"_blank\" rel=\"noopener noreferrer\">Goutes NOIRES<\/a><br \/>\n38 <a href=\"http:\/\/84310.fr\/JMForum\/showthread.php?tid=61\" target=\"_blank\" rel=\"noopener noreferrer\">Grappes PETITES<\/a><br \/>\n39 <a href=\"http:\/\/84310.fr\/JMForum\/showthread.php?tid=62\" target=\"_blank\" rel=\"noopener noreferrer\">PHYLENSIS Amour Cage<\/a><br \/>\n40 <a href=\"http:\/\/84310.fr\/JMForum\/showthread.php?tid=63\" target=\"_blank\" rel=\"noopener noreferrer\">Petit Moineau<\/a><\/p>\n<p>Un petit changement, suite \u00e0 une visite<a href=\"https:\/\/84310.fr\/jardin-morierois\/2019\/04\/15\/\"> d&rsquo;\u00e9v\u00e8nements floraux<\/a> je me suis trouv\u00e9 avec 14 nouvelles vari\u00e9t\u00e9s de tomates que je n&rsquo;avais pas encore &#8230;<\/p>\n<p>41 Ananas<br \/>\n42 Beaut\u00e9 Blanche du Canada<br \/>\n43 Bleu 20P<br \/>\n44 Brandywine Jaune<br \/>\n45 Casaque Rouge<br \/>\n46 Gregori Alta\u00ef<br \/>\n47 Potiron Ecarlate<br \/>\n48 Royale des Guineaux<br \/>\n49 Striped GERMAN<br \/>\n50 Gold Nugget<br \/>\n51 White Snow<br \/>\n52 Raisin VERT<br \/>\n53 Miel du Mexique<br \/>\n54 Prune NOIRE<\/p>\n<h5><span style=\"color: #ff0000;\"><strong>28 MAI 2018<\/strong><\/span><\/h5>\n<p>toutes les tomates sont en terre, il y en a en tout 208.<br \/>\nd\u00e9j\u00e0 de petits fruits apparaissent, mais sur des plants ridiculement petits, les plants ont beaucoup souffert d&rsquo;\u00eatre rest\u00e9 trop longtemps en godet, ont fait des fleurs, et les fleurs\u00a0 sont devenues fruits &#8230;<\/p>\n<p>&nbsp;<\/p>\n<p>&nbsp;<\/p>\n","protected":false},"excerpt":{"rendered":"<p>\u00e0 chaque nouvelle saison, je me dis &#8230; \u00a0\u00bb il faut faire moins de vari\u00e9t\u00e9s &#8230; \u00a0\u00bb et \u00e0 chaque nouvelle saison, le besoin de nouveaut\u00e9, la qu\u00eate de la vari\u00e9t\u00e9 qui me satisfera pleinement&#8230; puis des \u00e9changes, des dons&hellip; <\/p>\n","protected":false},"author":1,"featured_media":0,"parent":0,"menu_order":0,"comment_status":"closed","ping_status":"closed","template":"","meta":{"_exactmetrics_skip_tracking":false,"_exactmetrics_sitenote_active":false,"_exactmetrics_sitenote_note":"","_exactmetrics_sitenote_category":0,"footnotes":""},"class_list":["post-2350","page","type-page","status-publish","hentry"],"_links":{"self":[{"href":"https:\/\/84310.fr\/jardin-morierois\/wp-json\/wp\/v2\/pages\/2350","targetHints":{"allow":["GET"]}}],"collection":[{"href":"https:\/\/84310.fr\/jardin-morierois\/wp-json\/wp\/v2\/pages"}],"about":[{"href":"https:\/\/84310.fr\/jardin-morierois\/wp-json\/wp\/v2\/types\/page"}],"author":[{"embeddable":true,"href":"https:\/\/84310.fr\/jardin-morierois\/wp-json\/wp\/v2\/users\/1"}],"replies":[{"embeddable":true,"href":"https:\/\/84310.fr\/jardin-morierois\/wp-json\/wp\/v2\/comments?post=2350"}],"version-history":[{"count":11,"href":"https:\/\/84310.fr\/jardin-morierois\/wp-json\/wp\/v2\/pages\/2350\/revisions"}],"predecessor-version":[{"id":2794,"href":"https:\/\/84310.fr\/jardin-morierois\/wp-json\/wp\/v2\/pages\/2350\/revisions\/2794"}],"wp:attachment":[{"href":"https:\/\/84310.fr\/jardin-morierois\/wp-json\/wp\/v2\/media?parent=2350"}],"curies":[{"name":"wp","href":"https:\/\/api.w.org\/{rel}","templated":true}]}}