{"id":22,"date":"2016-03-04T21:43:37","date_gmt":"2016-03-04T20:43:37","guid":{"rendered":"http:\/\/84310.fr\/jardin-morierois\/?page_id=22"},"modified":"2016-11-10T17:55:23","modified_gmt":"2016-11-10T16:55:23","slug":"bloody-butcher","status":"publish","type":"page","link":"https:\/\/84310.fr\/jardin-morierois\/bloody-butcher\/","title":{"rendered":"BLOODY BUTCHER"},"content":{"rendered":"<p>Tomate BLOODY BUTCHER<\/p>\n<p>6 graines sem\u00e9es le 19 F\u00e9vrier 2016<\/p>\n<p>Le 24 F\u00e9vrier, comme il me restait quelques graines, j\u2019ai sem\u00e9 deux graines de plus par \u00a0 \u00a0 \u00a0 \u00a0 \u00a0\u00a0 \u00bb s\u00e9curit\u00e9\u00a0 \u00bb<\/p>\n<p>Le 12 Mars, sur les 6 plants initiaux, 4 plants pr\u00e9vus pour greffe ont \u00e9t\u00e9 transplant\u00e9s en godet et les 2 plants restants pour graine ont \u00e9galement \u00e9t\u00e9 mis en\u00a0 godet.<br \/>\nLe 14 Mars, j&rsquo;ai mis les deux plants Bonus, cit\u00e9s plus hauts, en godet.<\/p>\n<h2 style=\"text-align: center;\"><span style=\"color: #ff0000;\"><strong>STATISTIQUES de la saison 2016<\/strong><\/span><\/h2>\n<p><img loading=\"lazy\" decoding=\"async\" class=\"alignnone size-full wp-image-947\" src=\"https:\/\/84310.fr\/jardin-morierois\/wp-content\/uploads\/2016\/03\/bloody.jpg\" alt=\"bloody\" width=\"711\" height=\"140\" srcset=\"https:\/\/84310.fr\/jardin-morierois\/wp-content\/uploads\/2016\/03\/bloody.jpg 711w, https:\/\/84310.fr\/jardin-morierois\/wp-content\/uploads\/2016\/03\/bloody-300x59.jpg 300w\" sizes=\"auto, (max-width: 711px) 100vw, 711px\" \/><\/p>\n<p>Le r\u00e9sultat sur le plan \u00a0\u00bb greff\u00e9es \u00a0\u00bb ne montre pas de diff\u00e9rence notable entre le plant 14 ( dont les gourmands ont \u00e9t\u00e9 enlev\u00e9s ) et le plant 15 ou le plant est rest\u00e9 libre de toute modification,<\/p>\n<p>le r\u00e9sultat sur cette vari\u00e9t\u00e9 l\u00e0 reste plus que m\u00e9diocre<\/p>\n<p><span style=\"color: #ff0000;\"><strong>ce n&rsquo;est pas une vari\u00e9t\u00e9 que je referai en 2017 &#8230;<\/strong><\/span><\/p>\n","protected":false},"excerpt":{"rendered":"<p>Tomate BLOODY BUTCHER 6 graines sem\u00e9es le 19 F\u00e9vrier 2016 Le 24 F\u00e9vrier, comme il me restait quelques graines, j\u2019ai sem\u00e9 deux graines de plus par \u00a0 \u00a0 \u00a0 \u00a0 \u00a0\u00a0 \u00bb s\u00e9curit\u00e9\u00a0 \u00bb Le 12 Mars, sur les 6&hellip; <\/p>\n","protected":false},"author":1,"featured_media":0,"parent":0,"menu_order":0,"comment_status":"closed","ping_status":"closed","template":"","meta":{"_exactmetrics_skip_tracking":false,"_exactmetrics_sitenote_active":false,"_exactmetrics_sitenote_note":"","_exactmetrics_sitenote_category":0,"footnotes":""},"class_list":["post-22","page","type-page","status-publish","hentry"],"_links":{"self":[{"href":"https:\/\/84310.fr\/jardin-morierois\/wp-json\/wp\/v2\/pages\/22","targetHints":{"allow":["GET"]}}],"collection":[{"href":"https:\/\/84310.fr\/jardin-morierois\/wp-json\/wp\/v2\/pages"}],"about":[{"href":"https:\/\/84310.fr\/jardin-morierois\/wp-json\/wp\/v2\/types\/page"}],"author":[{"embeddable":true,"href":"https:\/\/84310.fr\/jardin-morierois\/wp-json\/wp\/v2\/users\/1"}],"replies":[{"embeddable":true,"href":"https:\/\/84310.fr\/jardin-morierois\/wp-json\/wp\/v2\/comments?post=22"}],"version-history":[{"count":5,"href":"https:\/\/84310.fr\/jardin-morierois\/wp-json\/wp\/v2\/pages\/22\/revisions"}],"predecessor-version":[{"id":972,"href":"https:\/\/84310.fr\/jardin-morierois\/wp-json\/wp\/v2\/pages\/22\/revisions\/972"}],"wp:attachment":[{"href":"https:\/\/84310.fr\/jardin-morierois\/wp-json\/wp\/v2\/media?parent=22"}],"curies":[{"name":"wp","href":"https:\/\/api.w.org\/{rel}","templated":true}]}}