{"id":188,"date":"2016-03-05T19:47:23","date_gmt":"2016-03-05T18:47:23","guid":{"rendered":"http:\/\/84310.fr\/jardin-morierois\/?page_id=188"},"modified":"2016-11-12T09:20:16","modified_gmt":"2016-11-12T08:20:16","slug":"noires","status":"publish","type":"page","link":"https:\/\/84310.fr\/jardin-morierois\/noires\/","title":{"rendered":"NOIRES"},"content":{"rendered":"<p>Tomates NOIRES<\/p>\n<p>Le 24 F\u00e9vrier , 3 graines ont \u00e9t\u00e9 sem\u00e9es<\/p>\n<h2 style=\"text-align: center;\"><span style=\"color: #ff0000;\"><strong>STATISTIQUES de la saison 2016<\/strong><\/span><\/h2>\n<p><img loading=\"lazy\" decoding=\"async\" class=\"alignnone size-full wp-image-950\" src=\"https:\/\/84310.fr\/jardin-morierois\/wp-content\/uploads\/2016\/03\/coeur-boeuf.jpg\" alt=\"coeur-boeuf\" width=\"711\" height=\"177\" srcset=\"https:\/\/84310.fr\/jardin-morierois\/wp-content\/uploads\/2016\/03\/coeur-boeuf.jpg 711w, https:\/\/84310.fr\/jardin-morierois\/wp-content\/uploads\/2016\/03\/coeur-boeuf-300x75.jpg 300w\" sizes=\"auto, (max-width: 711px) 100vw, 711px\" \/><\/p>\n<p>une grande d\u00e9ception pour ces tomates noires<\/p>\n<p>les chiffres parlent d&rsquo;eux m\u00eames &#8230;<\/p>\n<p><strong><span style=\"color: #ff0000;\">ce n&rsquo;est pas une vari\u00e9t\u00e9 que je referai en 2017 &#8230;<\/span><\/strong><\/p>\n","protected":false},"excerpt":{"rendered":"<p>Tomates NOIRES Le 24 F\u00e9vrier , 3 graines ont \u00e9t\u00e9 sem\u00e9es STATISTIQUES de la saison 2016 une grande d\u00e9ception pour ces tomates noires les chiffres parlent d&rsquo;eux m\u00eames &#8230; ce n&rsquo;est pas une vari\u00e9t\u00e9 que je referai en 2017 &#8230;<\/p>\n","protected":false},"author":1,"featured_media":0,"parent":0,"menu_order":0,"comment_status":"closed","ping_status":"closed","template":"","meta":{"_exactmetrics_skip_tracking":false,"_exactmetrics_sitenote_active":false,"_exactmetrics_sitenote_note":"","_exactmetrics_sitenote_category":0,"footnotes":""},"class_list":["post-188","page","type-page","status-publish","hentry"],"_links":{"self":[{"href":"https:\/\/84310.fr\/jardin-morierois\/wp-json\/wp\/v2\/pages\/188","targetHints":{"allow":["GET"]}}],"collection":[{"href":"https:\/\/84310.fr\/jardin-morierois\/wp-json\/wp\/v2\/pages"}],"about":[{"href":"https:\/\/84310.fr\/jardin-morierois\/wp-json\/wp\/v2\/types\/page"}],"author":[{"embeddable":true,"href":"https:\/\/84310.fr\/jardin-morierois\/wp-json\/wp\/v2\/users\/1"}],"replies":[{"embeddable":true,"href":"https:\/\/84310.fr\/jardin-morierois\/wp-json\/wp\/v2\/comments?post=188"}],"version-history":[{"count":4,"href":"https:\/\/84310.fr\/jardin-morierois\/wp-json\/wp\/v2\/pages\/188\/revisions"}],"predecessor-version":[{"id":1001,"href":"https:\/\/84310.fr\/jardin-morierois\/wp-json\/wp\/v2\/pages\/188\/revisions\/1001"}],"wp:attachment":[{"href":"https:\/\/84310.fr\/jardin-morierois\/wp-json\/wp\/v2\/media?parent=188"}],"curies":[{"name":"wp","href":"https:\/\/api.w.org\/{rel}","templated":true}]}}