{"id":1849,"date":"2018-03-25T22:15:44","date_gmt":"2018-03-25T21:15:44","guid":{"rendered":"http:\/\/84310.fr\/jardin-morierois\/?page_id=1849"},"modified":"2018-04-06T21:42:08","modified_gmt":"2018-04-06T20:42:08","slug":"2018-honda-f600","status":"publish","type":"page","link":"https:\/\/84310.fr\/jardin-morierois\/2018-honda-f600\/","title":{"rendered":"2018 Honda F600"},"content":{"rendered":"<p>un objet que je c\u00f4toie depuis toute mon enfance, c&rsquo;est le vieux Honda f600 de mon papa.<\/p>\n<p>il a \u00e9t\u00e9 achet\u00e9 en juin 1978, on va lui f\u00eater ses 40 ans cet \u00e9t\u00e9.<img loading=\"lazy\" decoding=\"async\" class=\"alignnone size-full wp-image-1850\" src=\"https:\/\/84310.fr\/jardin-morierois\/wp-content\/uploads\/2018\/03\/honda-f600.jpg\" alt=\"\" width=\"700\" height=\"700\" srcset=\"https:\/\/84310.fr\/jardin-morierois\/wp-content\/uploads\/2018\/03\/honda-f600.jpg 700w, https:\/\/84310.fr\/jardin-morierois\/wp-content\/uploads\/2018\/03\/honda-f600-150x150.jpg 150w, https:\/\/84310.fr\/jardin-morierois\/wp-content\/uploads\/2018\/03\/honda-f600-300x300.jpg 300w, https:\/\/84310.fr\/jardin-morierois\/wp-content\/uploads\/2018\/03\/honda-f600-230x230.jpg 230w\" sizes=\"auto, (max-width: 700px) 100vw, 700px\" \/><br \/>\nBon, \u00e7a c&rsquo;est ce \u00e0 quoi il devait ressembler &#8230;. au d\u00e9but ..<\/p>\n<p>Maintenant &#8230; il ressemble plus \u00e0 \u00e7a &#8230;.<\/p>\n<p>&nbsp;<\/p>\n<p><img loading=\"lazy\" decoding=\"async\" class=\"alignnone size-full wp-image-1915\" src=\"https:\/\/84310.fr\/jardin-morierois\/wp-content\/uploads\/2018\/04\/honda-f600-morieres.jpg\" alt=\"\" width=\"700\" height=\"700\" srcset=\"https:\/\/84310.fr\/jardin-morierois\/wp-content\/uploads\/2018\/04\/honda-f600-morieres.jpg 700w, https:\/\/84310.fr\/jardin-morierois\/wp-content\/uploads\/2018\/04\/honda-f600-morieres-150x150.jpg 150w, https:\/\/84310.fr\/jardin-morierois\/wp-content\/uploads\/2018\/04\/honda-f600-morieres-300x300.jpg 300w, https:\/\/84310.fr\/jardin-morierois\/wp-content\/uploads\/2018\/04\/honda-f600-morieres-230x230.jpg 230w\" sizes=\"auto, (max-width: 700px) 100vw, 700px\" \/><\/p>\n<p>ou m\u00eame \u00e0 \u00e7a !!!<\/p>\n<p><img loading=\"lazy\" decoding=\"async\" class=\"alignnone size-full wp-image-1853\" src=\"https:\/\/84310.fr\/jardin-morierois\/wp-content\/uploads\/2018\/03\/DSCN5902.jpg\" alt=\"\" width=\"1000\" height=\"715\" srcset=\"https:\/\/84310.fr\/jardin-morierois\/wp-content\/uploads\/2018\/03\/DSCN5902.jpg 1000w, https:\/\/84310.fr\/jardin-morierois\/wp-content\/uploads\/2018\/03\/DSCN5902-300x215.jpg 300w, https:\/\/84310.fr\/jardin-morierois\/wp-content\/uploads\/2018\/03\/DSCN5902-768x549.jpg 768w\" sizes=\"auto, (max-width: 1000px) 100vw, 1000px\" \/><br \/>\nde m\u00e9moire, je ne peux pas dire ce qu&rsquo;il y avait avant, peut \u00eatre un vieux motoculteur &#8230; mais certainement plus petit&#8230; .c&rsquo;est trop vague pour moi, je n&rsquo;avais que 10 ans \u00e0 l&rsquo;\u00e9poque.<\/p>\n<p>&nbsp;<\/p>\n<p>Quelques jours plus tard &#8230;.<\/p>\n<p>&nbsp;<\/p>\n<p>apr\u00e8s avoir consult\u00e9 et interrog\u00e9\u00a0 l&rsquo;archiviste en chef ( ma maman ) voici la r\u00e9ponse \u00e0 mes souvenirs vagues une photo de mon papa avec son engin de l&rsquo;\u00e9poque, ma petite s\u0153ur, et moi.<\/p>\n<p><img loading=\"lazy\" decoding=\"async\" class=\"alignnone size-full wp-image-1857\" src=\"https:\/\/84310.fr\/jardin-morierois\/wp-content\/uploads\/2018\/03\/didier-jardinpapa-mimi-001petit.jpg\" alt=\"\" width=\"1000\" height=\"810\" srcset=\"https:\/\/84310.fr\/jardin-morierois\/wp-content\/uploads\/2018\/03\/didier-jardinpapa-mimi-001petit.jpg 1000w, https:\/\/84310.fr\/jardin-morierois\/wp-content\/uploads\/2018\/03\/didier-jardinpapa-mimi-001petit-300x243.jpg 300w, https:\/\/84310.fr\/jardin-morierois\/wp-content\/uploads\/2018\/03\/didier-jardinpapa-mimi-001petit-768x622.jpg 768w\" sizes=\"auto, (max-width: 1000px) 100vw, 1000px\" \/><\/p>\n<p>Au dos de la photo, il y a \u00e9crit Mai 1973, j&rsquo;avais presque 5 ans, ma petite s\u0153ur, presque 4, et mon papa 46.<\/p>\n<p>apr\u00e8s une bonne recherche dans la gamme des Honda, j&rsquo;ai pu en d\u00e9finir le mod\u00e8le, il s&rsquo;agissait en fait d&rsquo;un Honda F28 \u00e9quip\u00e9 d&rsquo;un moteur G28<\/p>\n<p><img loading=\"lazy\" decoding=\"async\" class=\"alignnone size-full wp-image-1858\" src=\"https:\/\/84310.fr\/jardin-morierois\/wp-content\/uploads\/2018\/03\/motoculteur-HONDA-F28-F-28-.jpg\" alt=\"\" width=\"840\" height=\"740\" srcset=\"https:\/\/84310.fr\/jardin-morierois\/wp-content\/uploads\/2018\/03\/motoculteur-HONDA-F28-F-28-.jpg 840w, https:\/\/84310.fr\/jardin-morierois\/wp-content\/uploads\/2018\/03\/motoculteur-HONDA-F28-F-28--300x264.jpg 300w, https:\/\/84310.fr\/jardin-morierois\/wp-content\/uploads\/2018\/03\/motoculteur-HONDA-F28-F-28--768x677.jpg 768w\" sizes=\"auto, (max-width: 840px) 100vw, 840px\" \/><\/p>\n<p>voici une photo que j&rsquo;ai pu trouver en cherchant sur internet ( merci au photographe anonyme )<\/p>\n<p><img loading=\"lazy\" decoding=\"async\" class=\"alignnone size-full wp-image-1859\" src=\"https:\/\/84310.fr\/jardin-morierois\/wp-content\/uploads\/2018\/03\/notice-f28.jpg\" alt=\"\" width=\"1000\" height=\"750\" srcset=\"https:\/\/84310.fr\/jardin-morierois\/wp-content\/uploads\/2018\/03\/notice-f28.jpg 1000w, https:\/\/84310.fr\/jardin-morierois\/wp-content\/uploads\/2018\/03\/notice-f28-300x225.jpg 300w, https:\/\/84310.fr\/jardin-morierois\/wp-content\/uploads\/2018\/03\/notice-f28-768x576.jpg 768w\" sizes=\"auto, (max-width: 1000px) 100vw, 1000px\" \/><\/p>\n<p>trouv\u00e9 sur le web, une notice \u00e9dit\u00e9e en 1971 &#8230; ce qui confirme la photo de 1973 &#8230;<\/p>\n<p>Par la suite, mon jardinier de p\u00e8re du se d\u00e9barrasser du F28 pour acheter l&rsquo;actuel F600.<\/p>\n<p>en 40 ans de bons et loyaux services, et malgr\u00e9 un entretien plus qu&rsquo;inexistant, il tournait encore mi F\u00e9vrier 2018, ou suite \u00e0 au \u00a0\u00bb broyage \u00a0\u00bb du support de l\u2019interrupteur il \u00e9tait impossible de l\u2019arr\u00eater autrement que par \u00a0\u00bb noyade\u00a0\u00bb , ce qui fut fait.<br \/>\napr\u00e8s une courte pause le red\u00e9marrage fut difficile au point que le lanceur se cassa, corde et ressort &#8230;<\/p>\n<h5><span style=\"color: #ff00ff;\"><strong>Bilan du F600 \u00e2g\u00e9 de bient\u00f4t 40 ans :<\/strong><\/span><\/h5>\n<p>&nbsp;<\/p>\n<p>&#8211; Fuite au robinet d&rsquo;arriv\u00e9e d\u2019essence<br \/>\n&#8211; Vidange du moteur<br \/>\n&#8211; Vidange Boite<br \/>\n&#8211; Changement Filtre<br \/>\n&#8211; Commande r\u00e9gime moteur cass\u00e9<br \/>\n&#8211; C\u00e2ble r\u00e9gime moteur cass\u00e9<br \/>\n&#8211; D\u00e9 crabotage cot\u00e9 Gauche Bloqu\u00e9 ( le motoculteur ne peut tourner que vers la droite )<br \/>\n&#8211; Carburateur bloqu\u00e9 ( acc\u00e9l\u00e9ration \/ ralenti )&#8230; + r\u00e9glage<br \/>\n&#8211; support Interrupteur Marche \/ Arr\u00eat broy\u00e9 &#8230; le motoculteur ne peut plus \u00eatre arr\u00eat\u00e9 car l&rsquo;interrupteur est flottant.<br \/>\net pour finir, lanceur cass\u00e9, (corde qui casse souvent, + ressort plus que fatigu\u00e9 )<\/p>\n<p>&nbsp;<\/p>\n<p>&nbsp;<\/p>\n","protected":false},"excerpt":{"rendered":"<p>un objet que je c\u00f4toie depuis toute mon enfance, c&rsquo;est le vieux Honda f600 de mon papa. il a \u00e9t\u00e9 achet\u00e9 en juin 1978, on va lui f\u00eater ses 40 ans cet \u00e9t\u00e9. Bon, \u00e7a c&rsquo;est ce \u00e0 quoi il&hellip; <\/p>\n","protected":false},"author":1,"featured_media":0,"parent":0,"menu_order":0,"comment_status":"closed","ping_status":"closed","template":"","meta":{"_exactmetrics_skip_tracking":false,"_exactmetrics_sitenote_active":false,"_exactmetrics_sitenote_note":"","_exactmetrics_sitenote_category":0,"footnotes":""},"class_list":["post-1849","page","type-page","status-publish","hentry"],"_links":{"self":[{"href":"https:\/\/84310.fr\/jardin-morierois\/wp-json\/wp\/v2\/pages\/1849","targetHints":{"allow":["GET"]}}],"collection":[{"href":"https:\/\/84310.fr\/jardin-morierois\/wp-json\/wp\/v2\/pages"}],"about":[{"href":"https:\/\/84310.fr\/jardin-morierois\/wp-json\/wp\/v2\/types\/page"}],"author":[{"embeddable":true,"href":"https:\/\/84310.fr\/jardin-morierois\/wp-json\/wp\/v2\/users\/1"}],"replies":[{"embeddable":true,"href":"https:\/\/84310.fr\/jardin-morierois\/wp-json\/wp\/v2\/comments?post=1849"}],"version-history":[{"count":8,"href":"https:\/\/84310.fr\/jardin-morierois\/wp-json\/wp\/v2\/pages\/1849\/revisions"}],"predecessor-version":[{"id":1916,"href":"https:\/\/84310.fr\/jardin-morierois\/wp-json\/wp\/v2\/pages\/1849\/revisions\/1916"}],"wp:attachment":[{"href":"https:\/\/84310.fr\/jardin-morierois\/wp-json\/wp\/v2\/media?parent=1849"}],"curies":[{"name":"wp","href":"https:\/\/api.w.org\/{rel}","templated":true}]}}