{"id":1587,"date":"2018-01-06T18:47:44","date_gmt":"2018-01-06T17:47:44","guid":{"rendered":"http:\/\/84310.fr\/jardin-morierois\/?page_id=1587"},"modified":"2018-12-31T21:32:30","modified_gmt":"2018-12-31T20:32:30","slug":"cocottes-2018","status":"publish","type":"page","link":"https:\/\/84310.fr\/jardin-morierois\/cocottes-2018\/","title":{"rendered":"Cocottes 2018"},"content":{"rendered":"<p>&nbsp;<\/p>\n<p>Cumul\u00e9 D\u00e9cembre 2017 =&gt; 485 Oeufs<\/p>\n<p><span style=\"color: #ff00ff;\"><strong>Le 1er F\u00e9vrier\u00a0 2018<\/strong><\/span><\/p>\n<p>31 jours =&gt; 23 Oeufs<\/p>\n<p>Cumul\u00e9 Janvier =&gt; 508 Oeufs<\/p>\n<p><span style=\"color: #ff00ff;\"><strong>Le 1er Mars\u00a0 2018<\/strong><\/span><\/p>\n<p>28 jours =&gt; 18 Oeufs<\/p>\n<p>Cumul\u00e9 F\u00e9vrier =&gt; 526 Oeufs<\/p>\n<p><span style=\"color: #ff00ff;\"><strong>Le 1er Avril 2018<\/strong><\/span><\/p>\n<p>31 jours =&gt; 42 Oeufs<\/p>\n<p>Cumul\u00e9 Mars =&gt; 568 Oeufs<\/p>\n<p><span style=\"color: #ff00ff;\"><strong>Le 1er Mai 2018<\/strong><\/span><\/p>\n<p>30 jours =&gt; 38 Oeufs<\/p>\n<p>Cumul\u00e9 Avril =&gt; 606 Oeufs<\/p>\n<p><span style=\"color: #ff00ff;\"><strong>Le 1er Juin 2018<\/strong><\/span><\/p>\n<p>30 jours =&gt; 36 Oeufs<\/p>\n<p>Cumul\u00e9 Mai =&gt; 642 Oeufs Mardi 29 Mai =&gt; D\u00e9c\u00e8s d&rsquo;une des deux cocottes.<\/p>\n<p><span style=\"color: #ff00ff;\"><strong>Le 1er Juillet 2018<\/strong><\/span><\/p>\n<p>30 jours =&gt; 20 Oeufs<\/p>\n<p>Cumul\u00e9 Juin =&gt; 662 Oeufs<\/p>\n<p><span style=\"color: #ff00ff;\"><strong>Le 1er Aout 2018<\/strong><\/span><\/p>\n<p>31 jours =&gt; 12 Oeufs<\/p>\n<p>Cumul\u00e9 Juillet =&gt; 674 Oeufs<\/p>\n<p><span style=\"color: #ff00ff;\"><strong>Le 1er Septembre 2018<\/strong><\/span><\/p>\n<p>31 jours =&gt; 19 Oeufs<\/p>\n<p>Cumul\u00e9 Aout =&gt; 693 Oeufs<\/p>\n<p><span style=\"color: #ff00ff;\"><strong>Le 1er Octobre 2018<\/strong><\/span><\/p>\n<p>30 jours =&gt; 34 Oeufs<\/p>\n<p>Cumul\u00e9 Septembre =&gt; 727 Oeufs Oeufs Dimanche 23 Septembre=&gt; d\u00e9but de ponte de la deuxi\u00e8me poulette, une jeunette )<\/p>\n<p><span style=\"color: #ff00ff;\"><strong>Le 1er Novembre 2018<\/strong><\/span><\/p>\n<p>31 jours =&gt; 49 Oeufs<\/p>\n<p>Cumul\u00e9 Octobre =&gt; 776<\/p>\n<p><span style=\"color: #ff00ff;\"><strong>Le 1er D\u00e9cembre 2018<\/strong><\/span><\/p>\n<p>30 jours =&gt; 41 Oeufs<\/p>\n<p>Cumul\u00e9 Novembre =&gt; 817<\/p>\n<p><span style=\"color: #ff00ff;\"><strong>Le 31 D\u00e9cembre 2018<\/strong><\/span><\/p>\n<p>31 jours =&gt; 38 Oeufs<\/p>\n<p>Cumul\u00e9 D\u00e9cembre =&gt; 855<\/p>\n<h5><span style=\"color: #ff0000;\"><strong>POUR L\u2019ANN\u00c9E 2018 =&gt; 370 \u0152UFS !!!<\/strong><\/span><\/h5>\n<p>&nbsp;<\/p>\n","protected":false},"excerpt":{"rendered":"<p>&nbsp; Cumul\u00e9 D\u00e9cembre 2017 =&gt; 485 Oeufs Le 1er F\u00e9vrier\u00a0 2018 31 jours =&gt; 23 Oeufs Cumul\u00e9 Janvier =&gt; 508 Oeufs Le 1er Mars\u00a0 2018 28 jours =&gt; 18 Oeufs Cumul\u00e9 F\u00e9vrier =&gt; 526 Oeufs Le 1er Avril 2018 31&hellip; <\/p>\n","protected":false},"author":1,"featured_media":0,"parent":0,"menu_order":0,"comment_status":"closed","ping_status":"closed","template":"","meta":{"_exactmetrics_skip_tracking":false,"_exactmetrics_sitenote_active":false,"_exactmetrics_sitenote_note":"","_exactmetrics_sitenote_category":0,"footnotes":""},"class_list":["post-1587","page","type-page","status-publish","hentry"],"_links":{"self":[{"href":"https:\/\/84310.fr\/jardin-morierois\/wp-json\/wp\/v2\/pages\/1587","targetHints":{"allow":["GET"]}}],"collection":[{"href":"https:\/\/84310.fr\/jardin-morierois\/wp-json\/wp\/v2\/pages"}],"about":[{"href":"https:\/\/84310.fr\/jardin-morierois\/wp-json\/wp\/v2\/types\/page"}],"author":[{"embeddable":true,"href":"https:\/\/84310.fr\/jardin-morierois\/wp-json\/wp\/v2\/users\/1"}],"replies":[{"embeddable":true,"href":"https:\/\/84310.fr\/jardin-morierois\/wp-json\/wp\/v2\/comments?post=1587"}],"version-history":[{"count":10,"href":"https:\/\/84310.fr\/jardin-morierois\/wp-json\/wp\/v2\/pages\/1587\/revisions"}],"predecessor-version":[{"id":2362,"href":"https:\/\/84310.fr\/jardin-morierois\/wp-json\/wp\/v2\/pages\/1587\/revisions\/2362"}],"wp:attachment":[{"href":"https:\/\/84310.fr\/jardin-morierois\/wp-json\/wp\/v2\/media?parent=1587"}],"curies":[{"name":"wp","href":"https:\/\/api.w.org\/{rel}","templated":true}]}}