{"id":1104,"date":"2017-02-15T22:39:27","date_gmt":"2017-02-15T21:39:27","guid":{"rendered":"http:\/\/84310.fr\/jardin-morierois\/?page_id=1104"},"modified":"2017-02-15T22:42:53","modified_gmt":"2017-02-15T21:42:53","slug":"2017-marmande","status":"publish","type":"page","link":"https:\/\/84310.fr\/jardin-morierois\/2017-marmande\/","title":{"rendered":"2017 MARMANDE"},"content":{"rendered":"<p><span style=\"color: #ff0000;\"><strong>15 F\u00e9vrier 2017<\/strong><\/span><\/p>\n<p>un paquet de graines que j&rsquo;ai achet\u00e9 \u00e0 Auchan, \u00e7a me d\u00e9mangeait de passer chaque jour devant l\u2019\u00e9l\u00e9ment des semences, j&rsquo;ai craqu\u00e9.<br \/>\nNormalement il s&rsquo;agit de grosses tomates. Je ne connais pas, nous verrons bien ce que cela donnera.<\/p>\n<p>36 graines sem\u00e9es.<\/p>\n<p>&nbsp;<\/p>\n","protected":false},"excerpt":{"rendered":"<p>15 F\u00e9vrier 2017 un paquet de graines que j&rsquo;ai achet\u00e9 \u00e0 Auchan, \u00e7a me d\u00e9mangeait de passer chaque jour devant l\u2019\u00e9l\u00e9ment des semences, j&rsquo;ai craqu\u00e9. Normalement il s&rsquo;agit de grosses tomates. Je ne connais pas, nous verrons bien ce que&hellip; <\/p>\n","protected":false},"author":1,"featured_media":0,"parent":0,"menu_order":0,"comment_status":"closed","ping_status":"closed","template":"","meta":{"_exactmetrics_skip_tracking":false,"_exactmetrics_sitenote_active":false,"_exactmetrics_sitenote_note":"","_exactmetrics_sitenote_category":0,"footnotes":""},"class_list":["post-1104","page","type-page","status-publish","hentry"],"_links":{"self":[{"href":"https:\/\/84310.fr\/jardin-morierois\/wp-json\/wp\/v2\/pages\/1104","targetHints":{"allow":["GET"]}}],"collection":[{"href":"https:\/\/84310.fr\/jardin-morierois\/wp-json\/wp\/v2\/pages"}],"about":[{"href":"https:\/\/84310.fr\/jardin-morierois\/wp-json\/wp\/v2\/types\/page"}],"author":[{"embeddable":true,"href":"https:\/\/84310.fr\/jardin-morierois\/wp-json\/wp\/v2\/users\/1"}],"replies":[{"embeddable":true,"href":"https:\/\/84310.fr\/jardin-morierois\/wp-json\/wp\/v2\/comments?post=1104"}],"version-history":[{"count":1,"href":"https:\/\/84310.fr\/jardin-morierois\/wp-json\/wp\/v2\/pages\/1104\/revisions"}],"predecessor-version":[{"id":1105,"href":"https:\/\/84310.fr\/jardin-morierois\/wp-json\/wp\/v2\/pages\/1104\/revisions\/1105"}],"wp:attachment":[{"href":"https:\/\/84310.fr\/jardin-morierois\/wp-json\/wp\/v2\/media?parent=1104"}],"curies":[{"name":"wp","href":"https:\/\/api.w.org\/{rel}","templated":true}]}}